{"id":972,"date":"2010-09-17T19:47:03","date_gmt":"2010-09-17T19:47:03","guid":{"rendered":"http:\/\/www.muntdemots.org\/"},"modified":"2010-09-25T16:05:12","modified_gmt":"2010-09-25T16:05:12","slug":"malena-placeres","status":"publish","type":"page","link":"http:\/\/muntdemots.org\/2010\/malena-placeres\/","title":{"rendered":"Malena Placeres"},"content":{"rendered":"<p>Primer treball de Malena Placeres ple de temes originals on s\u2019abracen estils purament Llatins amb el Pop i el Jazz aconseguint un entramat musical c\u00e0lid i suggerent. Petits contes van apareixent durant tot l\u2019espectacle compactant els temes musicals entre si, teixint un fil conductor entre l\u2019espectador i l\u2019\u00e0nima de Malena.<\/p>\n<p><span style=\"color: #ffffff;\">.<\/span><\/p>\n<p><strong> <\/strong><\/p>\n<p><strong>BIOGRAFIA<\/strong><\/p>\n<p><strong> <\/strong><\/p>\n<p>Projecte nascut gr\u00e0cies a la uni\u00f3 art\u00edstica de la compositora i cantant Viv Manning i la lletrista i cantant Helena Cabo. El 2009 estrenen la seva proposta en viu en reconeguts escenaris com la sala Razzmatazz, Luz de Gas o el Festival de M\u00fasica Popular de Barcelona despr\u00e8s de tres anys d\u2019elaboraci\u00f3 musical i esc\u00e8nica per gaudir d\u2019un directe genu\u00ed de gran riquesa sonora i visual.<\/p>\n<p><strong> <\/strong><\/p>\n<p><strong> <\/strong><\/p>\n<p>COMPONENTS<\/p>\n<p>VEU PRINCIPAL\/LLETRISTA: Helena Cabo<br \/>\nVEUS I COMPOSITORA: Viv Manning<br \/>\nBATERIA: Oriol Roqu\u00e9<br \/>\nVEUS \/ FLAUTA TRAVESSERA: Ma\u00efka Eggericx<br \/>\nPIANO: Oriol Pidelaserra<br \/>\nBAIX I CONTRABAIX: Marc Sah\u00fan<\/p>\n<p><strong><span style=\"color: #ffffff;\">.<\/span><br \/>\n<\/strong><\/p>\n<p><strong>INAUGURACI\u00d3N<\/strong><\/p>\n<p>La inauguraci\u00f3n  del  Festival se realizar\u00e1 en el <span style=\"text-decoration: underline;\">Teatre Romea<\/span>,   el 18 de octubre a las 20:00 hrs., con la presencia de Carles Canut   (Fundaci\u00f3n Romea), Toni Puig (Xarxa de Centres C\u00edvics), y un   representante del Consorci de Biblioteques de Barcelona. Seguidamente,   tomar\u00e1n la palabra (y bien que la usar\u00e1n!) los y las cuentacuentos Ana   Herreros (Madrid), Alekos (Colombia), Arnau Vilardeb\u00f2 (Catalunya),   Joseluis Mellado (Chile), M\u00f3nica Mart\u00ednez Paz (Venezuela), Tim Bowley   (Gran Breta\u00f1a) y Charo Pita (Galicia), Malena Placeres y el grupo Nuts   &amp; C.o (Catalunya).<br \/>\n<em>Dia: Dilluns 18<br \/>\nHora: 20:00hrs<br \/>\nLloc: <\/em><a href=\"http:\/\/www.teatreromea.com\/\" target=\"_blank\">Teatre Romea<\/a><a href=\"http:\/\/www.centreshg.net\/taxonera\" target=\"_blank\"><br \/>\n<\/a><a href=\"http:\/\/w20.bcn.cat\/Guiamap\/Default.aspx#x=30781.756&amp;y=81539.382&amp;z=5&amp;c=K014K015K001K002K003K011K013K006&amp;w=1057&amp;h=442&amp;p=30781.756,81539.382\" target=\"_blank\">\u00bfC\u00f3mo llegar?<\/a><\/p>\n<p><span style=\"color: #ffffff;\">.<\/span><\/p>\n<p><a href=\"\/2010\/wp-content\/uploads\/2010\/09\/MALENA-PLACERES-2.jpg\"><img decoding=\"async\" loading=\"lazy\" class=\"alignnone size-medium wp-image-1365\" title=\"MALENA PLACERES 2\" src=\"\/2010\/wp-content\/uploads\/2010\/09\/MALENA-PLACERES-2-300x225.jpg\" alt=\"\" width=\"300\" height=\"225\" srcset=\"https:\/\/muntdemots.org\/2010\/wp-content\/uploads\/2010\/09\/MALENA-PLACERES-2-300x225.jpg 300w, https:\/\/muntdemots.org\/2010\/wp-content\/uploads\/2010\/09\/MALENA-PLACERES-2.jpg 600w\" sizes=\"(max-width: 300px) 100vw, 300px\" \/><\/a><\/p>\n","protected":false},"excerpt":{"rendered":"<p>Primer treball de Malena Placeres ple de temes originals on s\u2019abracen estils purament Llatins amb el Pop i el Jazz aconseguint un entramat musical c\u00e0lid i suggerent. Petits contes van apareixent durant tot l\u2019espectacle compactant els temes musicals entre si, teixint un fil conductor entre l\u2019espectador i l\u2019\u00e0nima de Malena. . BIOGRAFIA Projecte nascut gr\u00e0cies [&hellip;]<\/p>\n","protected":false},"author":1,"featured_media":0,"parent":0,"menu_order":0,"comment_status":"open","ping_status":"open","template":"","meta":[],"_links":{"self":[{"href":"http:\/\/muntdemots.org\/2010\/wp-json\/wp\/v2\/pages\/972"}],"collection":[{"href":"http:\/\/muntdemots.org\/2010\/wp-json\/wp\/v2\/pages"}],"about":[{"href":"http:\/\/muntdemots.org\/2010\/wp-json\/wp\/v2\/types\/page"}],"author":[{"embeddable":true,"href":"http:\/\/muntdemots.org\/2010\/wp-json\/wp\/v2\/users\/1"}],"replies":[{"embeddable":true,"href":"http:\/\/muntdemots.org\/2010\/wp-json\/wp\/v2\/comments?post=972"}],"version-history":[{"count":11,"href":"http:\/\/muntdemots.org\/2010\/wp-json\/wp\/v2\/pages\/972\/revisions"}],"predecessor-version":[{"id":1497,"href":"http:\/\/muntdemots.org\/2010\/wp-json\/wp\/v2\/pages\/972\/revisions\/1497"}],"wp:attachment":[{"href":"http:\/\/muntdemots.org\/2010\/wp-json\/wp\/v2\/media?parent=972"}],"curies":[{"name":"wp","href":"https:\/\/api.w.org\/{rel}","templated":true}]}}

<p>Primer treball de Malena Placeres ple de temes originals on s’abracen estils purament Llatins amb el Pop i el Jazz aconseguint un entramat musical càlid i suggerent. Petits contes van apareixent durant tot l’espectacle compactant els temes musicals entre si, teixint un fil conductor entre l’espectador i l’ànima de Malena.</p>
<p><span style="color: #ffffff;">.</span></p>
<p><strong> </strong></p>
<p><strong>BIOGRAFIA</strong></p>
<p><strong> </strong></p>
<p>Projecte nascut gràcies a la unió artística de la compositora i cantant Viv Manning i la lletrista i cantant Helena Cabo. El 2009 estrenen la seva proposta en viu en reconeguts escenaris com la sala Razzmatazz, Luz de Gas o el Festival de Música Popular de Barcelona desprès de tres anys d’elaboració musical i escènica per gaudir d’un directe genuí de gran riquesa sonora i visual.</p>
<p><strong> </strong></p>
<p><strong> </strong></p>
<p>COMPONENTS</p>
<p>VEU PRINCIPAL/LLETRISTA: Helena Cabo<br />
VEUS I COMPOSITORA: Viv Manning<br />
BATERIA: Oriol Roqué<br />
VEUS / FLAUTA TRAVESSERA: Maïka Eggericx<br />
PIANO: Oriol Pidelaserra<br />
BAIX I CONTRABAIX: Marc Sahún</p>
<p><strong><span style="color: #ffffff;">.</span><br />
</strong></p>
<p><strong>INAUGURACIÓN</strong></p>
<p>La inauguración  del  Festival se realizará en el <span style="text-decoration: underline;">Teatre Romea</span>,   el 18 de octubre a las 20:00 hrs., con la presencia de Carles Canut   (Fundación Romea), Toni Puig (Xarxa de Centres Cívics), y un   representante del Consorci de Biblioteques de Barcelona. Seguidamente,   tomarán la palabra (y bien que la usarán!) los y las cuentacuentos Ana   Herreros (Madrid), Alekos (Colombia), Arnau Vilardebò (Catalunya),   Joseluis Mellado (Chile), Mónica Martínez Paz (Venezuela), Tim Bowley   (Gran Bretaña) y Charo Pita (Galicia), Malena Placeres y el grupo Nuts   &amp; C.o (Catalunya).<br />
<em>Dia: Dilluns 18<br />
Hora: 20:00hrs<br />
Lloc: </em><a href="http://www.teatreromea.com/" target="_blank">Teatre Romea</a><a href="http://www.centreshg.net/taxonera" target="_blank"><br />
</a><a href="http://w20.bcn.cat/Guiamap/Default.aspx#x=30781.756&amp;y=81539.382&amp;z=5&amp;c=K014K015K001K002K003K011K013K006&amp;w=1057&amp;h=442&amp;p=30781.756,81539.382" target="_blank">¿Cómo llegar?</a></p>
<p><span style="color: #ffffff;">.</span></p>
<p><a href="/2010/wp-content/uploads/2010/09/MALENA-PLACERES-2.jpg"><img decoding="async" loading="lazy" class="alignnone size-medium wp-image-1365" title="MALENA PLACERES 2" src="/2010/wp-content/uploads/2010/09/MALENA-PLACERES-2-300x225.jpg" alt="" width="300" height="225" srcset="https://muntdemots.org/2010/wp-content/uploads/2010/09/MALENA-PLACERES-2-300x225.jpg 300w, https://muntdemots.org/2010/wp-content/uploads/2010/09/MALENA-PLACERES-2.jpg 600w" sizes="(max-width: 300px) 100vw, 300px" /></a></p>

<p>Primer treball de Malena Placeres ple de temes originals on s’abracen estils purament Llatins amb el Pop i el Jazz aconseguint un entramat musical càlid i suggerent. Petits contes van apareixent durant tot l’espectacle compactant els temes musicals entre si, teixint un fil conductor entre l’espectador i l’ànima de Malena. . BIOGRAFIA Projecte nascut gràcies [&hellip;]</p>
