{"id":937,"date":"2010-09-17T19:00:08","date_gmt":"2010-09-17T19:00:08","guid":{"rendered":"http:\/\/www.muntdemots.org\/"},"modified":"2010-09-17T19:00:08","modified_gmt":"2010-09-17T19:00:08","slug":"clausura-del-festival","status":"publish","type":"page","link":"http:\/\/muntdemots.org\/2010\/clausura-del-festival\/","title":{"rendered":"Clausura del Festival"},"content":{"rendered":"<p>Una  gran traca final, con la participaci\u00f3n de los cuentacuentos que han  intervenido y sobrevivido al festival , despu\u00e9s de ocho d\u00edas de  incontinencia verbal. Esta ser\u00e1 una noche para recordar&#8230; Y para contar  tambi\u00e9n, pues ofrecer\u00e1 la oportunidad a cualquier cuentacuentos de  subirse al escenario y compartir un cuento con el p\u00fablico a\u00fan sediento  de historias!<\/p>\n<p>As\u00ed, despediremos Munt de Mots hasta el a\u00f1o que viene (ojal\u00e1!).<\/p>\n","protected":false},"excerpt":{"rendered":"<p>Una gran traca final, con la participaci\u00f3n de los cuentacuentos que han intervenido y sobrevivido al festival , despu\u00e9s de ocho d\u00edas de incontinencia verbal. Esta ser\u00e1 una noche para recordar&#8230; Y para contar tambi\u00e9n, pues ofrecer\u00e1 la oportunidad a cualquier cuentacuentos de subirse al escenario y compartir un cuento con el p\u00fablico a\u00fan sediento [&hellip;]<\/p>\n","protected":false},"author":1,"featured_media":0,"parent":0,"menu_order":0,"comment_status":"open","ping_status":"open","template":"","meta":[],"_links":{"self":[{"href":"http:\/\/muntdemots.org\/2010\/wp-json\/wp\/v2\/pages\/937"}],"collection":[{"href":"http:\/\/muntdemots.org\/2010\/wp-json\/wp\/v2\/pages"}],"about":[{"href":"http:\/\/muntdemots.org\/2010\/wp-json\/wp\/v2\/types\/page"}],"author":[{"embeddable":true,"href":"http:\/\/muntdemots.org\/2010\/wp-json\/wp\/v2\/users\/1"}],"replies":[{"embeddable":true,"href":"http:\/\/muntdemots.org\/2010\/wp-json\/wp\/v2\/comments?post=937"}],"version-history":[{"count":3,"href":"http:\/\/muntdemots.org\/2010\/wp-json\/wp\/v2\/pages\/937\/revisions"}],"predecessor-version":[{"id":941,"href":"http:\/\/muntdemots.org\/2010\/wp-json\/wp\/v2\/pages\/937\/revisions\/941"}],"wp:attachment":[{"href":"http:\/\/muntdemots.org\/2010\/wp-json\/wp\/v2\/media?parent=937"}],"curies":[{"name":"wp","href":"https:\/\/api.w.org\/{rel}","templated":true}]}}

<p>Una  gran traca final, con la participación de los cuentacuentos que han  intervenido y sobrevivido al festival , después de ocho días de  incontinencia verbal. Esta será una noche para recordar&#8230; Y para contar  también, pues ofrecerá la oportunidad a cualquier cuentacuentos de  subirse al escenario y compartir un cuento con el público aún sediento  de historias!</p>
<p>Así, despediremos Munt de Mots hasta el año que viene (ojalá!).</p>

<p>Una gran traca final, con la participación de los cuentacuentos que han intervenido y sobrevivido al festival , después de ocho días de incontinencia verbal. Esta será una noche para recordar&#8230; Y para contar también, pues ofrecerá la oportunidad a cualquier cuentacuentos de subirse al escenario y compartir un cuento con el público aún sediento [&hellip;]</p>
