{"id":828,"date":"2010-09-17T16:29:14","date_gmt":"2010-09-17T16:29:14","guid":{"rendered":"http:\/\/www.muntdemots.org\/"},"modified":"2010-09-17T20:36:21","modified_gmt":"2010-09-17T20:36:21","slug":"inauguracion","status":"publish","type":"page","link":"http:\/\/muntdemots.org\/2010\/inauguracion\/","title":{"rendered":"Inauguraci\u00f3n"},"content":{"rendered":"<p>La inauguraci\u00f3n  del  Festival se realizar\u00e1 en el <span style=\"text-decoration: underline;\">Teatre Romea<\/span>,  el 18 de octubre a las 20:00 hrs., con la presencia de Carles Canut  (Fundaci\u00f3n Romea), Toni Puig (Xarxa de Centres C\u00edvics), y un  representante del Consorci de Biblioteques de Barcelona. Seguidamente,  tomar\u00e1n la palabra (y bien que la usar\u00e1n!) los y las cuentacuentos Ana  Herreros (Madrid), Alekos (Colombia), Arnau Vilardeb\u00f2 (Catalunya),  Joseluis Mellado (Chile), M\u00f3nica Mart\u00ednez Paz (Venezuela), Tim Bowley  (Gran Breta\u00f1a) y Charo Pita (Galicia), Malena Placeres y el grupo Nuts  &amp; C.o (Catalunya).<\/p>\n","protected":false},"excerpt":{"rendered":"<p>La inauguraci\u00f3n del Festival se realizar\u00e1 en el Teatre Romea, el 18 de octubre a las 20:00 hrs., con la presencia de Carles Canut (Fundaci\u00f3n Romea), Toni Puig (Xarxa de Centres C\u00edvics), y un representante del Consorci de Biblioteques de Barcelona. Seguidamente, tomar\u00e1n la palabra (y bien que la usar\u00e1n!) los y las cuentacuentos Ana [&hellip;]<\/p>\n","protected":false},"author":1,"featured_media":0,"parent":0,"menu_order":0,"comment_status":"open","ping_status":"open","template":"","meta":[],"_links":{"self":[{"href":"http:\/\/muntdemots.org\/2010\/wp-json\/wp\/v2\/pages\/828"}],"collection":[{"href":"http:\/\/muntdemots.org\/2010\/wp-json\/wp\/v2\/pages"}],"about":[{"href":"http:\/\/muntdemots.org\/2010\/wp-json\/wp\/v2\/types\/page"}],"author":[{"embeddable":true,"href":"http:\/\/muntdemots.org\/2010\/wp-json\/wp\/v2\/users\/1"}],"replies":[{"embeddable":true,"href":"http:\/\/muntdemots.org\/2010\/wp-json\/wp\/v2\/comments?post=828"}],"version-history":[{"count":3,"href":"http:\/\/muntdemots.org\/2010\/wp-json\/wp\/v2\/pages\/828\/revisions"}],"predecessor-version":[{"id":830,"href":"http:\/\/muntdemots.org\/2010\/wp-json\/wp\/v2\/pages\/828\/revisions\/830"}],"wp:attachment":[{"href":"http:\/\/muntdemots.org\/2010\/wp-json\/wp\/v2\/media?parent=828"}],"curies":[{"name":"wp","href":"https:\/\/api.w.org\/{rel}","templated":true}]}}

Inauguración

<p>La inauguración  del  Festival se realizará en el <span style="text-decoration: underline;">Teatre Romea</span>,  el 18 de octubre a las 20:00 hrs., con la presencia de Carles Canut  (Fundación Romea), Toni Puig (Xarxa de Centres Cívics), y un  representante del Consorci de Biblioteques de Barcelona. Seguidamente,  tomarán la palabra (y bien que la usarán!) los y las cuentacuentos Ana  Herreros (Madrid), Alekos (Colombia), Arnau Vilardebò (Catalunya),  Joseluis Mellado (Chile), Mónica Martínez Paz (Venezuela), Tim Bowley  (Gran Bretaña) y Charo Pita (Galicia), Malena Placeres y el grupo Nuts  &amp; C.o (Catalunya).</p>

<p>La inauguración del Festival se realizará en el Teatre Romea, el 18 de octubre a las 20:00 hrs., con la presencia de Carles Canut (Fundación Romea), Toni Puig (Xarxa de Centres Cívics), y un representante del Consorci de Biblioteques de Barcelona. Seguidamente, tomarán la palabra (y bien que la usarán!) los y las cuentacuentos Ana [&hellip;]</p>
