{"id":777,"date":"2010-09-17T12:53:53","date_gmt":"2010-09-17T12:53:53","guid":{"rendered":"http:\/\/www.muntdemots.org\/"},"modified":"2010-09-25T18:54:52","modified_gmt":"2010-09-25T18:54:52","slug":"encantacontes","status":"publish","type":"page","link":"http:\/\/muntdemots.org\/2010\/encantacontes\/","title":{"rendered":"Encantacontes"},"content":{"rendered":"<p><a href=\"http:\/\/encantacontes.blogspot.com\/\" target=\"_blank\">http:\/\/encantacontes.blogspot.com\/<\/a><\/p>\n<p><span style=\"font-size: small;\">Som  la Llanos, la Maite, la Rosi i el Josep, un grup que explica per a  petits i grans tot tipus d&#8217;hist\u00f2ries, de la mateixa manera que les  hist\u00f2ries ens expliquen a tots nosaltres, en llocs diversos, en places  p\u00fabliques, al carrer, a la pres\u00f3 de dones Wad-Ras, a l\u2019Almazen del  Raval, al Festival Internacional del Pirineu\u2026 Les nostres sessions  combinen\u00a0els contes de\u00a0sempre,\u00a0amb contes de producci\u00f3 pr\u00f2pia, explicats  de manera coral amb una introducci\u00f3 i un comiat col\u00b7lectiu.<\/span><\/p>\n<p><span style=\"font-size: small;\"><span style=\"color: #ffffff;\">.<\/span><br \/>\n<\/span><\/p>\n<p><strong>MARAT\u00d3N DE CUENTOS PARA NI\u00d1OS Y NI\u00d1AS<\/strong><\/p>\n<p>Una  ma\u00f1ana perfecta para sacar a pasear la imaginaci\u00f3n. Bocabadats,    Encantacontes, Maracal\u00e0 y Vivim del Cuentu, cuatro de los mejores  grupos   de narraci\u00f3n oral de Catalunya, desplegar\u00e1n todas sus artes  para   sorprender, alegrar, responder, reconfortar, so\u00f1ar. \u00a1Ni\u00f1os y  ni\u00f1as!:   prep\u00e1rense para ver lugares nunca antes vistos, animales que  hablan,\u00a0  \u00e1rboles que caminan, p\u00e1jaros que vuelan al rev\u00e9s\u2026<br \/>\n<em>Dia: Dissabte 23<br \/>\nHora: <\/em>11:00 \u2013 13:00hrs<br \/>\n<em> Lloc: <\/em><a href=\"http:\/\/www.bcn.cat\/centrecivicpatillimona\" target=\"_blank\">C. C. PATI LL\u00cdMONA<\/a><a href=\"http:\/\/www.bcn.cat\/centrecivicpatillimona\" target=\"_blank\"><br \/>\n<\/a><a href=\"http:\/\/w20.bcn.cat\/Guiamap\/Default.aspx#x=31446.088&amp;y=81641.358&amp;z=5&amp;c=K014K015K001K002K003K011K013K006&amp;w=1057&amp;h=442&amp;p=31446.088,81641.358\" target=\"_blank\">\u00bfC\u00f3mo llegar?<\/a><a href=\"www.bcn.cat\/centrecivicpatillimona\" target=\"_blank\"> <\/a><\/p>\n<p><span style=\"color: #ffffff;\">.<\/span><\/p>\n<p><span style=\"font-size: small;\"><a href=\"\/2010\/wp-content\/uploads\/2010\/09\/ENCANTACONTES.jpg\"><img decoding=\"async\" loading=\"lazy\" class=\"alignleft size-medium wp-image-778\" title=\"ENCANTACONTES\" src=\"\/2010\/wp-content\/uploads\/2010\/09\/ENCANTACONTES-300x225.jpg\" alt=\"\" width=\"300\" height=\"225\" srcset=\"https:\/\/muntdemots.org\/2010\/wp-content\/uploads\/2010\/09\/ENCANTACONTES-300x225.jpg 300w, https:\/\/muntdemots.org\/2010\/wp-content\/uploads\/2010\/09\/ENCANTACONTES-1024x768.jpg 1024w\" sizes=\"(max-width: 300px) 100vw, 300px\" \/><\/a><br \/>\n<\/span><\/p>\n","protected":false},"excerpt":{"rendered":"<p>http:\/\/encantacontes.blogspot.com\/ Som la Llanos, la Maite, la Rosi i el Josep, un grup que explica per a petits i grans tot tipus d&#8217;hist\u00f2ries, de la mateixa manera que les hist\u00f2ries ens expliquen a tots nosaltres, en llocs diversos, en places p\u00fabliques, al carrer, a la pres\u00f3 de dones Wad-Ras, a l\u2019Almazen del Raval, al Festival [&hellip;]<\/p>\n","protected":false},"author":1,"featured_media":0,"parent":0,"menu_order":0,"comment_status":"open","ping_status":"open","template":"","meta":[],"_links":{"self":[{"href":"http:\/\/muntdemots.org\/2010\/wp-json\/wp\/v2\/pages\/777"}],"collection":[{"href":"http:\/\/muntdemots.org\/2010\/wp-json\/wp\/v2\/pages"}],"about":[{"href":"http:\/\/muntdemots.org\/2010\/wp-json\/wp\/v2\/types\/page"}],"author":[{"embeddable":true,"href":"http:\/\/muntdemots.org\/2010\/wp-json\/wp\/v2\/users\/1"}],"replies":[{"embeddable":true,"href":"http:\/\/muntdemots.org\/2010\/wp-json\/wp\/v2\/comments?post=777"}],"version-history":[{"count":5,"href":"http:\/\/muntdemots.org\/2010\/wp-json\/wp\/v2\/pages\/777\/revisions"}],"predecessor-version":[{"id":1569,"href":"http:\/\/muntdemots.org\/2010\/wp-json\/wp\/v2\/pages\/777\/revisions\/1569"}],"wp:attachment":[{"href":"http:\/\/muntdemots.org\/2010\/wp-json\/wp\/v2\/media?parent=777"}],"curies":[{"name":"wp","href":"https:\/\/api.w.org\/{rel}","templated":true}]}}

<p><a href="http://encantacontes.blogspot.com/" target="_blank">http://encantacontes.blogspot.com/</a></p>
<p><span style="font-size: small;">Som  la Llanos, la Maite, la Rosi i el Josep, un grup que explica per a  petits i grans tot tipus d&#8217;històries, de la mateixa manera que les  històries ens expliquen a tots nosaltres, en llocs diversos, en places  públiques, al carrer, a la presó de dones Wad-Ras, a l’Almazen del  Raval, al Festival Internacional del Pirineu… Les nostres sessions  combinen els contes de sempre, amb contes de producció pròpia, explicats  de manera coral amb una introducció i un comiat col·lectiu.</span></p>
<p><span style="font-size: small;"><span style="color: #ffffff;">.</span><br />
</span></p>
<p><strong>MARATÓN DE CUENTOS PARA NIÑOS Y NIÑAS</strong></p>
<p>Una  mañana perfecta para sacar a pasear la imaginación. Bocabadats,    Encantacontes, Maracalà y Vivim del Cuentu, cuatro de los mejores  grupos   de narración oral de Catalunya, desplegarán todas sus artes  para   sorprender, alegrar, responder, reconfortar, soñar. ¡Niños y  niñas!:   prepárense para ver lugares nunca antes vistos, animales que  hablan,   árboles que caminan, pájaros que vuelan al revés…<br />
<em>Dia: Dissabte 23<br />
Hora: </em>11:00 – 13:00hrs<br />
<em> Lloc: </em><a href="http://www.bcn.cat/centrecivicpatillimona" target="_blank">C. C. PATI LLÍMONA</a><a href="http://www.bcn.cat/centrecivicpatillimona" target="_blank"><br />
</a><a href="http://w20.bcn.cat/Guiamap/Default.aspx#x=31446.088&amp;y=81641.358&amp;z=5&amp;c=K014K015K001K002K003K011K013K006&amp;w=1057&amp;h=442&amp;p=31446.088,81641.358" target="_blank">¿Cómo llegar?</a><a href="www.bcn.cat/centrecivicpatillimona" target="_blank"> </a></p>
<p><span style="color: #ffffff;">.</span></p>
<p><span style="font-size: small;"><a href="/2010/wp-content/uploads/2010/09/ENCANTACONTES.jpg"><img decoding="async" loading="lazy" class="alignleft size-medium wp-image-778" title="ENCANTACONTES" src="/2010/wp-content/uploads/2010/09/ENCANTACONTES-300x225.jpg" alt="" width="300" height="225" srcset="https://muntdemots.org/2010/wp-content/uploads/2010/09/ENCANTACONTES-300x225.jpg 300w, https://muntdemots.org/2010/wp-content/uploads/2010/09/ENCANTACONTES-1024x768.jpg 1024w" sizes="(max-width: 300px) 100vw, 300px" /></a><br />
</span></p>

<p>http://encantacontes.blogspot.com/ Som la Llanos, la Maite, la Rosi i el Josep, un grup que explica per a petits i grans tot tipus d&#8217;històries, de la mateixa manera que les històries ens expliquen a tots nosaltres, en llocs diversos, en places públiques, al carrer, a la presó de dones Wad-Ras, a l’Almazen del Raval, al Festival [&hellip;]</p>
