{"id":702,"date":"2010-09-15T23:15:11","date_gmt":"2010-09-15T23:15:11","guid":{"rendered":"http:\/\/www.muntdemots.org\/"},"modified":"2010-09-15T23:15:11","modified_gmt":"2010-09-15T23:15:11","slug":"encuentro-con-programadores-de-catalunya","status":"publish","type":"page","link":"http:\/\/muntdemots.org\/2010\/encuentro-con-programadores-de-catalunya\/","title":{"rendered":"Encuentro con&#8230; Programadores de Catalunya"},"content":{"rendered":"<p>La serie de reuniones <em>Encuentro Con\u2026<\/em> servir\u00e1 para conocer de cerca a algunas de las personas e instituciones que trabajan y promueven la narraci\u00f3n oral en Catalu\u00f1a y Espa\u00f1a.<\/p>\n<p>En esta ocasi\u00f3n, se dar\u00e1n cita varios\/as de los\/as responsables de programar sesiones de cuentacuentos en lugares tan dis\u00edmiles como centros c\u00edvicos, bares, y otros espacios no-convencionales.<br \/>\n\u00bfPuede hablarse entonces de un circuito de locales de cuentos?<\/p>\n","protected":false},"excerpt":{"rendered":"<p>La serie de reuniones Encuentro Con\u2026 servir\u00e1 para conocer de cerca a algunas de las personas e instituciones que trabajan y promueven la narraci\u00f3n oral en Catalu\u00f1a y Espa\u00f1a. En esta ocasi\u00f3n, se dar\u00e1n cita varios\/as de los\/as responsables de programar sesiones de cuentacuentos en lugares tan dis\u00edmiles como centros c\u00edvicos, bares, y otros espacios [&hellip;]<\/p>\n","protected":false},"author":1,"featured_media":0,"parent":0,"menu_order":0,"comment_status":"open","ping_status":"open","template":"","meta":[],"_links":{"self":[{"href":"http:\/\/muntdemots.org\/2010\/wp-json\/wp\/v2\/pages\/702"}],"collection":[{"href":"http:\/\/muntdemots.org\/2010\/wp-json\/wp\/v2\/pages"}],"about":[{"href":"http:\/\/muntdemots.org\/2010\/wp-json\/wp\/v2\/types\/page"}],"author":[{"embeddable":true,"href":"http:\/\/muntdemots.org\/2010\/wp-json\/wp\/v2\/users\/1"}],"replies":[{"embeddable":true,"href":"http:\/\/muntdemots.org\/2010\/wp-json\/wp\/v2\/comments?post=702"}],"version-history":[{"count":2,"href":"http:\/\/muntdemots.org\/2010\/wp-json\/wp\/v2\/pages\/702\/revisions"}],"predecessor-version":[{"id":892,"href":"http:\/\/muntdemots.org\/2010\/wp-json\/wp\/v2\/pages\/702\/revisions\/892"}],"wp:attachment":[{"href":"http:\/\/muntdemots.org\/2010\/wp-json\/wp\/v2\/media?parent=702"}],"curies":[{"name":"wp","href":"https:\/\/api.w.org\/{rel}","templated":true}]}}

<p>La serie de reuniones <em>Encuentro Con…</em> servirá para conocer de cerca a algunas de las personas e instituciones que trabajan y promueven la narración oral en Cataluña y España.</p>
<p>En esta ocasión, se darán cita varios/as de los/as responsables de programar sesiones de cuentacuentos en lugares tan disímiles como centros cívicos, bares, y otros espacios no-convencionales.<br />
¿Puede hablarse entonces de un circuito de locales de cuentos?</p>

<p>La serie de reuniones Encuentro Con… servirá para conocer de cerca a algunas de las personas e instituciones que trabajan y promueven la narración oral en Cataluña y España. En esta ocasión, se darán cita varios/as de los/as responsables de programar sesiones de cuentacuentos en lugares tan disímiles como centros cívicos, bares, y otros espacios [&hellip;]</p>
