{"id":669,"date":"2010-09-15T15:54:20","date_gmt":"2010-09-15T15:54:20","guid":{"rendered":"http:\/\/www.muntdemots.org\/"},"modified":"2010-09-15T15:54:20","modified_gmt":"2010-09-15T15:54:20","slug":"encuentro-con%e2%80%a6-anin","status":"publish","type":"page","link":"http:\/\/muntdemots.org\/2010\/encuentro-con%e2%80%a6-anin\/","title":{"rendered":"Encuentro con\u2026 ANIN"},"content":{"rendered":"<p>La serie de reuniones <em>Encuentro Con\u2026<\/em> servir\u00e1 para conocer de cerca a algunas de las personas e instituciones que trabajan y promueven la narraci\u00f3n oral en Catalu\u00f1a y Espa\u00f1a.<br \/>\nLa Associaci\u00f3 de Narradores i Narradors, ANIN, que aglutina a buena parte de los\/as cuentacuentos de Catalu\u00f1a, explicar\u00e1 su visi\u00f3n y misi\u00f3n, su historia y sus proyectos.<\/p>\n","protected":false},"excerpt":{"rendered":"<p>La serie de reuniones Encuentro Con\u2026 servir\u00e1 para conocer de cerca a algunas de las personas e instituciones que trabajan y promueven la narraci\u00f3n oral en Catalu\u00f1a y Espa\u00f1a. La Associaci\u00f3 de Narradores i Narradors, ANIN, que aglutina a buena parte de los\/as cuentacuentos de Catalu\u00f1a, explicar\u00e1 su visi\u00f3n y misi\u00f3n, su historia y sus [&hellip;]<\/p>\n","protected":false},"author":1,"featured_media":0,"parent":0,"menu_order":0,"comment_status":"open","ping_status":"open","template":"","meta":[],"_links":{"self":[{"href":"http:\/\/muntdemots.org\/2010\/wp-json\/wp\/v2\/pages\/669"}],"collection":[{"href":"http:\/\/muntdemots.org\/2010\/wp-json\/wp\/v2\/pages"}],"about":[{"href":"http:\/\/muntdemots.org\/2010\/wp-json\/wp\/v2\/types\/page"}],"author":[{"embeddable":true,"href":"http:\/\/muntdemots.org\/2010\/wp-json\/wp\/v2\/users\/1"}],"replies":[{"embeddable":true,"href":"http:\/\/muntdemots.org\/2010\/wp-json\/wp\/v2\/comments?post=669"}],"version-history":[{"count":1,"href":"http:\/\/muntdemots.org\/2010\/wp-json\/wp\/v2\/pages\/669\/revisions"}],"predecessor-version":[{"id":670,"href":"http:\/\/muntdemots.org\/2010\/wp-json\/wp\/v2\/pages\/669\/revisions\/670"}],"wp:attachment":[{"href":"http:\/\/muntdemots.org\/2010\/wp-json\/wp\/v2\/media?parent=669"}],"curies":[{"name":"wp","href":"https:\/\/api.w.org\/{rel}","templated":true}]}}

<p>La serie de reuniones <em>Encuentro Con…</em> servirá para conocer de cerca a algunas de las personas e instituciones que trabajan y promueven la narración oral en Cataluña y España.<br />
La Associació de Narradores i Narradors, ANIN, que aglutina a buena parte de los/as cuentacuentos de Cataluña, explicará su visión y misión, su historia y sus proyectos.</p>

<p>La serie de reuniones Encuentro Con… servirá para conocer de cerca a algunas de las personas e instituciones que trabajan y promueven la narración oral en Cataluña y España. La Associació de Narradores i Narradors, ANIN, que aglutina a buena parte de los/as cuentacuentos de Cataluña, explicará su visión y misión, su historia y sus [&hellip;]</p>
