{"id":644,"date":"2010-09-15T15:21:52","date_gmt":"2010-09-15T15:21:52","guid":{"rendered":"http:\/\/www.muntdemots.org\/"},"modified":"2010-09-30T16:42:59","modified_gmt":"2010-09-30T16:42:59","slug":"imaginacontes","status":"publish","type":"page","link":"http:\/\/muntdemots.org\/2010\/imaginacontes\/","title":{"rendered":"Imaginacontes"},"content":{"rendered":"<p>Historias para ni\u00f1os y ni\u00f1as, contadas por varios de los mejores    Cuentacuentos surgidos de los talleres de formaci\u00f3n que se imparten en    las bibliotecas y centros c\u00edvicos de Barcelona: Esther Pozo, Juntos  pero  no revueltos, M\u00f3nica Mart\u00ednez Paz, Pili Romano, Raquel de Manuel,  Som 3  de 3&#8230;<\/p>\n<p>Cuentos para toda la familia, en los que los y las Cuentacuentos ponen    las palabras y el p\u00fablico asistente s\u00f3lo debe dejarse llevar por su    propia imaginaci\u00f3n.<em><br \/>\n<\/em><\/p>\n","protected":false},"excerpt":{"rendered":"<p>Historias para ni\u00f1os y ni\u00f1as, contadas por varios de los mejores Cuentacuentos surgidos de los talleres de formaci\u00f3n que se imparten en las bibliotecas y centros c\u00edvicos de Barcelona: Esther Pozo, Juntos pero no revueltos, M\u00f3nica Mart\u00ednez Paz, Pili Romano, Raquel de Manuel, Som 3 de 3&#8230; Cuentos para toda la familia, en los que [&hellip;]<\/p>\n","protected":false},"author":1,"featured_media":0,"parent":0,"menu_order":0,"comment_status":"open","ping_status":"open","template":"","meta":[],"_links":{"self":[{"href":"http:\/\/muntdemots.org\/2010\/wp-json\/wp\/v2\/pages\/644"}],"collection":[{"href":"http:\/\/muntdemots.org\/2010\/wp-json\/wp\/v2\/pages"}],"about":[{"href":"http:\/\/muntdemots.org\/2010\/wp-json\/wp\/v2\/types\/page"}],"author":[{"embeddable":true,"href":"http:\/\/muntdemots.org\/2010\/wp-json\/wp\/v2\/users\/1"}],"replies":[{"embeddable":true,"href":"http:\/\/muntdemots.org\/2010\/wp-json\/wp\/v2\/comments?post=644"}],"version-history":[{"count":4,"href":"http:\/\/muntdemots.org\/2010\/wp-json\/wp\/v2\/pages\/644\/revisions"}],"predecessor-version":[{"id":647,"href":"http:\/\/muntdemots.org\/2010\/wp-json\/wp\/v2\/pages\/644\/revisions\/647"}],"wp:attachment":[{"href":"http:\/\/muntdemots.org\/2010\/wp-json\/wp\/v2\/media?parent=644"}],"curies":[{"name":"wp","href":"https:\/\/api.w.org\/{rel}","templated":true}]}}

<p>Historias para niños y niñas, contadas por varios de los mejores    Cuentacuentos surgidos de los talleres de formación que se imparten en    las bibliotecas y centros cívicos de Barcelona: Esther Pozo, Juntos  pero  no revueltos, Mónica Martínez Paz, Pili Romano, Raquel de Manuel,  Som 3  de 3&#8230;</p>
<p>Cuentos para toda la familia, en los que los y las Cuentacuentos ponen    las palabras y el público asistente sólo debe dejarse llevar por su    propia imaginación.<em><br />
</em></p>

<p>Historias para niños y niñas, contadas por varios de los mejores Cuentacuentos surgidos de los talleres de formación que se imparten en las bibliotecas y centros cívicos de Barcelona: Esther Pozo, Juntos pero no revueltos, Mónica Martínez Paz, Pili Romano, Raquel de Manuel, Som 3 de 3&#8230; Cuentos para toda la familia, en los que [&hellip;]</p>
