{"id":623,"date":"2010-09-15T00:37:53","date_gmt":"2010-09-15T00:37:53","guid":{"rendered":"http:\/\/www.muntdemots.org\/"},"modified":"2010-09-25T16:54:58","modified_gmt":"2010-09-25T16:54:58","slug":"nuts-club-co","status":"publish","type":"page","link":"http:\/\/muntdemots.org\/2010\/nuts-club-co\/","title":{"rendered":"NUTS CLUB &#038; CO."},"content":{"rendered":"<p><a href=\"http:\/\/nutsclubquartet.wordpress.com\/\" target=\"_blank\">http:\/\/nutsclubquartet.wordpress.com<\/a><\/p>\n<p><strong> <\/strong><\/p>\n<p>Contes a restaurants, bars, caf\u00e8s, teteries, xocolateries, cocteleries, casinos, terrasses\u2026<br \/>\nContes entre copa i copa, com a aperitiu, a l&#8217;hora de les postres, per acompanyar el caf\u00e8&#8230;<br \/>\nContes d&#8217;amor, d\u2019humor, de por, filos\u00f2fics, po\u00e8tics, urbans, tradicionals o d\u2019autor conegut,\u00e8tnics, ex\u00f2tics, tendres, inquietants\u2026<br \/>\nContes per a un, per a dos, per a tres. Al gust de l&#8217;oient, al vol i al moment.<br \/>\nContes, contes, contes amb Nuts Club &amp; Co.<\/p>\n<p><strong> <\/strong><\/p>\n<p><span style=\"color: #ffffff;\">.<\/span><\/p>\n<p><strong>Ignasi Potrony<\/strong><br \/>\nBarcelona, 1954<\/p>\n<p>Estudia interpretaci\u00f3 teatral, pantomima, titelles, simbolisme, narraci\u00f3 oral, veu, dansa&#8230; Dirigeix obres de teatre i espectacles l\u00edrics. Dissenya i coordina activitats culturals i cicles de narraci\u00f3. Imparteix formaci\u00f3 en expressi\u00f3, narraci\u00f3 oral i simbolisme. Narra contes.<\/p>\n<p><strong> <\/strong><\/p>\n<p><span style=\"color: #ffffff;\">.<\/span><\/p>\n<p><strong>Catherine Favret<\/strong><br \/>\nAlger, 1960<\/p>\n<p>Formada a Fran\u00e7a al Centre de Litt\u00e9rature Orale de Bruno de la Salle amb el narrador Pepito Mateo, conta contes des de fa 12 anys, en tota mena de llocs i en diversos idiomes. \u00c9s membre d&#8217;ANIN i ha col\u00b7laborat amb les revistes dedicades al conte, N i Tant\u00e0gora. Criada entre Alger, Paris, i la Fran\u00e7a profunda de l\u2019oest, Catherine, de llengua materna francesa i de mare jueu-tunisenca, conta molts contes de la tradici\u00f3 magribina i de la tradici\u00f3 jueva, per\u00f2 tamb\u00e9 contes tradicionals de Fran\u00e7a, de la Xina, del Brasil. I contes menys tradicionals&#8230; Tamb\u00e9 \u00e9s professora i formadora d&#8217;idiomes, traductora i autora de llibres per a adolescents.<\/p>\n<p><strong> <\/strong><\/p>\n<p><span style=\"color: #ffffff;\">.<\/span><\/p>\n<p><strong>Susana Tornero<\/strong><br \/>\nFigueres, 1973<br \/>\nTraductora i narradora oral. Llicenciada en Traducci\u00f3 i Interpretaci\u00f3 d&#8217;alemany i angl\u00e8s. Combina la seva professi\u00f3 de traductora amb l&#8217;ofici de la narraci\u00f3.<br \/>\nHa narrat contes en una gran varietat de llocs, locals i formats.<br \/>\nEst\u00e0 interessada en la tradici\u00f3 oral de diferents parts del m\u00f3n, des de l\u2019Empord\u00e0 o Eivissa fins a l&#8217;\u00cdndia, el Tibet o les illes \u00d2rcades.<br \/>\nwww.susanatornero.com<\/p>\n<p><strong> <\/strong><\/p>\n<p><span style=\"color: #ffffff;\">.<\/span><\/p>\n<p><strong>Sherezade Bardaj\u00ed<\/strong><br \/>\nSabadell, 1983<br \/>\nNarradora oral i actriu. S\u2019ha format com actriu a l\u2019escola Nancy Tu\u00f1on, i com a narradora, amb la Paula Carballeira i la Virginia Imaz entre d&#8217;altres. Va comen\u00e7ar a narrar contes fa cinc anys a la ciutat de Santiago de Compostel\u00b7la, i des de llavors, la seva veu ha arribat a biblioteques, presons, bars&#8230; Contes de tot arreu per a totes les orelles.<\/p>\n<p><span style=\"color: #ffffff;\">.<\/span><\/p>\n<p><strong>INAUGURACI\u00d3N<\/strong><\/p>\n<p>La inauguraci\u00f3n  del  Festival se realizar\u00e1 en el <span style=\"text-decoration: underline;\">Teatre Romea<\/span>,  el 18 de octubre a las 20:00 hrs., con la presencia de Carles Canut  (Fundaci\u00f3n Romea), Toni Puig (Xarxa de Centres C\u00edvics), y un  representante del Consorci de Biblioteques de Barcelona. Seguidamente,  tomar\u00e1n la palabra (y bien que la usar\u00e1n!) los y las cuentacuentos Ana  Herreros (Madrid), Alekos (Colombia), Arnau Vilardeb\u00f2 (Catalunya),  Joseluis Mellado (Chile), M\u00f3nica Mart\u00ednez Paz (Venezuela), Tim Bowley  (Gran Breta\u00f1a) y Charo Pita (Galicia), Malena Placeres y el grupo Nuts  &amp; C.o (Catalunya).<br \/>\n<em>Dia: Dilluns 18<br \/>\nHora: 20:00hrs<br \/>\nLloc: <\/em><a href=\"http:\/\/www.teatreromea.com\/\" target=\"_blank\">Teatre Romea<\/a><a href=\"http:\/\/www.centreshg.net\/taxonera\" target=\"_blank\"><br \/>\n<\/a><a href=\"http:\/\/w20.bcn.cat\/Guiamap\/Default.aspx#x=30781.756&amp;y=81539.382&amp;z=5&amp;c=K014K015K001K002K003K011K013K006&amp;w=1057&amp;h=442&amp;p=30781.756,81539.382\" target=\"_blank\">\u00bfC\u00f3mo llegar?<\/a><\/p>\n","protected":false},"excerpt":{"rendered":"<p>http:\/\/nutsclubquartet.wordpress.com Contes a restaurants, bars, caf\u00e8s, teteries, xocolateries, cocteleries, casinos, terrasses\u2026 Contes entre copa i copa, com a aperitiu, a l&#8217;hora de les postres, per acompanyar el caf\u00e8&#8230; Contes d&#8217;amor, d\u2019humor, de por, filos\u00f2fics, po\u00e8tics, urbans, tradicionals o d\u2019autor conegut,\u00e8tnics, ex\u00f2tics, tendres, inquietants\u2026 Contes per a un, per a dos, per a tres. Al gust [&hellip;]<\/p>\n","protected":false},"author":1,"featured_media":0,"parent":0,"menu_order":0,"comment_status":"open","ping_status":"open","template":"","meta":[],"_links":{"self":[{"href":"http:\/\/muntdemots.org\/2010\/wp-json\/wp\/v2\/pages\/623"}],"collection":[{"href":"http:\/\/muntdemots.org\/2010\/wp-json\/wp\/v2\/pages"}],"about":[{"href":"http:\/\/muntdemots.org\/2010\/wp-json\/wp\/v2\/types\/page"}],"author":[{"embeddable":true,"href":"http:\/\/muntdemots.org\/2010\/wp-json\/wp\/v2\/users\/1"}],"replies":[{"embeddable":true,"href":"http:\/\/muntdemots.org\/2010\/wp-json\/wp\/v2\/comments?post=623"}],"version-history":[{"count":9,"href":"http:\/\/muntdemots.org\/2010\/wp-json\/wp\/v2\/pages\/623\/revisions"}],"predecessor-version":[{"id":630,"href":"http:\/\/muntdemots.org\/2010\/wp-json\/wp\/v2\/pages\/623\/revisions\/630"}],"wp:attachment":[{"href":"http:\/\/muntdemots.org\/2010\/wp-json\/wp\/v2\/media?parent=623"}],"curies":[{"name":"wp","href":"https:\/\/api.w.org\/{rel}","templated":true}]}}

<p><a href="http://nutsclubquartet.wordpress.com/" target="_blank">http://nutsclubquartet.wordpress.com</a></p>
<p><strong> </strong></p>
<p>Contes a restaurants, bars, cafès, teteries, xocolateries, cocteleries, casinos, terrasses…<br />
Contes entre copa i copa, com a aperitiu, a l&#8217;hora de les postres, per acompanyar el cafè&#8230;<br />
Contes d&#8217;amor, d’humor, de por, filosòfics, poètics, urbans, tradicionals o d’autor conegut,ètnics, exòtics, tendres, inquietants…<br />
Contes per a un, per a dos, per a tres. Al gust de l&#8217;oient, al vol i al moment.<br />
Contes, contes, contes amb Nuts Club &amp; Co.</p>
<p><strong> </strong></p>
<p><span style="color: #ffffff;">.</span></p>
<p><strong>Ignasi Potrony</strong><br />
Barcelona, 1954</p>
<p>Estudia interpretació teatral, pantomima, titelles, simbolisme, narració oral, veu, dansa&#8230; Dirigeix obres de teatre i espectacles lírics. Dissenya i coordina activitats culturals i cicles de narració. Imparteix formació en expressió, narració oral i simbolisme. Narra contes.</p>
<p><strong> </strong></p>
<p><span style="color: #ffffff;">.</span></p>
<p><strong>Catherine Favret</strong><br />
Alger, 1960</p>
<p>Formada a França al Centre de Littérature Orale de Bruno de la Salle amb el narrador Pepito Mateo, conta contes des de fa 12 anys, en tota mena de llocs i en diversos idiomes. És membre d&#8217;ANIN i ha col·laborat amb les revistes dedicades al conte, N i Tantàgora. Criada entre Alger, Paris, i la França profunda de l’oest, Catherine, de llengua materna francesa i de mare jueu-tunisenca, conta molts contes de la tradició magribina i de la tradició jueva, però també contes tradicionals de França, de la Xina, del Brasil. I contes menys tradicionals&#8230; També és professora i formadora d&#8217;idiomes, traductora i autora de llibres per a adolescents.</p>
<p><strong> </strong></p>
<p><span style="color: #ffffff;">.</span></p>
<p><strong>Susana Tornero</strong><br />
Figueres, 1973<br />
Traductora i narradora oral. Llicenciada en Traducció i Interpretació d&#8217;alemany i anglès. Combina la seva professió de traductora amb l&#8217;ofici de la narració.<br />
Ha narrat contes en una gran varietat de llocs, locals i formats.<br />
Està interessada en la tradició oral de diferents parts del món, des de l’Empordà o Eivissa fins a l&#8217;Índia, el Tibet o les illes Òrcades.<br />
www.susanatornero.com</p>
<p><strong> </strong></p>
<p><span style="color: #ffffff;">.</span></p>
<p><strong>Sherezade Bardají</strong><br />
Sabadell, 1983<br />
Narradora oral i actriu. S’ha format com actriu a l’escola Nancy Tuñon, i com a narradora, amb la Paula Carballeira i la Virginia Imaz entre d&#8217;altres. Va començar a narrar contes fa cinc anys a la ciutat de Santiago de Compostel·la, i des de llavors, la seva veu ha arribat a biblioteques, presons, bars&#8230; Contes de tot arreu per a totes les orelles.</p>
<p><span style="color: #ffffff;">.</span></p>
<p><strong>INAUGURACIÓN</strong></p>
<p>La inauguración  del  Festival se realizará en el <span style="text-decoration: underline;">Teatre Romea</span>,  el 18 de octubre a las 20:00 hrs., con la presencia de Carles Canut  (Fundación Romea), Toni Puig (Xarxa de Centres Cívics), y un  representante del Consorci de Biblioteques de Barcelona. Seguidamente,  tomarán la palabra (y bien que la usarán!) los y las cuentacuentos Ana  Herreros (Madrid), Alekos (Colombia), Arnau Vilardebò (Catalunya),  Joseluis Mellado (Chile), Mónica Martínez Paz (Venezuela), Tim Bowley  (Gran Bretaña) y Charo Pita (Galicia), Malena Placeres y el grupo Nuts  &amp; C.o (Catalunya).<br />
<em>Dia: Dilluns 18<br />
Hora: 20:00hrs<br />
Lloc: </em><a href="http://www.teatreromea.com/" target="_blank">Teatre Romea</a><a href="http://www.centreshg.net/taxonera" target="_blank"><br />
</a><a href="http://w20.bcn.cat/Guiamap/Default.aspx#x=30781.756&amp;y=81539.382&amp;z=5&amp;c=K014K015K001K002K003K011K013K006&amp;w=1057&amp;h=442&amp;p=30781.756,81539.382" target="_blank">¿Cómo llegar?</a></p>

<p>http://nutsclubquartet.wordpress.com Contes a restaurants, bars, cafès, teteries, xocolateries, cocteleries, casinos, terrasses… Contes entre copa i copa, com a aperitiu, a l&#8217;hora de les postres, per acompanyar el cafè&#8230; Contes d&#8217;amor, d’humor, de por, filosòfics, poètics, urbans, tradicionals o d’autor conegut,ètnics, exòtics, tendres, inquietants… Contes per a un, per a dos, per a tres. Al gust [&hellip;]</p>
