{"id":619,"date":"2010-09-15T00:31:26","date_gmt":"2010-09-15T00:31:26","guid":{"rendered":"http:\/\/www.muntdemots.org\/"},"modified":"2010-09-20T17:47:52","modified_gmt":"2010-09-20T17:47:52","slug":"catherine-favret","status":"publish","type":"page","link":"http:\/\/muntdemots.org\/2010\/catherine-favret\/","title":{"rendered":"Catherine Favret"},"content":{"rendered":"<p>Alger, 1960<\/p>\n<p>Formada a Fran\u00e7a al Centre de Litt\u00e9rature Orale de Bruno de la Salle amb el narrador Pepito Mateo, conta contes des de fa 12 anys, en tota mena de llocs i en diversos idiomes. \u00c9s membre d&#8217;ANIN i ha col\u00b7laborat amb les revistes dedicades al conte, N i Tant\u00e0gora. Criada entre Alger, Paris, i la Fran\u00e7a profunda de l\u2019oest, Catherine, de llengua materna francesa i de mare jueu-tunisenca, conta molts contes de la tradici\u00f3 magribina i de la tradici\u00f3 jueva, per\u00f2 tamb\u00e9 contes tradicionals de Fran\u00e7a, de la Xina, del Brasil. I contes menys tradicionals&#8230; Tamb\u00e9 \u00e9s professora i formadora d&#8217;idiomes, traductora i autora de llibres per a adolescents.<\/p>\n","protected":false},"excerpt":{"rendered":"<p>Alger, 1960 Formada a Fran\u00e7a al Centre de Litt\u00e9rature Orale de Bruno de la Salle amb el narrador Pepito Mateo, conta contes des de fa 12 anys, en tota mena de llocs i en diversos idiomes. \u00c9s membre d&#8217;ANIN i ha col\u00b7laborat amb les revistes dedicades al conte, N i Tant\u00e0gora. Criada entre Alger, Paris, [&hellip;]<\/p>\n","protected":false},"author":1,"featured_media":0,"parent":0,"menu_order":0,"comment_status":"open","ping_status":"open","template":"","meta":[],"_links":{"self":[{"href":"http:\/\/muntdemots.org\/2010\/wp-json\/wp\/v2\/pages\/619"}],"collection":[{"href":"http:\/\/muntdemots.org\/2010\/wp-json\/wp\/v2\/pages"}],"about":[{"href":"http:\/\/muntdemots.org\/2010\/wp-json\/wp\/v2\/types\/page"}],"author":[{"embeddable":true,"href":"http:\/\/muntdemots.org\/2010\/wp-json\/wp\/v2\/users\/1"}],"replies":[{"embeddable":true,"href":"http:\/\/muntdemots.org\/2010\/wp-json\/wp\/v2\/comments?post=619"}],"version-history":[{"count":2,"href":"http:\/\/muntdemots.org\/2010\/wp-json\/wp\/v2\/pages\/619\/revisions"}],"predecessor-version":[{"id":1103,"href":"http:\/\/muntdemots.org\/2010\/wp-json\/wp\/v2\/pages\/619\/revisions\/1103"}],"wp:attachment":[{"href":"http:\/\/muntdemots.org\/2010\/wp-json\/wp\/v2\/media?parent=619"}],"curies":[{"name":"wp","href":"https:\/\/api.w.org\/{rel}","templated":true}]}}

<p>Alger, 1960</p>
<p>Formada a França al Centre de Littérature Orale de Bruno de la Salle amb el narrador Pepito Mateo, conta contes des de fa 12 anys, en tota mena de llocs i en diversos idiomes. És membre d&#8217;ANIN i ha col·laborat amb les revistes dedicades al conte, N i Tantàgora. Criada entre Alger, Paris, i la França profunda de l’oest, Catherine, de llengua materna francesa i de mare jueu-tunisenca, conta molts contes de la tradició magribina i de la tradició jueva, però també contes tradicionals de França, de la Xina, del Brasil. I contes menys tradicionals&#8230; També és professora i formadora d&#8217;idiomes, traductora i autora de llibres per a adolescents.</p>

<p>Alger, 1960 Formada a França al Centre de Littérature Orale de Bruno de la Salle amb el narrador Pepito Mateo, conta contes des de fa 12 anys, en tota mena de llocs i en diversos idiomes. És membre d&#8217;ANIN i ha col·laborat amb les revistes dedicades al conte, N i Tantàgora. Criada entre Alger, Paris, [&hellip;]</p>
