{"id":614,"date":"2010-09-15T00:12:40","date_gmt":"2010-09-15T00:12:40","guid":{"rendered":"http:\/\/www.muntdemots.org\/"},"modified":"2010-09-25T16:56:22","modified_gmt":"2010-09-25T16:56:22","slug":"pablo-larraguibel","status":"publish","type":"page","link":"http:\/\/muntdemots.org\/2010\/pablo-larraguibel\/","title":{"rendered":"Pablo Larraguibel"},"content":{"rendered":"<p>Director  en Europa de la editorial  venezolana Ekar\u00e9, que desde hace 25 a\u00f1os se  dedica a la publicaci\u00f3n  \u2013especialmente a la literatura infantil y  juvenil\u2013 y cuyo cat\u00e1logo lo  componen m\u00e1s de 150 t\u00edtulos.<\/p>\n<p><span style=\"color: #ffffff;\">.<\/span><\/p>\n<p><strong>CONFERENCIA: DE LA TRADICI\u00d3N ORAL AL LIBRO INFANTIL<\/strong><\/p>\n<p>\u00bfC\u00f3mo  adaptar las historias orales para su lectura? Ekar\u00e9, la editorial  pionera en presentar los mitos y leyendas de la tradici\u00f3n oral ind\u00edgena  venezolana y latinoamericana al lector infantil, contar\u00e1 \u2013a trav\u00e9s de su  director- su experiencia en este campo.<br \/>\n<em>Dia: Dimarts 19<br \/>\nHora: 19:00hrs<br \/>\nLloc: <\/em><a href=\"http:\/\/w3.bcn.es\/XMLServeis\/XMLHomeLinkPl\/0,4022,650920084_709536676_1,00.html\" target=\"_blank\">BIBLIOTECA VILA DE GR\u00c0CIA<\/a><a href=\"http:\/\/www.centreshg.net\/taxonera\" target=\"_blank\"><br \/>\n<\/a><a href=\"http:\/\/w20.bcn.cat\/Guiamap\/Default.aspx#x=29729.58&amp;y=83871.468&amp;z=5&amp;c=K014K015K001K002K003K011K013K006&amp;w=1057&amp;h=442&amp;p=29729.58,83871.468\" target=\"_blank\">\u00bfC\u00f3mo llegar?<\/a><\/p>\n<p><span style=\"color: #ffffff;\">.<\/span><\/p>\n<p><a href=\"\/2010\/wp-content\/uploads\/2010\/09\/PABLO-LARRAGIBEL-1.jpg\"><img decoding=\"async\" loading=\"lazy\" class=\"alignnone size-full wp-image-1350\" title=\"PABLO LARRAGIBEL 1\" src=\"\/2010\/wp-content\/uploads\/2010\/09\/PABLO-LARRAGIBEL-1.jpg\" alt=\"\" width=\"270\" height=\"202\" \/><\/a><\/p>\n<p><strong> <\/strong><\/p>\n","protected":false},"excerpt":{"rendered":"<p>Director en Europa de la editorial venezolana Ekar\u00e9, que desde hace 25 a\u00f1os se dedica a la publicaci\u00f3n \u2013especialmente a la literatura infantil y juvenil\u2013 y cuyo cat\u00e1logo lo componen m\u00e1s de 150 t\u00edtulos. . CONFERENCIA: DE LA TRADICI\u00d3N ORAL AL LIBRO INFANTIL \u00bfC\u00f3mo adaptar las historias orales para su lectura? Ekar\u00e9, la editorial pionera [&hellip;]<\/p>\n","protected":false},"author":1,"featured_media":0,"parent":0,"menu_order":0,"comment_status":"open","ping_status":"open","template":"","meta":[],"_links":{"self":[{"href":"http:\/\/muntdemots.org\/2010\/wp-json\/wp\/v2\/pages\/614"}],"collection":[{"href":"http:\/\/muntdemots.org\/2010\/wp-json\/wp\/v2\/pages"}],"about":[{"href":"http:\/\/muntdemots.org\/2010\/wp-json\/wp\/v2\/types\/page"}],"author":[{"embeddable":true,"href":"http:\/\/muntdemots.org\/2010\/wp-json\/wp\/v2\/users\/1"}],"replies":[{"embeddable":true,"href":"http:\/\/muntdemots.org\/2010\/wp-json\/wp\/v2\/comments?post=614"}],"version-history":[{"count":4,"href":"http:\/\/muntdemots.org\/2010\/wp-json\/wp\/v2\/pages\/614\/revisions"}],"predecessor-version":[{"id":1527,"href":"http:\/\/muntdemots.org\/2010\/wp-json\/wp\/v2\/pages\/614\/revisions\/1527"}],"wp:attachment":[{"href":"http:\/\/muntdemots.org\/2010\/wp-json\/wp\/v2\/media?parent=614"}],"curies":[{"name":"wp","href":"https:\/\/api.w.org\/{rel}","templated":true}]}}

<p>Director  en Europa de la editorial  venezolana Ekaré, que desde hace 25 años se  dedica a la publicación  –especialmente a la literatura infantil y  juvenil– y cuyo catálogo lo  componen más de 150 títulos.</p>
<p><span style="color: #ffffff;">.</span></p>
<p><strong>CONFERENCIA: DE LA TRADICIÓN ORAL AL LIBRO INFANTIL</strong></p>
<p>¿Cómo  adaptar las historias orales para su lectura? Ekaré, la editorial  pionera en presentar los mitos y leyendas de la tradición oral indígena  venezolana y latinoamericana al lector infantil, contará –a través de su  director- su experiencia en este campo.<br />
<em>Dia: Dimarts 19<br />
Hora: 19:00hrs<br />
Lloc: </em><a href="http://w3.bcn.es/XMLServeis/XMLHomeLinkPl/0,4022,650920084_709536676_1,00.html" target="_blank">BIBLIOTECA VILA DE GRÀCIA</a><a href="http://www.centreshg.net/taxonera" target="_blank"><br />
</a><a href="http://w20.bcn.cat/Guiamap/Default.aspx#x=29729.58&amp;y=83871.468&amp;z=5&amp;c=K014K015K001K002K003K011K013K006&amp;w=1057&amp;h=442&amp;p=29729.58,83871.468" target="_blank">¿Cómo llegar?</a></p>
<p><span style="color: #ffffff;">.</span></p>
<p><a href="/2010/wp-content/uploads/2010/09/PABLO-LARRAGIBEL-1.jpg"><img decoding="async" loading="lazy" class="alignnone size-full wp-image-1350" title="PABLO LARRAGIBEL 1" src="/2010/wp-content/uploads/2010/09/PABLO-LARRAGIBEL-1.jpg" alt="" width="270" height="202" /></a></p>
<p><strong> </strong></p>

<p>Director en Europa de la editorial venezolana Ekaré, que desde hace 25 años se dedica a la publicación –especialmente a la literatura infantil y juvenil– y cuyo catálogo lo componen más de 150 títulos. . CONFERENCIA: DE LA TRADICIÓN ORAL AL LIBRO INFANTIL ¿Cómo adaptar las historias orales para su lectura? Ekaré, la editorial pionera [&hellip;]</p>
