{"id":604,"date":"2010-09-14T23:58:40","date_gmt":"2010-09-14T23:58:40","guid":{"rendered":"http:\/\/www.muntdemots.org\/"},"modified":"2010-10-18T23:18:18","modified_gmt":"2010-10-18T23:18:18","slug":"sherezade-bardaji-y-rebeca-luciani-torres","status":"publish","type":"page","link":"http:\/\/muntdemots.org\/2010\/sherezade-bardaji-y-rebeca-luciani-torres\/","title":{"rendered":"Sherezade Bardaj\u00ed y Rebeca Luciani Torres"},"content":{"rendered":"<p><span style=\"color: #ffffff;\">.<\/span><\/p>\n<p><strong>SHEREZADE BARDAJ\u00cd<br \/>\n<\/strong><\/p>\n<p>Narradora oral i actriu. S\u2019ha format com actriu a l\u2019escola Nancy Tu\u00f1on, i com a narradora, amb la Paula Carballeira i la Virginia Imaz entre d&#8217;altres. Va comen\u00e7ar a narrar contes fa cinc anys a la ciutat de Santiago de Compostel\u00b7la, i des de llavors, la seva veu ha arribat a biblioteques, presons, bars&#8230; Contes de tot arreu per a totes les orelles.<\/p>\n<p><span style=\"color: #ffffff;\">.<\/span><strong><br \/>\n<\/strong><\/p>\n<p><strong>REBECA LUCIANI TORRES<\/strong><\/p>\n<p>Ilustradora. Naci\u00f3 en La Plata, Argentina. A los nueve a\u00f1os entr\u00f3 en Bellas Artes y no sali\u00f3 de all\u00ed hasta los veinte a\u00f1os. En 2000 se traslad\u00f3 a Barcelona. En 2006 y 2008 ha sido distinguida por los White Ravens Internationale Jugendbliothek Munic por A la muntanya de les ametistes (Ed. Barcanova), Busco una mare ( Ed. La Galera) y La sonrisa de Daniela ( Ed. Kalandraka).<\/p>\n<p><strong><span style=\"color: #ffffff;\">.<\/span><br \/>\n<\/strong><\/p>\n<p><strong>EL SOMRIURE DE LA DANIELA <\/strong><span style=\"color: #ff0000;\"><strong><\/strong><\/span><\/p>\n<p><span style=\"color: #ff0000;\"><strong>Malauradament aquesta activitat ha sigut suspesa. Des de l\u2019organitzaci\u00f3 del Festival us <\/strong><strong>preguem <\/strong><strong>disculpes<\/strong><\/span><\/p>\n<p>Es tracta d\u2019un espectacle per a nens i nenes a partir de 6 anys, amb la participaci\u00f3 de la narradora Sherezade Bardaji i la il.lustradora argentina\u00a0Rebeca Luciani a partir del llibre El somriure de la Daniela.<\/p>\n<p>Una narradora i la pr\u00f2pia il\u2022lustradora d\u2019aquest \u00e0lbum ens expliquen aquesta hist\u00f2ria on els somriure de la Daniela es converteix en papallona i viatja fins als cors dels personatges del conte per arribar all\u00e0 on estem nosaltres.<br \/>\n<em>Dia: Dimarts 19<br \/>\nHora: 18:00hrs<br \/>\nLloc: <\/em><a href=\"http:\/\/w3.bcn.es\/V51\/Home\/V51HomeLinkPl\/0,3989,171935332_173110308_2,00.html\" target=\"_blank\">BIBLIOTECA SANT PAU- SANTA CREU<\/a><a href=\"http:\/\/www.centreshg.net\/taxonera\" target=\"_blank\"><br \/>\n<\/a><span style=\"text-decoration: underline;\"><a href=\"http:\/\/w20.bcn.cat\/Guiamap\/Default.aspx#x=30606.382&amp;y=81645.275&amp;z=5&amp;c=K014K015K001K002K003K011K013K006&amp;w=1057&amp;h=442&amp;p=30606.382,81645.275\" target=\"_blank\">\u00bfC\u00f3mo llegar?<\/a><\/span><\/p>\n<p>Hi col\u2022labora: Kalandraka\/Hip\u00f2tesi<span style=\"color: #ffffff;\">.<\/span><\/p>\n<p><strong><a href=\"\/2010\/wp-content\/uploads\/2010\/09\/Rebeca-Luciani-i-Sherezade-Bardaj\u00ed-1.jpg\"><img decoding=\"async\" loading=\"lazy\" class=\"alignleft size-medium wp-image-605\" title=\"Rebeca Luciani i Sherezade Bardaj\u00ed 1\" src=\"\/2010\/wp-content\/uploads\/2010\/09\/Rebeca-Luciani-i-Sherezade-Bardaj\u00ed-1-300x224.jpg\" alt=\"\" width=\"300\" height=\"224\" srcset=\"https:\/\/muntdemots.org\/2010\/wp-content\/uploads\/2010\/09\/Rebeca-Luciani-i-Sherezade-Bardaj\u00ed-1-300x224.jpg 300w, https:\/\/muntdemots.org\/2010\/wp-content\/uploads\/2010\/09\/Rebeca-Luciani-i-Sherezade-Bardaj\u00ed-1.jpg 497w\" sizes=\"(max-width: 300px) 100vw, 300px\" \/><\/a><br \/>\n<\/strong><\/p>\n","protected":false},"excerpt":{"rendered":"<p>. SHEREZADE BARDAJ\u00cd Narradora oral i actriu. S\u2019ha format com actriu a l\u2019escola Nancy Tu\u00f1on, i com a narradora, amb la Paula Carballeira i la Virginia Imaz entre d&#8217;altres. Va comen\u00e7ar a narrar contes fa cinc anys a la ciutat de Santiago de Compostel\u00b7la, i des de llavors, la seva veu ha arribat a biblioteques, [&hellip;]<\/p>\n","protected":false},"author":1,"featured_media":0,"parent":0,"menu_order":0,"comment_status":"open","ping_status":"open","template":"","meta":[],"_links":{"self":[{"href":"http:\/\/muntdemots.org\/2010\/wp-json\/wp\/v2\/pages\/604"}],"collection":[{"href":"http:\/\/muntdemots.org\/2010\/wp-json\/wp\/v2\/pages"}],"about":[{"href":"http:\/\/muntdemots.org\/2010\/wp-json\/wp\/v2\/types\/page"}],"author":[{"embeddable":true,"href":"http:\/\/muntdemots.org\/2010\/wp-json\/wp\/v2\/users\/1"}],"replies":[{"embeddable":true,"href":"http:\/\/muntdemots.org\/2010\/wp-json\/wp\/v2\/comments?post=604"}],"version-history":[{"count":8,"href":"http:\/\/muntdemots.org\/2010\/wp-json\/wp\/v2\/pages\/604\/revisions"}],"predecessor-version":[{"id":613,"href":"http:\/\/muntdemots.org\/2010\/wp-json\/wp\/v2\/pages\/604\/revisions\/613"}],"wp:attachment":[{"href":"http:\/\/muntdemots.org\/2010\/wp-json\/wp\/v2\/media?parent=604"}],"curies":[{"name":"wp","href":"https:\/\/api.w.org\/{rel}","templated":true}]}}

Sherezade Bardají y Rebeca Luciani Torres

<p><span style="color: #ffffff;">.</span></p>
<p><strong>SHEREZADE BARDAJÍ<br />
</strong></p>
<p>Narradora oral i actriu. S’ha format com actriu a l’escola Nancy Tuñon, i com a narradora, amb la Paula Carballeira i la Virginia Imaz entre d&#8217;altres. Va començar a narrar contes fa cinc anys a la ciutat de Santiago de Compostel·la, i des de llavors, la seva veu ha arribat a biblioteques, presons, bars&#8230; Contes de tot arreu per a totes les orelles.</p>
<p><span style="color: #ffffff;">.</span><strong><br />
</strong></p>
<p><strong>REBECA LUCIANI TORRES</strong></p>
<p>Ilustradora. Nació en La Plata, Argentina. A los nueve años entró en Bellas Artes y no salió de allí hasta los veinte años. En 2000 se trasladó a Barcelona. En 2006 y 2008 ha sido distinguida por los White Ravens Internationale Jugendbliothek Munic por A la muntanya de les ametistes (Ed. Barcanova), Busco una mare ( Ed. La Galera) y La sonrisa de Daniela ( Ed. Kalandraka).</p>
<p><strong><span style="color: #ffffff;">.</span><br />
</strong></p>
<p><strong>EL SOMRIURE DE LA DANIELA </strong><span style="color: #ff0000;"><strong></strong></span></p>
<p><span style="color: #ff0000;"><strong>Malauradament aquesta activitat ha sigut suspesa. Des de l’organització del Festival us </strong><strong>preguem </strong><strong>disculpes</strong></span></p>
<p>Es tracta d’un espectacle per a nens i nenes a partir de 6 anys, amb la participació de la narradora Sherezade Bardaji i la il.lustradora argentina Rebeca Luciani a partir del llibre El somriure de la Daniela.</p>
<p>Una narradora i la pròpia il•lustradora d’aquest àlbum ens expliquen aquesta història on els somriure de la Daniela es converteix en papallona i viatja fins als cors dels personatges del conte per arribar allà on estem nosaltres.<br />
<em>Dia: Dimarts 19<br />
Hora: 18:00hrs<br />
Lloc: </em><a href="http://w3.bcn.es/V51/Home/V51HomeLinkPl/0,3989,171935332_173110308_2,00.html" target="_blank">BIBLIOTECA SANT PAU- SANTA CREU</a><a href="http://www.centreshg.net/taxonera" target="_blank"><br />
</a><span style="text-decoration: underline;"><a href="http://w20.bcn.cat/Guiamap/Default.aspx#x=30606.382&amp;y=81645.275&amp;z=5&amp;c=K014K015K001K002K003K011K013K006&amp;w=1057&amp;h=442&amp;p=30606.382,81645.275" target="_blank">¿Cómo llegar?</a></span></p>
<p>Hi col•labora: Kalandraka/Hipòtesi<span style="color: #ffffff;">.</span></p>
<p><strong><a href="/2010/wp-content/uploads/2010/09/Rebeca-Luciani-i-Sherezade-Bardají-1.jpg"><img decoding="async" loading="lazy" class="alignleft size-medium wp-image-605" title="Rebeca Luciani i Sherezade Bardají 1" src="/2010/wp-content/uploads/2010/09/Rebeca-Luciani-i-Sherezade-Bardají-1-300x224.jpg" alt="" width="300" height="224" srcset="https://muntdemots.org/2010/wp-content/uploads/2010/09/Rebeca-Luciani-i-Sherezade-Bardají-1-300x224.jpg 300w, https://muntdemots.org/2010/wp-content/uploads/2010/09/Rebeca-Luciani-i-Sherezade-Bardají-1.jpg 497w" sizes="(max-width: 300px) 100vw, 300px" /></a><br />
</strong></p>

<p>. SHEREZADE BARDAJÍ Narradora oral i actriu. S’ha format com actriu a l’escola Nancy Tuñon, i com a narradora, amb la Paula Carballeira i la Virginia Imaz entre d&#8217;altres. Va començar a narrar contes fa cinc anys a la ciutat de Santiago de Compostel·la, i des de llavors, la seva veu ha arribat a biblioteques, [&hellip;]</p>
