{"id":589,"date":"2010-09-14T23:40:08","date_gmt":"2010-09-14T23:40:08","guid":{"rendered":"http:\/\/www.muntdemots.org\/"},"modified":"2010-10-19T10:30:01","modified_gmt":"2010-10-19T10:30:01","slug":"kristinoshka-garcia","status":"publish","type":"page","link":"http:\/\/muntdemots.org\/2010\/kristinoshka-garcia\/","title":{"rendered":"Kristinoshka Garc\u00eda"},"content":{"rendered":"<p>Narradora catalana de padres sevillanos, presenta a veces una extra\u00f1a espontaneidad ling\u00fc\u00edstica que tira al serbio. Ha sido acusada muchas veces de tener la cabeza llena de p\u00e1jaros y \u00e9stos la han llevado a moverse entre artes, educaciones y terapias\u2026 Todas en plural y mezcladas, todas con cuentos de por medio.\u00a0 Narra desde el 2002 y ha trabajado habitualmente en proyectos de animaci\u00f3n a la lectura.<\/p>\n<p><span style=\"color: #ffffff;\">.<\/span><\/p>\n<p><strong>PIES Y P\u00c1JAROS<\/strong><\/p>\n<p><span style=\"color: #ff0000;\"><strong>Canvi d\u2019\u00faltim moment. Enlloc d\u2019actuar <a title=\"Kristinoshka Garc\u00eda\" href=\"..\/kristinoshka-garcia\/\">Kristinoshka Garc\u00eda<\/a> podreu gaudir de la narradora vene\u00e7olana M\u00f3nica Mart\u00ednez Paz aquesta nit al Bar Macondo. <\/strong><\/span><\/p>\n<p>P\u00e1jaros enjaulados, pies calzados;\u00a0 piar de ideas, pasos resonando\u2026 De cuentos populares de rojo intenso a brevedades de libro, quiz\u00e1 azul. Palabras para compartir los p\u00e1jaros en la cabeza\u00a0 que miran a las nubes, y las pisadas de los pies descalzos que han andado por la tierra desnuda.<br \/>\n<em>Dia: Dimarts 19<br \/>\nHora: 22:15hrs<br \/>\nLloc: <\/em><a href=\"http:\/\/www.myspace.com\/barmacondo\" target=\"_blank\">MACONDO BAR<\/a><a href=\"http:\/\/www.centreshg.net\/taxonera\" target=\"_blank\"><br \/>\n<\/a><a href=\"http:\/\/w20.bcn.cat\/Guiamap\/Default.aspx#x=31563.246&amp;y=85197.07&amp;z=5&amp;c=K014K015K001K002K003K011K013K006&amp;w=1057&amp;h=442&amp;p=31563.246,85197.07\" target=\"_blank\">\u00bfC\u00f3mo llegar?<\/a><\/p>\n<p><span style=\"color: #ffffff;\">.<\/span><\/p>\n<p><span style=\"font-size: small;\"><span style=\"color: #000000;\"><a href=\"\/2010\/wp-content\/uploads\/2010\/09\/KRISTINOSHKA-1.jpg\"><img decoding=\"async\" loading=\"lazy\" class=\"alignleft size-medium wp-image-590\" title=\"KRISTINOSHKA 1\" src=\"\/2010\/wp-content\/uploads\/2010\/09\/KRISTINOSHKA-1-225x300.jpg\" alt=\"\" width=\"225\" height=\"300\" srcset=\"https:\/\/muntdemots.org\/2010\/wp-content\/uploads\/2010\/09\/KRISTINOSHKA-1-225x300.jpg 225w, https:\/\/muntdemots.org\/2010\/wp-content\/uploads\/2010\/09\/KRISTINOSHKA-1-768x1024.jpg 768w, https:\/\/muntdemots.org\/2010\/wp-content\/uploads\/2010\/09\/KRISTINOSHKA-1.jpg 1920w\" sizes=\"(max-width: 225px) 100vw, 225px\" \/><\/a><br \/>\n<\/span><\/span><\/p>\n","protected":false},"excerpt":{"rendered":"<p>Narradora catalana de padres sevillanos, presenta a veces una extra\u00f1a espontaneidad ling\u00fc\u00edstica que tira al serbio. Ha sido acusada muchas veces de tener la cabeza llena de p\u00e1jaros y \u00e9stos la han llevado a moverse entre artes, educaciones y terapias\u2026 Todas en plural y mezcladas, todas con cuentos de por medio.\u00a0 Narra desde el 2002 [&hellip;]<\/p>\n","protected":false},"author":1,"featured_media":0,"parent":0,"menu_order":0,"comment_status":"open","ping_status":"open","template":"","meta":[],"_links":{"self":[{"href":"http:\/\/muntdemots.org\/2010\/wp-json\/wp\/v2\/pages\/589"}],"collection":[{"href":"http:\/\/muntdemots.org\/2010\/wp-json\/wp\/v2\/pages"}],"about":[{"href":"http:\/\/muntdemots.org\/2010\/wp-json\/wp\/v2\/types\/page"}],"author":[{"embeddable":true,"href":"http:\/\/muntdemots.org\/2010\/wp-json\/wp\/v2\/users\/1"}],"replies":[{"embeddable":true,"href":"http:\/\/muntdemots.org\/2010\/wp-json\/wp\/v2\/comments?post=589"}],"version-history":[{"count":10,"href":"http:\/\/muntdemots.org\/2010\/wp-json\/wp\/v2\/pages\/589\/revisions"}],"predecessor-version":[{"id":2072,"href":"http:\/\/muntdemots.org\/2010\/wp-json\/wp\/v2\/pages\/589\/revisions\/2072"}],"wp:attachment":[{"href":"http:\/\/muntdemots.org\/2010\/wp-json\/wp\/v2\/media?parent=589"}],"curies":[{"name":"wp","href":"https:\/\/api.w.org\/{rel}","templated":true}]}}

Kristinoshka García

<p>Narradora catalana de padres sevillanos, presenta a veces una extraña espontaneidad lingüística que tira al serbio. Ha sido acusada muchas veces de tener la cabeza llena de pájaros y éstos la han llevado a moverse entre artes, educaciones y terapias… Todas en plural y mezcladas, todas con cuentos de por medio.  Narra desde el 2002 y ha trabajado habitualmente en proyectos de animación a la lectura.</p>
<p><span style="color: #ffffff;">.</span></p>
<p><strong>PIES Y PÁJAROS</strong></p>
<p><span style="color: #ff0000;"><strong>Canvi d’últim moment. Enlloc d’actuar <a title="Kristinoshka García" href="../kristinoshka-garcia/">Kristinoshka García</a> podreu gaudir de la narradora veneçolana Mónica Martínez Paz aquesta nit al Bar Macondo. </strong></span></p>
<p>Pájaros enjaulados, pies calzados;  piar de ideas, pasos resonando… De cuentos populares de rojo intenso a brevedades de libro, quizá azul. Palabras para compartir los pájaros en la cabeza  que miran a las nubes, y las pisadas de los pies descalzos que han andado por la tierra desnuda.<br />
<em>Dia: Dimarts 19<br />
Hora: 22:15hrs<br />
Lloc: </em><a href="http://www.myspace.com/barmacondo" target="_blank">MACONDO BAR</a><a href="http://www.centreshg.net/taxonera" target="_blank"><br />
</a><a href="http://w20.bcn.cat/Guiamap/Default.aspx#x=31563.246&amp;y=85197.07&amp;z=5&amp;c=K014K015K001K002K003K011K013K006&amp;w=1057&amp;h=442&amp;p=31563.246,85197.07" target="_blank">¿Cómo llegar?</a></p>
<p><span style="color: #ffffff;">.</span></p>
<p><span style="font-size: small;"><span style="color: #000000;"><a href="/2010/wp-content/uploads/2010/09/KRISTINOSHKA-1.jpg"><img decoding="async" loading="lazy" class="alignleft size-medium wp-image-590" title="KRISTINOSHKA 1" src="/2010/wp-content/uploads/2010/09/KRISTINOSHKA-1-225x300.jpg" alt="" width="225" height="300" srcset="https://muntdemots.org/2010/wp-content/uploads/2010/09/KRISTINOSHKA-1-225x300.jpg 225w, https://muntdemots.org/2010/wp-content/uploads/2010/09/KRISTINOSHKA-1-768x1024.jpg 768w, https://muntdemots.org/2010/wp-content/uploads/2010/09/KRISTINOSHKA-1.jpg 1920w" sizes="(max-width: 225px) 100vw, 225px" /></a><br />
</span></span></p>

<p>Narradora catalana de padres sevillanos, presenta a veces una extraña espontaneidad lingüística que tira al serbio. Ha sido acusada muchas veces de tener la cabeza llena de pájaros y éstos la han llevado a moverse entre artes, educaciones y terapias… Todas en plural y mezcladas, todas con cuentos de por medio.  Narra desde el 2002 [&hellip;]</p>
