{"id":544,"date":"2010-09-12T22:07:08","date_gmt":"2010-09-12T22:07:08","guid":{"rendered":"http:\/\/www.muntdemots.org\/"},"modified":"2010-09-30T16:38:41","modified_gmt":"2010-09-30T16:38:41","slug":"esther-pozo-vives","status":"publish","type":"page","link":"http:\/\/muntdemots.org\/2010\/esther-pozo-vives\/","title":{"rendered":"Esther Pozo Vives"},"content":{"rendered":"<p>Bibliotec\u00e0ria  de professi\u00f3, m\u00e0ster en Literatura Infantil, i narradora oral (nivells  I,II,III dels tallers Cuentaconmigo). Des de l\u2019any 2004 em dedico a  regalar hist\u00f2ries als m\u00e9s menuts, sempre des de la m\u00e9s absoluta  senzillesa per a recalcar el poder de les paraules. He participat en el  programa Sac de Rondalles de les Biblioteques de Barcelona (2008-2010) i  en la I Trobada de Narradors Orals (Barcelona, 2008).<\/p>\n<p><span style=\"color: #ffffff;\">.<\/span><\/p>\n<p><strong>IMAGINACONTES<\/strong><\/p>\n<p>Historias para ni\u00f1os y ni\u00f1as, contadas por varios de los mejores   Cuentacuentos surgidos de los talleres de formaci\u00f3n que se imparten en   las bibliotecas y centros c\u00edvicos de Barcelona: Esther Pozo Vives, Juntos pero  no revueltos, M\u00f3nica Mart\u00ednez Paz, Pili Romano, Raquel de Manuel Mur, Som 3  de 3&#8230;<br \/>\nCuentos para toda la familia, en los que los y las Cuentacuentos ponen   las palabras y el p\u00fablico asistente s\u00f3lo debe dejarse llevar por su   propia imaginaci\u00f3n.<em><br \/>\nDia: Dissabte 16<br \/>\nHora: 11:00hrs<br \/>\nLloc: <\/em><a href=\"http:\/\/obrasocial.lacaixa.es\/nuestroscentros\/caixaforumbarcelona\/elcentro_es.html\" target=\"_blank\">CAIXA FORUM (CALLE MODERNISTA)<\/a><a href=\"http:\/\/www.centreshg.net\/taxonera\" target=\"_blank\"><br \/>\n<\/a><a href=\"http:\/\/w20.bcn.cat\/Guiamap\/Default.aspx#x=28974.653&amp;y=80528.805&amp;z=5&amp;c=K014K015K001K002K003K011K013K006&amp;w=1057&amp;h=442&amp;p=28974.653,80528.805\" target=\"_blank\">\u00bfC\u00f3mo llegar?<\/a><a href=\"http:\/\/w20.bcn.cat\/Guiamap\/Default.aspx#x=30109.788&amp;y=80868.613&amp;z=5&amp;c=K014K015K001K002K003K011K013K006&amp;w=1057&amp;h=442&amp;p=30109.788,80868.613\" target=\"_blank\"><br \/>\n<\/a><\/p>\n<p><span style=\"color: #ffffff;\">.<\/span><\/p>\n<p><strong>CASTANYES I CONTES AMB BANYES<\/strong><\/p>\n<p>Agafeu  un coix\u00ed, seieu c\u00f2modes i deixeu-vos portar fins a una cabanya enmig  del bosc on un llop rondinaire canviar\u00e0 el seu men\u00fa despr\u00e9s d\u2019una  trobada sorpresa, quan acabem coneixereu a un petit conill d\u2019all\u00f2 m\u00e9s  mal parlat que ens far\u00e0 riure a tots amb les seves ocurr\u00e8ncies i a la  fi, podreu acostar-vos fins a la lluna i esbrinar de qu\u00e8 t\u00e9 gust aquesta  amiga juganera que ens il\u00b7lumina cada nit.<br \/>\n<em>Dia: Diumenge 17<br \/>\nHora: 12:00hrs<br \/>\nLloc: <\/em><a href=\"http:\/\/w3.bcn.es\/V51\/Home\/V51HomeLinkPl\/0,3989,526634255,00.html\" target=\"_blank\">BIBLIOTECA EL CARMEL- JUAN MARS\u00c9<\/a><a href=\"http:\/\/www.centreshg.net\/taxonera\" target=\"_blank\"><br \/>\n<\/a><a href=\"http:\/\/w20.bcn.cat\/Guiamap\/Default.aspx#x=29490.304&amp;y=86042.169&amp;z=5&amp;c=K014K015K001K002K003K011K013K006&amp;w=1057&amp;h=442&amp;p=29490.304,86042.169\" target=\"_blank\">\u00bfC\u00f3mo llegar?<\/a><\/p>\n<p><span style=\"color: #ffffff;\">.<\/span><\/p>\n<p><a href=\"\/2010\/wp-content\/uploads\/2010\/09\/ESTHER-POZO.jpg\"><img decoding=\"async\" loading=\"lazy\" class=\"alignleft size-medium wp-image-545\" title=\"ESTHER POZO\" src=\"\/2010\/wp-content\/uploads\/2010\/09\/ESTHER-POZO-300x225.jpg\" alt=\"\" width=\"300\" height=\"225\" srcset=\"https:\/\/muntdemots.org\/2010\/wp-content\/uploads\/2010\/09\/ESTHER-POZO-300x225.jpg 300w, https:\/\/muntdemots.org\/2010\/wp-content\/uploads\/2010\/09\/ESTHER-POZO-1024x768.jpg 1024w\" sizes=\"(max-width: 300px) 100vw, 300px\" \/><\/a><\/p>\n","protected":false},"excerpt":{"rendered":"<p>Bibliotec\u00e0ria de professi\u00f3, m\u00e0ster en Literatura Infantil, i narradora oral (nivells I,II,III dels tallers Cuentaconmigo). Des de l\u2019any 2004 em dedico a regalar hist\u00f2ries als m\u00e9s menuts, sempre des de la m\u00e9s absoluta senzillesa per a recalcar el poder de les paraules. He participat en el programa Sac de Rondalles de les Biblioteques de Barcelona [&hellip;]<\/p>\n","protected":false},"author":1,"featured_media":0,"parent":0,"menu_order":0,"comment_status":"open","ping_status":"open","template":"","meta":[],"_links":{"self":[{"href":"http:\/\/muntdemots.org\/2010\/wp-json\/wp\/v2\/pages\/544"}],"collection":[{"href":"http:\/\/muntdemots.org\/2010\/wp-json\/wp\/v2\/pages"}],"about":[{"href":"http:\/\/muntdemots.org\/2010\/wp-json\/wp\/v2\/types\/page"}],"author":[{"embeddable":true,"href":"http:\/\/muntdemots.org\/2010\/wp-json\/wp\/v2\/users\/1"}],"replies":[{"embeddable":true,"href":"http:\/\/muntdemots.org\/2010\/wp-json\/wp\/v2\/comments?post=544"}],"version-history":[{"count":6,"href":"http:\/\/muntdemots.org\/2010\/wp-json\/wp\/v2\/pages\/544\/revisions"}],"predecessor-version":[{"id":1659,"href":"http:\/\/muntdemots.org\/2010\/wp-json\/wp\/v2\/pages\/544\/revisions\/1659"}],"wp:attachment":[{"href":"http:\/\/muntdemots.org\/2010\/wp-json\/wp\/v2\/media?parent=544"}],"curies":[{"name":"wp","href":"https:\/\/api.w.org\/{rel}","templated":true}]}}

<p>Bibliotecària  de professió, màster en Literatura Infantil, i narradora oral (nivells  I,II,III dels tallers Cuentaconmigo). Des de l’any 2004 em dedico a  regalar històries als més menuts, sempre des de la més absoluta  senzillesa per a recalcar el poder de les paraules. He participat en el  programa Sac de Rondalles de les Biblioteques de Barcelona (2008-2010) i  en la I Trobada de Narradors Orals (Barcelona, 2008).</p>
<p><span style="color: #ffffff;">.</span></p>
<p><strong>IMAGINACONTES</strong></p>
<p>Historias para niños y niñas, contadas por varios de los mejores   Cuentacuentos surgidos de los talleres de formación que se imparten en   las bibliotecas y centros cívicos de Barcelona: Esther Pozo Vives, Juntos pero  no revueltos, Mónica Martínez Paz, Pili Romano, Raquel de Manuel Mur, Som 3  de 3&#8230;<br />
Cuentos para toda la familia, en los que los y las Cuentacuentos ponen   las palabras y el público asistente sólo debe dejarse llevar por su   propia imaginación.<em><br />
Dia: Dissabte 16<br />
Hora: 11:00hrs<br />
Lloc: </em><a href="http://obrasocial.lacaixa.es/nuestroscentros/caixaforumbarcelona/elcentro_es.html" target="_blank">CAIXA FORUM (CALLE MODERNISTA)</a><a href="http://www.centreshg.net/taxonera" target="_blank"><br />
</a><a href="http://w20.bcn.cat/Guiamap/Default.aspx#x=28974.653&amp;y=80528.805&amp;z=5&amp;c=K014K015K001K002K003K011K013K006&amp;w=1057&amp;h=442&amp;p=28974.653,80528.805" target="_blank">¿Cómo llegar?</a><a href="http://w20.bcn.cat/Guiamap/Default.aspx#x=30109.788&amp;y=80868.613&amp;z=5&amp;c=K014K015K001K002K003K011K013K006&amp;w=1057&amp;h=442&amp;p=30109.788,80868.613" target="_blank"><br />
</a></p>
<p><span style="color: #ffffff;">.</span></p>
<p><strong>CASTANYES I CONTES AMB BANYES</strong></p>
<p>Agafeu  un coixí, seieu còmodes i deixeu-vos portar fins a una cabanya enmig  del bosc on un llop rondinaire canviarà el seu menú després d’una  trobada sorpresa, quan acabem coneixereu a un petit conill d’allò més  mal parlat que ens farà riure a tots amb les seves ocurrències i a la  fi, podreu acostar-vos fins a la lluna i esbrinar de què té gust aquesta  amiga juganera que ens il·lumina cada nit.<br />
<em>Dia: Diumenge 17<br />
Hora: 12:00hrs<br />
Lloc: </em><a href="http://w3.bcn.es/V51/Home/V51HomeLinkPl/0,3989,526634255,00.html" target="_blank">BIBLIOTECA EL CARMEL- JUAN MARSÉ</a><a href="http://www.centreshg.net/taxonera" target="_blank"><br />
</a><a href="http://w20.bcn.cat/Guiamap/Default.aspx#x=29490.304&amp;y=86042.169&amp;z=5&amp;c=K014K015K001K002K003K011K013K006&amp;w=1057&amp;h=442&amp;p=29490.304,86042.169" target="_blank">¿Cómo llegar?</a></p>
<p><span style="color: #ffffff;">.</span></p>
<p><a href="/2010/wp-content/uploads/2010/09/ESTHER-POZO.jpg"><img decoding="async" loading="lazy" class="alignleft size-medium wp-image-545" title="ESTHER POZO" src="/2010/wp-content/uploads/2010/09/ESTHER-POZO-300x225.jpg" alt="" width="300" height="225" srcset="https://muntdemots.org/2010/wp-content/uploads/2010/09/ESTHER-POZO-300x225.jpg 300w, https://muntdemots.org/2010/wp-content/uploads/2010/09/ESTHER-POZO-1024x768.jpg 1024w" sizes="(max-width: 300px) 100vw, 300px" /></a></p>

<p>Bibliotecària de professió, màster en Literatura Infantil, i narradora oral (nivells I,II,III dels tallers Cuentaconmigo). Des de l’any 2004 em dedico a regalar històries als més menuts, sempre des de la més absoluta senzillesa per a recalcar el poder de les paraules. He participat en el programa Sac de Rondalles de les Biblioteques de Barcelona [&hellip;]</p>
