{"id":390,"date":"2010-09-07T08:13:21","date_gmt":"2010-09-07T08:13:21","guid":{"rendered":"http:\/\/www.muntdemots.org\/"},"modified":"2010-09-25T18:08:41","modified_gmt":"2010-09-25T18:08:41","slug":"yoshihira-hioki","status":"publish","type":"page","link":"http:\/\/muntdemots.org\/2010\/yoshihira-hioki\/","title":{"rendered":"Yoshihira Hioki"},"content":{"rendered":"<p>(Jap\u00f3). Pintor i narrador resident a Barcelona des del 1991. Llicenciat en Belles Arts per la Universitat de Barcelona. Desenvolupa diverses activitats com a conferenciant i docent per al Museu Etnol\u00f2gic de Barcelona i per a la Casa \u00c0sia. A partir del 1999 es dedica a explicar principalment contes, mites, llegendes i relats literaris de totes les \u00e8poques del seu pa\u00eds, Jap\u00f3.<\/p>\n<p><span style=\"color: #ffffff;\">.<\/span><\/p>\n<p><strong>MIL ESCAMAS DEL DRAG\u00d3N, MIL CUENTOS DEL JAP\u00d3N<\/strong><\/p>\n<p><strong> <\/strong><\/p>\n<p>Hi ha qui diu que Jap\u00f3 \u00e9s en realitat un drac profundament adormit, que en les seves grans escames de mirall va guardant reflexos dels esdeveniments mundans per a despr\u00e9s convertir-los en somni. Qu\u00e8 tal si fem una ullada a unes quantes escames de drac? Potser aquesta nit ens mostraran algunes hist\u00f2ries interessants&#8230;<br \/>\n<em>Dia: Dimecres 20<br \/>\nHora: 19:00hs<br \/>\nLloc: <\/em><a href=\"http:\/\/w3.bcn.es\/V51\/Home\/V51HomeLinkPl\/0,3989,171936303,00.html\" target=\"_blank\">BIBLIOTECA FORT PIENC<\/a><a href=\"..\/cuentae-linguae\/www.bcn.cat\/centrecivicpatillimona\" target=\"_blank\"><br \/>\n<\/a><a href=\"http:\/\/w20.bcn.cat\/Guiamap\/Default.aspx#x=32342.902&amp;y=88723.621&amp;z=5&amp;c=K014K015K001K002K003K011K013K006&amp;w=1057&amp;h=442&amp;p=32342.902,88723.621\" target=\"_blank\">\u00bfC\u00f3mo llegar?<\/a><\/p>\n<p><span style=\"color: #ffffff;\">.<\/span><\/p>\n<p><strong> <\/strong><\/p>\n<p><strong> <\/strong><\/p>\n<p><strong>CUENTAE LINGUAE<\/strong><\/p>\n<p>\u00bfPueden  las historias incluso traspasar la barrera del idioma? Esto  es lo que  comprobaremos en esta sesi\u00f3n sacada directamente de la Torre  de Babel.  Cuentos en distintas lenguas, para disfrutar de la  musicalidad de las  palabras y darnos cuenta de que entendemos todo,  todo lo que nos est\u00e1n  contando\u2026<\/p>\n<p><strong> <\/strong><\/p>\n<p><strong>Con la participaci\u00f3n de<\/strong><\/p>\n<p>Mar\u00eda  Grazia Celso (Italiano), Ainara Bilbao (Euskera), Furafollas  (Gallego),  Monika Klose (Alem\u00e1n), Carine Dubois (Franc\u00e9s), Yoshi Hioki  (Japon\u00e9s),  Carol Westerman (Ingl\u00e9s), Mariona Vilanova (Lengua de Signos  Catalana.  Traducci\u00f3n a viva voz: Esther Pozo)<br \/>\n<em>Dia: Dissabte 23<br \/>\nHora: 19:00hs<br \/>\nLloc: <\/em><a href=\"http:\/\/www.bcn.cat\/centrecivicpatillimona\" target=\"_blank\">C. C. PATI LL\u00cdMONA<\/a><a href=\"..\/cuentae-linguae\/www.bcn.cat\/centrecivicpatillimona\" target=\"_blank\"><br \/>\n<\/a><a href=\"http:\/\/w20.bcn.cat\/Guiamap\/Default.aspx#x=31446.088&amp;y=81641.358&amp;z=5&amp;c=K014K015K001K002K003K011K013K006&amp;w=1057&amp;h=442&amp;p=31446.088,81641.358\" target=\"_blank\">\u00bfC\u00f3mo llegar?<\/a><\/p>\n<p><span style=\"color: #ffffff;\">.<\/span><\/p>\n<p><em><a href=\"\/2010\/wp-content\/uploads\/2010\/09\/YOSHIHIRA-HIOKI-2.jpg\"><img decoding=\"async\" loading=\"lazy\" class=\"alignnone size-full wp-image-391\" title=\"YOSHIHIRA HIOKI 2\" src=\"\/2010\/wp-content\/uploads\/2010\/09\/YOSHIHIRA-HIOKI-2.jpg\" alt=\"\" width=\"300\" height=\"199\" \/><\/a><br \/>\n<\/em><\/p>\n","protected":false},"excerpt":{"rendered":"<p>(Jap\u00f3). Pintor i narrador resident a Barcelona des del 1991. Llicenciat en Belles Arts per la Universitat de Barcelona. Desenvolupa diverses activitats com a conferenciant i docent per al Museu Etnol\u00f2gic de Barcelona i per a la Casa \u00c0sia. A partir del 1999 es dedica a explicar principalment contes, mites, llegendes i relats literaris de [&hellip;]<\/p>\n","protected":false},"author":1,"featured_media":0,"parent":0,"menu_order":0,"comment_status":"open","ping_status":"open","template":"","meta":[],"_links":{"self":[{"href":"http:\/\/muntdemots.org\/2010\/wp-json\/wp\/v2\/pages\/390"}],"collection":[{"href":"http:\/\/muntdemots.org\/2010\/wp-json\/wp\/v2\/pages"}],"about":[{"href":"http:\/\/muntdemots.org\/2010\/wp-json\/wp\/v2\/types\/page"}],"author":[{"embeddable":true,"href":"http:\/\/muntdemots.org\/2010\/wp-json\/wp\/v2\/users\/1"}],"replies":[{"embeddable":true,"href":"http:\/\/muntdemots.org\/2010\/wp-json\/wp\/v2\/comments?post=390"}],"version-history":[{"count":5,"href":"http:\/\/muntdemots.org\/2010\/wp-json\/wp\/v2\/pages\/390\/revisions"}],"predecessor-version":[{"id":1011,"href":"http:\/\/muntdemots.org\/2010\/wp-json\/wp\/v2\/pages\/390\/revisions\/1011"}],"wp:attachment":[{"href":"http:\/\/muntdemots.org\/2010\/wp-json\/wp\/v2\/media?parent=390"}],"curies":[{"name":"wp","href":"https:\/\/api.w.org\/{rel}","templated":true}]}}

<p>(Japó). Pintor i narrador resident a Barcelona des del 1991. Llicenciat en Belles Arts per la Universitat de Barcelona. Desenvolupa diverses activitats com a conferenciant i docent per al Museu Etnològic de Barcelona i per a la Casa Àsia. A partir del 1999 es dedica a explicar principalment contes, mites, llegendes i relats literaris de totes les èpoques del seu país, Japó.</p>
<p><span style="color: #ffffff;">.</span></p>
<p><strong>MIL ESCAMAS DEL DRAGÓN, MIL CUENTOS DEL JAPÓN</strong></p>
<p><strong> </strong></p>
<p>Hi ha qui diu que Japó és en realitat un drac profundament adormit, que en les seves grans escames de mirall va guardant reflexos dels esdeveniments mundans per a després convertir-los en somni. Què tal si fem una ullada a unes quantes escames de drac? Potser aquesta nit ens mostraran algunes històries interessants&#8230;<br />
<em>Dia: Dimecres 20<br />
Hora: 19:00hs<br />
Lloc: </em><a href="http://w3.bcn.es/V51/Home/V51HomeLinkPl/0,3989,171936303,00.html" target="_blank">BIBLIOTECA FORT PIENC</a><a href="../cuentae-linguae/www.bcn.cat/centrecivicpatillimona" target="_blank"><br />
</a><a href="http://w20.bcn.cat/Guiamap/Default.aspx#x=32342.902&amp;y=88723.621&amp;z=5&amp;c=K014K015K001K002K003K011K013K006&amp;w=1057&amp;h=442&amp;p=32342.902,88723.621" target="_blank">¿Cómo llegar?</a></p>
<p><span style="color: #ffffff;">.</span></p>
<p><strong> </strong></p>
<p><strong> </strong></p>
<p><strong>CUENTAE LINGUAE</strong></p>
<p>¿Pueden  las historias incluso traspasar la barrera del idioma? Esto  es lo que  comprobaremos en esta sesión sacada directamente de la Torre  de Babel.  Cuentos en distintas lenguas, para disfrutar de la  musicalidad de las  palabras y darnos cuenta de que entendemos todo,  todo lo que nos están  contando…</p>
<p><strong> </strong></p>
<p><strong>Con la participación de</strong></p>
<p>María  Grazia Celso (Italiano), Ainara Bilbao (Euskera), Furafollas  (Gallego),  Monika Klose (Alemán), Carine Dubois (Francés), Yoshi Hioki  (Japonés),  Carol Westerman (Inglés), Mariona Vilanova (Lengua de Signos  Catalana.  Traducción a viva voz: Esther Pozo)<br />
<em>Dia: Dissabte 23<br />
Hora: 19:00hs<br />
Lloc: </em><a href="http://www.bcn.cat/centrecivicpatillimona" target="_blank">C. C. PATI LLÍMONA</a><a href="../cuentae-linguae/www.bcn.cat/centrecivicpatillimona" target="_blank"><br />
</a><a href="http://w20.bcn.cat/Guiamap/Default.aspx#x=31446.088&amp;y=81641.358&amp;z=5&amp;c=K014K015K001K002K003K011K013K006&amp;w=1057&amp;h=442&amp;p=31446.088,81641.358" target="_blank">¿Cómo llegar?</a></p>
<p><span style="color: #ffffff;">.</span></p>
<p><em><a href="/2010/wp-content/uploads/2010/09/YOSHIHIRA-HIOKI-2.jpg"><img decoding="async" loading="lazy" class="alignnone size-full wp-image-391" title="YOSHIHIRA HIOKI 2" src="/2010/wp-content/uploads/2010/09/YOSHIHIRA-HIOKI-2.jpg" alt="" width="300" height="199" /></a><br />
</em></p>

<p>(Japó). Pintor i narrador resident a Barcelona des del 1991. Llicenciat en Belles Arts per la Universitat de Barcelona. Desenvolupa diverses activitats com a conferenciant i docent per al Museu Etnològic de Barcelona i per a la Casa Àsia. A partir del 1999 es dedica a explicar principalment contes, mites, llegendes i relats literaris de [&hellip;]</p>
