{"id":387,"date":"2010-09-07T08:11:59","date_gmt":"2010-09-07T08:11:59","guid":{"rendered":"http:\/\/www.muntdemots.org\/"},"modified":"2010-09-25T17:41:09","modified_gmt":"2010-09-25T17:41:09","slug":"willo","status":"publish","type":"page","link":"http:\/\/muntdemots.org\/2010\/willo\/","title":{"rendered":"Willo"},"content":{"rendered":"<p><a href=\"http:\/\/www.willoteatro.com\/\">http:\/\/www.willoteatro.com\/<\/a><\/p>\n<p>Conta contes, actor i mim. El seu treball li ha perm\u00e8s con\u00e8ixer diferents tipus de p\u00fablic, de maneres de pensar, de comportaments socials. Enriquiment cultural mutu entre l\u2019Europa que el va acollir fa 13 anys (Fran\u00e7a, Su\u00efssa i Espanya) i el sabor de les seves arrels colombianes, a les que, de tant en tant, retorna com a resposta a la crida del seu<em> terru\u00f1o<\/em>, del que mai n\u2019hi ha partit del tot.<\/p>\n<p><span style=\"color: #ffffff;\">.<\/span><\/p>\n<p><strong>CADA LOCO CON SU CUENTO<\/strong><br \/>\n\u00c9s un muntatge de <em>cuenter\u00eda<\/em> on es combinen diferents recursos teatrals, ambients narratius, la utilitzaci\u00f3 d\u2019alguns accessoris, l\u2019acompanyament sonor de certs moments que, -juntament amb el joc de la paraula, les descripcions corporals i gestuals-, ens recreen les diferents atmosferes, sensacions i mons d\u2019aquest boig recorregut de relats.<br \/>\n<em>Dia: Divendres 22<br \/>\nHora: 19:00hrs<br \/>\nLloc: <\/em><a href=\"http:\/\/w3.bcn.es\/XMLServeis\/Asia\/XMLFitxaAsiaCtl\/0,4122,370084977_424430559_2_92086004593,00.html?tipusEnllac=equipament&amp;idFitxa=92086004593&amp;nomesFitxa=true\" target=\"_blank\">SALA DE LECTURA DEL CLOT<\/a><a href=\"http:\/\/www.centreshg.net\/taxonera\" target=\"_blank\"><br \/>\n<\/a><a href=\"http:\/\/w20.bcn.cat\/Guiamap\/Default.aspx#x=32184.155&amp;y=84437.486&amp;z=5&amp;c=K014K015K001K002K003K011K013K006&amp;w=1057&amp;h=442&amp;p=32184.155,84437.486\" target=\"_blank\">\u00bfC\u00f3mo llegar?<\/a><\/p>\n<p><span style=\"color: #ffffff;\">.<\/span><\/p>\n<p><a href=\"\/2010\/wp-content\/uploads\/2010\/09\/willo.jpg\"><img decoding=\"async\" loading=\"lazy\" class=\"alignnone size-full wp-image-388\" title=\"willo\" src=\"\/2010\/wp-content\/uploads\/2010\/09\/willo.jpg\" alt=\"\" width=\"200\" height=\"220\" \/><\/a><\/p>\n","protected":false},"excerpt":{"rendered":"<p>http:\/\/www.willoteatro.com\/ Conta contes, actor i mim. El seu treball li ha perm\u00e8s con\u00e8ixer diferents tipus de p\u00fablic, de maneres de pensar, de comportaments socials. Enriquiment cultural mutu entre l\u2019Europa que el va acollir fa 13 anys (Fran\u00e7a, Su\u00efssa i Espanya) i el sabor de les seves arrels colombianes, a les que, de tant en tant, [&hellip;]<\/p>\n","protected":false},"author":1,"featured_media":0,"parent":0,"menu_order":0,"comment_status":"open","ping_status":"open","template":"","meta":[],"_links":{"self":[{"href":"http:\/\/muntdemots.org\/2010\/wp-json\/wp\/v2\/pages\/387"}],"collection":[{"href":"http:\/\/muntdemots.org\/2010\/wp-json\/wp\/v2\/pages"}],"about":[{"href":"http:\/\/muntdemots.org\/2010\/wp-json\/wp\/v2\/types\/page"}],"author":[{"embeddable":true,"href":"http:\/\/muntdemots.org\/2010\/wp-json\/wp\/v2\/users\/1"}],"replies":[{"embeddable":true,"href":"http:\/\/muntdemots.org\/2010\/wp-json\/wp\/v2\/comments?post=387"}],"version-history":[{"count":6,"href":"http:\/\/muntdemots.org\/2010\/wp-json\/wp\/v2\/pages\/387\/revisions"}],"predecessor-version":[{"id":1171,"href":"http:\/\/muntdemots.org\/2010\/wp-json\/wp\/v2\/pages\/387\/revisions\/1171"}],"wp:attachment":[{"href":"http:\/\/muntdemots.org\/2010\/wp-json\/wp\/v2\/media?parent=387"}],"curies":[{"name":"wp","href":"https:\/\/api.w.org\/{rel}","templated":true}]}}

<p><a href="http://www.willoteatro.com/">http://www.willoteatro.com/</a></p>
<p>Conta contes, actor i mim. El seu treball li ha permès conèixer diferents tipus de públic, de maneres de pensar, de comportaments socials. Enriquiment cultural mutu entre l’Europa que el va acollir fa 13 anys (França, Suïssa i Espanya) i el sabor de les seves arrels colombianes, a les que, de tant en tant, retorna com a resposta a la crida del seu<em> terruño</em>, del que mai n’hi ha partit del tot.</p>
<p><span style="color: #ffffff;">.</span></p>
<p><strong>CADA LOCO CON SU CUENTO</strong><br />
És un muntatge de <em>cuentería</em> on es combinen diferents recursos teatrals, ambients narratius, la utilització d’alguns accessoris, l’acompanyament sonor de certs moments que, -juntament amb el joc de la paraula, les descripcions corporals i gestuals-, ens recreen les diferents atmosferes, sensacions i mons d’aquest boig recorregut de relats.<br />
<em>Dia: Divendres 22<br />
Hora: 19:00hrs<br />
Lloc: </em><a href="http://w3.bcn.es/XMLServeis/Asia/XMLFitxaAsiaCtl/0,4122,370084977_424430559_2_92086004593,00.html?tipusEnllac=equipament&amp;idFitxa=92086004593&amp;nomesFitxa=true" target="_blank">SALA DE LECTURA DEL CLOT</a><a href="http://www.centreshg.net/taxonera" target="_blank"><br />
</a><a href="http://w20.bcn.cat/Guiamap/Default.aspx#x=32184.155&amp;y=84437.486&amp;z=5&amp;c=K014K015K001K002K003K011K013K006&amp;w=1057&amp;h=442&amp;p=32184.155,84437.486" target="_blank">¿Cómo llegar?</a></p>
<p><span style="color: #ffffff;">.</span></p>
<p><a href="/2010/wp-content/uploads/2010/09/willo.jpg"><img decoding="async" loading="lazy" class="alignnone size-full wp-image-388" title="willo" src="/2010/wp-content/uploads/2010/09/willo.jpg" alt="" width="200" height="220" /></a></p>

<p>http://www.willoteatro.com/ Conta contes, actor i mim. El seu treball li ha permès conèixer diferents tipus de públic, de maneres de pensar, de comportaments socials. Enriquiment cultural mutu entre l’Europa que el va acollir fa 13 anys (França, Suïssa i Espanya) i el sabor de les seves arrels colombianes, a les que, de tant en tant, [&hellip;]</p>
