{"id":383,"date":"2010-09-07T08:09:08","date_gmt":"2010-09-07T08:09:08","guid":{"rendered":"http:\/\/www.muntdemots.org\/"},"modified":"2010-09-25T18:56:20","modified_gmt":"2010-09-25T18:56:20","slug":"maracala","status":"publish","type":"page","link":"http:\/\/muntdemots.org\/2010\/maracala\/","title":{"rendered":"Maracal\u00e0"},"content":{"rendered":"<p><a href=\"http:\/\/maracala-maracala.blogspot.com\/\" target=\"_blank\">http:\/\/maracala-maracala.blogspot.com<\/a><\/p>\n<p>Format per alumnes dels tallers Atrapa La Paraula de la xarxa de biblioteques de Barcelona, i units per l\u2019amor als Contes i a la Narraci\u00f3. Contem contes per a nens i nenes de totes les edats, p\u00fablic familiar, joves i grans. Som un grup coral on cada un s\u2019expressa amb veu i estil propis, per\u00f2 amb l\u2019objectiu com\u00fa de fer arribar a tothom la M\u00e0gia de la Paraula.<\/p>\n<p><span style=\"color: #ffffff;\">.<\/span><\/p>\n<p><strong>MARAT\u00d3N DE CUENTOS PARA NI\u00d1OS Y NI\u00d1AS<\/strong><\/p>\n<p>Una  ma\u00f1ana perfecta para sacar a pasear la imaginaci\u00f3n. Bocabadats,    Encantacontes, Maracal\u00e0 y Vivim del Cuentu, cuatro de los mejores  grupos   de narraci\u00f3n oral de Catalunya, desplegar\u00e1n todas sus artes  para   sorprender, alegrar, responder, reconfortar, so\u00f1ar. \u00a1Ni\u00f1os y  ni\u00f1as!:   prep\u00e1rense para ver lugares nunca antes vistos, animales que  hablan,\u00a0  \u00e1rboles que caminan, p\u00e1jaros que vuelan al rev\u00e9s\u2026<br \/>\n<em>Dia: Dissabte 23<br \/>\nHora: <\/em>11:00 \u2013 13:00hrs<br \/>\n<em> Lloc: <\/em><a href=\"http:\/\/www.bcn.cat\/centrecivicpatillimona\" target=\"_blank\">C. C. PATI LL\u00cdMONA<\/a><a href=\"http:\/\/www.bcn.cat\/centrecivicpatillimona\" target=\"_blank\"><br \/>\n<\/a><a href=\"http:\/\/w20.bcn.cat\/Guiamap\/Default.aspx#x=31446.088&amp;y=81641.358&amp;z=5&amp;c=K014K015K001K002K003K011K013K006&amp;w=1057&amp;h=442&amp;p=31446.088,81641.358\" target=\"_blank\">\u00bfC\u00f3mo llegar?<\/a><a href=\"www.bcn.cat\/centrecivicpatillimona\" target=\"_blank\"> <\/a><\/p>\n<p><span style=\"color: #ffffff;\">.<\/span><\/p>\n<p><a href=\"\/2010\/wp-content\/uploads\/2010\/09\/Grup-Maracala.jpg\"><img decoding=\"async\" loading=\"lazy\" class=\"alignnone size-medium wp-image-384\" title=\"Grup Maracala\" src=\"\/2010\/wp-content\/uploads\/2010\/09\/Grup-Maracala-300x215.jpg\" alt=\"\" width=\"300\" height=\"215\" srcset=\"https:\/\/muntdemots.org\/2010\/wp-content\/uploads\/2010\/09\/Grup-Maracala-300x215.jpg 300w, https:\/\/muntdemots.org\/2010\/wp-content\/uploads\/2010\/09\/Grup-Maracala.jpg 989w\" sizes=\"(max-width: 300px) 100vw, 300px\" \/><\/a><\/p>\n","protected":false},"excerpt":{"rendered":"<p>http:\/\/maracala-maracala.blogspot.com Format per alumnes dels tallers Atrapa La Paraula de la xarxa de biblioteques de Barcelona, i units per l\u2019amor als Contes i a la Narraci\u00f3. Contem contes per a nens i nenes de totes les edats, p\u00fablic familiar, joves i grans. Som un grup coral on cada un s\u2019expressa amb veu i estil propis, [&hellip;]<\/p>\n","protected":false},"author":1,"featured_media":0,"parent":0,"menu_order":0,"comment_status":"open","ping_status":"open","template":"","meta":[],"_links":{"self":[{"href":"http:\/\/muntdemots.org\/2010\/wp-json\/wp\/v2\/pages\/383"}],"collection":[{"href":"http:\/\/muntdemots.org\/2010\/wp-json\/wp\/v2\/pages"}],"about":[{"href":"http:\/\/muntdemots.org\/2010\/wp-json\/wp\/v2\/types\/page"}],"author":[{"embeddable":true,"href":"http:\/\/muntdemots.org\/2010\/wp-json\/wp\/v2\/users\/1"}],"replies":[{"embeddable":true,"href":"http:\/\/muntdemots.org\/2010\/wp-json\/wp\/v2\/comments?post=383"}],"version-history":[{"count":6,"href":"http:\/\/muntdemots.org\/2010\/wp-json\/wp\/v2\/pages\/383\/revisions"}],"predecessor-version":[{"id":1570,"href":"http:\/\/muntdemots.org\/2010\/wp-json\/wp\/v2\/pages\/383\/revisions\/1570"}],"wp:attachment":[{"href":"http:\/\/muntdemots.org\/2010\/wp-json\/wp\/v2\/media?parent=383"}],"curies":[{"name":"wp","href":"https:\/\/api.w.org\/{rel}","templated":true}]}}

Maracalà

<p><a href="http://maracala-maracala.blogspot.com/" target="_blank">http://maracala-maracala.blogspot.com</a></p>
<p>Format per alumnes dels tallers Atrapa La Paraula de la xarxa de biblioteques de Barcelona, i units per l’amor als Contes i a la Narració. Contem contes per a nens i nenes de totes les edats, públic familiar, joves i grans. Som un grup coral on cada un s’expressa amb veu i estil propis, però amb l’objectiu comú de fer arribar a tothom la Màgia de la Paraula.</p>
<p><span style="color: #ffffff;">.</span></p>
<p><strong>MARATÓN DE CUENTOS PARA NIÑOS Y NIÑAS</strong></p>
<p>Una  mañana perfecta para sacar a pasear la imaginación. Bocabadats,    Encantacontes, Maracalà y Vivim del Cuentu, cuatro de los mejores  grupos   de narración oral de Catalunya, desplegarán todas sus artes  para   sorprender, alegrar, responder, reconfortar, soñar. ¡Niños y  niñas!:   prepárense para ver lugares nunca antes vistos, animales que  hablan,   árboles que caminan, pájaros que vuelan al revés…<br />
<em>Dia: Dissabte 23<br />
Hora: </em>11:00 – 13:00hrs<br />
<em> Lloc: </em><a href="http://www.bcn.cat/centrecivicpatillimona" target="_blank">C. C. PATI LLÍMONA</a><a href="http://www.bcn.cat/centrecivicpatillimona" target="_blank"><br />
</a><a href="http://w20.bcn.cat/Guiamap/Default.aspx#x=31446.088&amp;y=81641.358&amp;z=5&amp;c=K014K015K001K002K003K011K013K006&amp;w=1057&amp;h=442&amp;p=31446.088,81641.358" target="_blank">¿Cómo llegar?</a><a href="www.bcn.cat/centrecivicpatillimona" target="_blank"> </a></p>
<p><span style="color: #ffffff;">.</span></p>
<p><a href="/2010/wp-content/uploads/2010/09/Grup-Maracala.jpg"><img decoding="async" loading="lazy" class="alignnone size-medium wp-image-384" title="Grup Maracala" src="/2010/wp-content/uploads/2010/09/Grup-Maracala-300x215.jpg" alt="" width="300" height="215" srcset="https://muntdemots.org/2010/wp-content/uploads/2010/09/Grup-Maracala-300x215.jpg 300w, https://muntdemots.org/2010/wp-content/uploads/2010/09/Grup-Maracala.jpg 989w" sizes="(max-width: 300px) 100vw, 300px" /></a></p>

<p>http://maracala-maracala.blogspot.com Format per alumnes dels tallers Atrapa La Paraula de la xarxa de biblioteques de Barcelona, i units per l’amor als Contes i a la Narració. Contem contes per a nens i nenes de totes les edats, públic familiar, joves i grans. Som un grup coral on cada un s’expressa amb veu i estil propis, [&hellip;]</p>
