{"id":380,"date":"2010-09-07T08:07:39","date_gmt":"2010-09-07T08:07:39","guid":{"rendered":"http:\/\/www.muntdemots.org\/"},"modified":"2010-09-25T18:53:15","modified_gmt":"2010-09-25T18:53:15","slug":"bocabadats","status":"publish","type":"page","link":"http:\/\/muntdemots.org\/2010\/bocabadats\/","title":{"rendered":"Bocabadats"},"content":{"rendered":"<p><a href=\"http:\/\/www.bocabadats.com\" target=\"_blank\">http:\/\/www.bocabadats.com<\/a><\/p>\n<p>Bocabadats neix a trav\u00e9s d\u2019un taller de narraci\u00f3 oral impartit per Rub\u00e9n Mart\u00ednez. Encara que ens acabem de formar com a grup, els components tenim molta hist\u00f2ria al darrere i molts contes contats i per explicar. Som un grup de conta contes amb molta il\u00b7lusi\u00f3 i moltes hist\u00f2ries dins del barret\u2026 per a grans i petits. Podem preparar-vos una sessi\u00f3 a mida o podeu escollir algun dels nostres espectacles.<\/p>\n<p><span style=\"color: #ffffff;\">.<\/span><\/p>\n<p><strong>MARAT\u00d3N DE CUENTOS PARA NI\u00d1OS Y NI\u00d1AS<\/strong><\/p>\n<p>Una  ma\u00f1ana perfecta para sacar a pasear la imaginaci\u00f3n. Bocabadats,   Encantacontes, Maracal\u00e0 y Vivim del Cuentu, cuatro de los mejores grupos   de narraci\u00f3n oral de Catalunya, desplegar\u00e1n todas sus artes para   sorprender, alegrar, responder, reconfortar, so\u00f1ar. \u00a1Ni\u00f1os y ni\u00f1as!:   prep\u00e1rense para ver lugares nunca antes vistos, animales que hablan,\u00a0  \u00e1rboles que caminan, p\u00e1jaros que vuelan al rev\u00e9s\u2026<br \/>\n<em>Dia: Dissabte 23<br \/>\nHora: <\/em>11:00 \u2013 13:00hrs<br \/>\n<em> Lloc: <\/em><a href=\"http:\/\/www.bcn.cat\/centrecivicpatillimona\" target=\"_blank\">C. C. PATI LL\u00cdMONA<\/a><a href=\"http:\/\/www.bcn.cat\/centrecivicpatillimona\" target=\"_blank\"><br \/>\n<\/a><a href=\"http:\/\/w20.bcn.cat\/Guiamap\/Default.aspx#x=31446.088&amp;y=81641.358&amp;z=5&amp;c=K014K015K001K002K003K011K013K006&amp;w=1057&amp;h=442&amp;p=31446.088,81641.358\" target=\"_blank\">\u00bfC\u00f3mo llegar?<\/a><a href=\"www.bcn.cat\/centrecivicpatillimona\" target=\"_blank\"> <\/a><\/p>\n<p><span style=\"color: #ffffff;\">.<\/span><\/p>\n<p><a href=\"\/2010\/wp-content\/uploads\/2010\/09\/bocabadats.jpg\"><img decoding=\"async\" loading=\"lazy\" class=\"alignnone size-full wp-image-381\" title=\"bocabadats\" src=\"\/2010\/wp-content\/uploads\/2010\/09\/bocabadats.jpg\" alt=\"\" width=\"300\" height=\"200\" \/><\/a><\/p>\n","protected":false},"excerpt":{"rendered":"<p>http:\/\/www.bocabadats.com Bocabadats neix a trav\u00e9s d\u2019un taller de narraci\u00f3 oral impartit per Rub\u00e9n Mart\u00ednez. Encara que ens acabem de formar com a grup, els components tenim molta hist\u00f2ria al darrere i molts contes contats i per explicar. Som un grup de conta contes amb molta il\u00b7lusi\u00f3 i moltes hist\u00f2ries dins del barret\u2026 per a grans [&hellip;]<\/p>\n","protected":false},"author":1,"featured_media":0,"parent":0,"menu_order":0,"comment_status":"open","ping_status":"open","template":"","meta":[],"_links":{"self":[{"href":"http:\/\/muntdemots.org\/2010\/wp-json\/wp\/v2\/pages\/380"}],"collection":[{"href":"http:\/\/muntdemots.org\/2010\/wp-json\/wp\/v2\/pages"}],"about":[{"href":"http:\/\/muntdemots.org\/2010\/wp-json\/wp\/v2\/types\/page"}],"author":[{"embeddable":true,"href":"http:\/\/muntdemots.org\/2010\/wp-json\/wp\/v2\/users\/1"}],"replies":[{"embeddable":true,"href":"http:\/\/muntdemots.org\/2010\/wp-json\/wp\/v2\/comments?post=380"}],"version-history":[{"count":8,"href":"http:\/\/muntdemots.org\/2010\/wp-json\/wp\/v2\/pages\/380\/revisions"}],"predecessor-version":[{"id":1457,"href":"http:\/\/muntdemots.org\/2010\/wp-json\/wp\/v2\/pages\/380\/revisions\/1457"}],"wp:attachment":[{"href":"http:\/\/muntdemots.org\/2010\/wp-json\/wp\/v2\/media?parent=380"}],"curies":[{"name":"wp","href":"https:\/\/api.w.org\/{rel}","templated":true}]}}

<p><a href="http://www.bocabadats.com" target="_blank">http://www.bocabadats.com</a></p>
<p>Bocabadats neix a través d’un taller de narració oral impartit per Rubén Martínez. Encara que ens acabem de formar com a grup, els components tenim molta història al darrere i molts contes contats i per explicar. Som un grup de conta contes amb molta il·lusió i moltes històries dins del barret… per a grans i petits. Podem preparar-vos una sessió a mida o podeu escollir algun dels nostres espectacles.</p>
<p><span style="color: #ffffff;">.</span></p>
<p><strong>MARATÓN DE CUENTOS PARA NIÑOS Y NIÑAS</strong></p>
<p>Una  mañana perfecta para sacar a pasear la imaginación. Bocabadats,   Encantacontes, Maracalà y Vivim del Cuentu, cuatro de los mejores grupos   de narración oral de Catalunya, desplegarán todas sus artes para   sorprender, alegrar, responder, reconfortar, soñar. ¡Niños y niñas!:   prepárense para ver lugares nunca antes vistos, animales que hablan,   árboles que caminan, pájaros que vuelan al revés…<br />
<em>Dia: Dissabte 23<br />
Hora: </em>11:00 – 13:00hrs<br />
<em> Lloc: </em><a href="http://www.bcn.cat/centrecivicpatillimona" target="_blank">C. C. PATI LLÍMONA</a><a href="http://www.bcn.cat/centrecivicpatillimona" target="_blank"><br />
</a><a href="http://w20.bcn.cat/Guiamap/Default.aspx#x=31446.088&amp;y=81641.358&amp;z=5&amp;c=K014K015K001K002K003K011K013K006&amp;w=1057&amp;h=442&amp;p=31446.088,81641.358" target="_blank">¿Cómo llegar?</a><a href="www.bcn.cat/centrecivicpatillimona" target="_blank"> </a></p>
<p><span style="color: #ffffff;">.</span></p>
<p><a href="/2010/wp-content/uploads/2010/09/bocabadats.jpg"><img decoding="async" loading="lazy" class="alignnone size-full wp-image-381" title="bocabadats" src="/2010/wp-content/uploads/2010/09/bocabadats.jpg" alt="" width="300" height="200" /></a></p>

<p>http://www.bocabadats.com Bocabadats neix a través d’un taller de narració oral impartit per Rubén Martínez. Encara que ens acabem de formar com a grup, els components tenim molta història al darrere i molts contes contats i per explicar. Som un grup de conta contes amb molta il·lusió i moltes històries dins del barret… per a grans [&hellip;]</p>
