{"id":376,"date":"2010-09-07T08:03:24","date_gmt":"2010-09-07T08:03:24","guid":{"rendered":"http:\/\/www.muntdemots.org\/"},"modified":"2010-09-25T18:57:11","modified_gmt":"2010-09-25T18:57:11","slug":"vivim-del-cuentu","status":"publish","type":"page","link":"http:\/\/muntdemots.org\/2010\/vivim-del-cuentu\/","title":{"rendered":"Vivim Del Cuentu"},"content":{"rendered":"<p><a href=\"http:\/\/www.vivimdelcuentu.org\/\" target=\"_blank\">http:\/\/www.vivimdelcuentu.org<\/a><\/p>\n<p>Els <em>Vivim del Cuentu<\/em> som un grup de 7 rondallaires que vam n\u00e9ixer el desembre del 2006 per tal de fer arribar els contes i les hist\u00f2ries de la tradici\u00f3 a petits i grans d&#8217;arreu del pa\u00eds. (El nom del grup no t\u00e9 una lectura literal sin\u00f3 que vol fer refer\u00e8ncia a l&#8217;humor i a la ironia tan necessaris avui en dia). Som un grup jove, din\u00e0mic i amb molts recursos de cara als infants.<\/p>\n<p><span style=\"color: #ffffff;\">.<\/span><\/p>\n<p><strong>MARAT\u00d3N DE CUENTOS PARA NI\u00d1OS Y NI\u00d1AS<\/strong><\/p>\n<p>Una  ma\u00f1ana perfecta para sacar a pasear la imaginaci\u00f3n. Bocabadats,    Encantacontes, Maracal\u00e0 y Vivim del Cuentu, cuatro de los mejores  grupos   de narraci\u00f3n oral de Catalunya, desplegar\u00e1n todas sus artes  para   sorprender, alegrar, responder, reconfortar, so\u00f1ar. \u00a1Ni\u00f1os y  ni\u00f1as!:   prep\u00e1rense para ver lugares nunca antes vistos, animales que  hablan,\u00a0  \u00e1rboles que caminan, p\u00e1jaros que vuelan al rev\u00e9s\u2026<br \/>\n<em>Dia: Dissabte 23<br \/>\nHora: <\/em>11:00 \u2013 13:00hrs<br \/>\n<em> Lloc: <\/em><a href=\"http:\/\/www.bcn.cat\/centrecivicpatillimona\" target=\"_blank\">C. C. PATI LL\u00cdMONA<\/a><a href=\"http:\/\/www.bcn.cat\/centrecivicpatillimona\" target=\"_blank\"><br \/>\n<\/a><a href=\"http:\/\/w20.bcn.cat\/Guiamap\/Default.aspx#x=31446.088&amp;y=81641.358&amp;z=5&amp;c=K014K015K001K002K003K011K013K006&amp;w=1057&amp;h=442&amp;p=31446.088,81641.358\" target=\"_blank\">\u00bfC\u00f3mo llegar?<\/a><a href=\"www.bcn.cat\/centrecivicpatillimona\" target=\"_blank\"> <\/a><\/p>\n<p><span style=\"color: #ffffff;\">.<\/span><\/p>\n<p><a href=\"\/2010\/wp-content\/uploads\/2010\/09\/VIVIM-DEL-CUENTU-1.jpg\"><img decoding=\"async\" loading=\"lazy\" class=\"alignnone size-medium wp-image-377\" title=\"VIVIM DEL CUENTU 1\" src=\"\/2010\/wp-content\/uploads\/2010\/09\/VIVIM-DEL-CUENTU-1-300x251.jpg\" alt=\"\" width=\"300\" height=\"251\" srcset=\"https:\/\/muntdemots.org\/2010\/wp-content\/uploads\/2010\/09\/VIVIM-DEL-CUENTU-1-300x251.jpg 300w, https:\/\/muntdemots.org\/2010\/wp-content\/uploads\/2010\/09\/VIVIM-DEL-CUENTU-1.jpg 501w\" sizes=\"(max-width: 300px) 100vw, 300px\" \/><\/a><\/p>\n","protected":false},"excerpt":{"rendered":"<p>http:\/\/www.vivimdelcuentu.org Els Vivim del Cuentu som un grup de 7 rondallaires que vam n\u00e9ixer el desembre del 2006 per tal de fer arribar els contes i les hist\u00f2ries de la tradici\u00f3 a petits i grans d&#8217;arreu del pa\u00eds. (El nom del grup no t\u00e9 una lectura literal sin\u00f3 que vol fer refer\u00e8ncia a l&#8217;humor i [&hellip;]<\/p>\n","protected":false},"author":1,"featured_media":0,"parent":0,"menu_order":0,"comment_status":"open","ping_status":"open","template":"","meta":[],"_links":{"self":[{"href":"http:\/\/muntdemots.org\/2010\/wp-json\/wp\/v2\/pages\/376"}],"collection":[{"href":"http:\/\/muntdemots.org\/2010\/wp-json\/wp\/v2\/pages"}],"about":[{"href":"http:\/\/muntdemots.org\/2010\/wp-json\/wp\/v2\/types\/page"}],"author":[{"embeddable":true,"href":"http:\/\/muntdemots.org\/2010\/wp-json\/wp\/v2\/users\/1"}],"replies":[{"embeddable":true,"href":"http:\/\/muntdemots.org\/2010\/wp-json\/wp\/v2\/comments?post=376"}],"version-history":[{"count":7,"href":"http:\/\/muntdemots.org\/2010\/wp-json\/wp\/v2\/pages\/376\/revisions"}],"predecessor-version":[{"id":1571,"href":"http:\/\/muntdemots.org\/2010\/wp-json\/wp\/v2\/pages\/376\/revisions\/1571"}],"wp:attachment":[{"href":"http:\/\/muntdemots.org\/2010\/wp-json\/wp\/v2\/media?parent=376"}],"curies":[{"name":"wp","href":"https:\/\/api.w.org\/{rel}","templated":true}]}}

<p><a href="http://www.vivimdelcuentu.org/" target="_blank">http://www.vivimdelcuentu.org</a></p>
<p>Els <em>Vivim del Cuentu</em> som un grup de 7 rondallaires que vam néixer el desembre del 2006 per tal de fer arribar els contes i les històries de la tradició a petits i grans d&#8217;arreu del país. (El nom del grup no té una lectura literal sinó que vol fer referència a l&#8217;humor i a la ironia tan necessaris avui en dia). Som un grup jove, dinàmic i amb molts recursos de cara als infants.</p>
<p><span style="color: #ffffff;">.</span></p>
<p><strong>MARATÓN DE CUENTOS PARA NIÑOS Y NIÑAS</strong></p>
<p>Una  mañana perfecta para sacar a pasear la imaginación. Bocabadats,    Encantacontes, Maracalà y Vivim del Cuentu, cuatro de los mejores  grupos   de narración oral de Catalunya, desplegarán todas sus artes  para   sorprender, alegrar, responder, reconfortar, soñar. ¡Niños y  niñas!:   prepárense para ver lugares nunca antes vistos, animales que  hablan,   árboles que caminan, pájaros que vuelan al revés…<br />
<em>Dia: Dissabte 23<br />
Hora: </em>11:00 – 13:00hrs<br />
<em> Lloc: </em><a href="http://www.bcn.cat/centrecivicpatillimona" target="_blank">C. C. PATI LLÍMONA</a><a href="http://www.bcn.cat/centrecivicpatillimona" target="_blank"><br />
</a><a href="http://w20.bcn.cat/Guiamap/Default.aspx#x=31446.088&amp;y=81641.358&amp;z=5&amp;c=K014K015K001K002K003K011K013K006&amp;w=1057&amp;h=442&amp;p=31446.088,81641.358" target="_blank">¿Cómo llegar?</a><a href="www.bcn.cat/centrecivicpatillimona" target="_blank"> </a></p>
<p><span style="color: #ffffff;">.</span></p>
<p><a href="/2010/wp-content/uploads/2010/09/VIVIM-DEL-CUENTU-1.jpg"><img decoding="async" loading="lazy" class="alignnone size-medium wp-image-377" title="VIVIM DEL CUENTU 1" src="/2010/wp-content/uploads/2010/09/VIVIM-DEL-CUENTU-1-300x251.jpg" alt="" width="300" height="251" srcset="https://muntdemots.org/2010/wp-content/uploads/2010/09/VIVIM-DEL-CUENTU-1-300x251.jpg 300w, https://muntdemots.org/2010/wp-content/uploads/2010/09/VIVIM-DEL-CUENTU-1.jpg 501w" sizes="(max-width: 300px) 100vw, 300px" /></a></p>

<p>http://www.vivimdelcuentu.org Els Vivim del Cuentu som un grup de 7 rondallaires que vam néixer el desembre del 2006 per tal de fer arribar els contes i les històries de la tradició a petits i grans d&#8217;arreu del país. (El nom del grup no té una lectura literal sinó que vol fer referència a l&#8217;humor i [&hellip;]</p>
