{"id":373,"date":"2010-09-07T08:02:00","date_gmt":"2010-09-07T08:02:00","guid":{"rendered":"http:\/\/www.muntdemots.org\/"},"modified":"2010-09-25T18:12:17","modified_gmt":"2010-09-25T18:12:17","slug":"tim-bowley","status":"publish","type":"page","link":"http:\/\/muntdemots.org\/2010\/tim-bowley\/","title":{"rendered":"Tim Bowley"},"content":{"rendered":"<p><a href=\"http:\/\/www.galegos.info\/es\/tim-bowley\">http:\/\/www.galegos.info\/es\/tim-bowley<\/a><\/p>\n<p><strong>HILANDO CUENTOS<\/strong><br \/>\nTim Bowley &amp; Charo Pita<\/p>\n<p>Tim ens porta contes dels m\u00e9s variats racons de la Terra, que no saben de fronteres i que ens parlen directament a l\u2019esperit i al cor. Tim narra en angl\u00e8s i Charo tradueix al castell\u00e0, per\u00f2 no s\u00f3n un narrador i una traductora: s\u00f3n dos conta contes explicant un mateix conte, dues veus, dos idiomes abra\u00e7ats en una mateixa paraula.<\/p>\n<p><strong>Tim Bowley<\/strong> (Gran Bretanya). Narrador oral i escriptor brit\u00e0nic de fama internacional, porta encisant audi\u00e8ncies m\u00e9s de vint anys amb una rica selecci\u00f3 de contes de tradici\u00f3 oral del m\u00f3n sencer.<\/p>\n<p><strong>Charo Pita<\/strong> (Gal\u00edcia). Fil\u00f2loga, escriptora, cantant, docent, \u00e9s narradora oral des del 1994 i narra per a tots els p\u00fablics de cap a cap de la geografia espanyola.<\/p>\n<p><em>Dia: Dissabte 16<br \/>\nHora: 21:00hrs<br \/>\nLloc: <\/em><a href=\"http:\/\/www.almazen.net\/\" target=\"_blank\">EL ALMAZEN<\/a><a href=\"http:\/\/www.centreshg.net\/taxonera\" target=\"_blank\"><br \/>\n<\/a><a href=\"http:\/\/w20.bcn.cat\/Guiamap\/Default.aspx#x=30387.38&amp;y=81637.054&amp;z=5&amp;c=K014K015K001K002K003K011K013K006&amp;w=1057&amp;h=442&amp;p=30387.38,81637.054\" target=\"_blank\">\u00bfC\u00f3mo llegar?<\/a><a href=\"http:\/\/w20.bcn.cat\/Guiamap\/Default.aspx#x=27817.752&amp;y=84319.658&amp;z=5&amp;c=K014K015K001K002K003K011K013K006&amp;w=1057&amp;h=442&amp;p=27817.752,84319.658\" target=\"_blank\"><br \/>\n<\/a><\/p>\n<p><em>Dia: Dimarts 19<br \/>\nHora: 21:00hrs<br \/>\nLloc: <\/em><a href=\"http:\/\/www.bcn.cat\/centrecivicpatillimona\" target=\"_blank\">C. C. PATI LL\u00cdMONA<\/a><a href=\"http:\/\/www.centreshg.net\/taxonera\" target=\"_blank\"><br \/>\n<\/a><a href=\"http:\/\/w20.bcn.cat\/Guiamap\/Default.aspx#x=31446.088&amp;y=81641.358&amp;z=5&amp;c=K014K015K001K002K003K011K013K006&amp;w=1057&amp;h=442&amp;p=31446.088,81641.358\" target=\"_blank\">\u00bfC\u00f3mo llegar?<\/a><a href=\"http:\/\/w20.bcn.cat\/Guiamap\/Default.aspx#x=27817.752&amp;y=84319.658&amp;z=5&amp;c=K014K015K001K002K003K011K013K006&amp;w=1057&amp;h=442&amp;p=27817.752,84319.658\" target=\"_blank\"><br \/>\n<\/a><\/p>\n<p><span style=\"color: #ffffff;\">.<\/span><\/p>\n<p><em> <\/em><\/p>\n<p><strong>EL ARTE DE CONTAR CUENTOS\/ SPINNING TALES<\/strong><br \/>\nTaller de Narraci\u00f3 Oral amb Tim Bowley &amp; Charo Pita<strong><br \/>\nDies: <\/strong>Dissabte 16 i Diumenge 17 d\u2019Octubre<strong><br \/>\nHores:<\/strong> De 10 a 14h i de 15 a 18h (Total: 14 hores)<strong><br \/>\nPreu:<\/strong> 150 \u20ac (PLACES LIMITADES)<strong><br \/>\nLloc:<\/strong> Almazen <strong> <\/strong><\/p>\n<p>Utilitzant exercicis de veu i cos, jocs i pr\u00e0ctiques, aquest taller ofereix l\u2019oportunitat d\u2019explorar el m\u00f3n dels contes. L\u2019\u00e8mfasi es far\u00e0 en la pr\u00e0ctica m\u00e9s que en la teoria, en l\u2019auto descobriment m\u00e9s que en l\u2019ensenyament, i s\u2019aportaran elements tant per als principiants com per als que tenen experi\u00e8ncia. Tamb\u00e9 es prestar\u00e0 especial atenci\u00f3 als aspectes pr\u00e0ctics del <em>Storytelling<\/em>, com el repertori, l\u2019adaptaci\u00f3 de la teva hist\u00f2ria i als diferents espais per narrar, el so, la llum, com aconseguir actuacions, etc.<\/p>\n<p><em> <\/em><\/p>\n<p>Per a informaci\u00f3 i <strong>reserva<\/strong> de pla\u00e7a, envieu un correu a l\u2019atenci\u00f3 de Mar a: <a href=\"mailto:aula@almazen.net\">aula@almazen.net<\/a> o trucar al 664277579<\/p>\n<p><em> <\/em><\/p>\n<p><a href=\"http:\/\/www.almazen.net\" target=\"_blank\"><strong>ALMAZEN<\/strong><\/a><\/p>\n<p><span style=\"color: #ffffff;\">.<\/span><\/p>\n<p><em> <a href=\"\/2010\/wp-content\/uploads\/2010\/09\/TIM-Y-CHARO-2.jpg\"><img decoding=\"async\" loading=\"lazy\" class=\"alignnone size-medium wp-image-374\" title=\"TIM Y CHARO 2\" src=\"\/2010\/wp-content\/uploads\/2010\/09\/TIM-Y-CHARO-2-300x225.jpg\" alt=\"\" width=\"300\" height=\"225\" srcset=\"https:\/\/muntdemots.org\/2010\/wp-content\/uploads\/2010\/09\/TIM-Y-CHARO-2-300x225.jpg 300w, https:\/\/muntdemots.org\/2010\/wp-content\/uploads\/2010\/09\/TIM-Y-CHARO-2.jpg 320w\" sizes=\"(max-width: 300px) 100vw, 300px\" \/><\/a><\/em><\/p>\n","protected":false},"excerpt":{"rendered":"<p>http:\/\/www.galegos.info\/es\/tim-bowley HILANDO CUENTOS Tim Bowley &amp; Charo Pita Tim ens porta contes dels m\u00e9s variats racons de la Terra, que no saben de fronteres i que ens parlen directament a l\u2019esperit i al cor. Tim narra en angl\u00e8s i Charo tradueix al castell\u00e0, per\u00f2 no s\u00f3n un narrador i una traductora: s\u00f3n dos conta contes [&hellip;]<\/p>\n","protected":false},"author":1,"featured_media":0,"parent":0,"menu_order":0,"comment_status":"open","ping_status":"open","template":"","meta":[],"_links":{"self":[{"href":"http:\/\/muntdemots.org\/2010\/wp-json\/wp\/v2\/pages\/373"}],"collection":[{"href":"http:\/\/muntdemots.org\/2010\/wp-json\/wp\/v2\/pages"}],"about":[{"href":"http:\/\/muntdemots.org\/2010\/wp-json\/wp\/v2\/types\/page"}],"author":[{"embeddable":true,"href":"http:\/\/muntdemots.org\/2010\/wp-json\/wp\/v2\/users\/1"}],"replies":[{"embeddable":true,"href":"http:\/\/muntdemots.org\/2010\/wp-json\/wp\/v2\/comments?post=373"}],"version-history":[{"count":7,"href":"http:\/\/muntdemots.org\/2010\/wp-json\/wp\/v2\/pages\/373\/revisions"}],"predecessor-version":[{"id":1142,"href":"http:\/\/muntdemots.org\/2010\/wp-json\/wp\/v2\/pages\/373\/revisions\/1142"}],"wp:attachment":[{"href":"http:\/\/muntdemots.org\/2010\/wp-json\/wp\/v2\/media?parent=373"}],"curies":[{"name":"wp","href":"https:\/\/api.w.org\/{rel}","templated":true}]}}

<p><a href="http://www.galegos.info/es/tim-bowley">http://www.galegos.info/es/tim-bowley</a></p>
<p><strong>HILANDO CUENTOS</strong><br />
Tim Bowley &amp; Charo Pita</p>
<p>Tim ens porta contes dels més variats racons de la Terra, que no saben de fronteres i que ens parlen directament a l’esperit i al cor. Tim narra en anglès i Charo tradueix al castellà, però no són un narrador i una traductora: són dos conta contes explicant un mateix conte, dues veus, dos idiomes abraçats en una mateixa paraula.</p>
<p><strong>Tim Bowley</strong> (Gran Bretanya). Narrador oral i escriptor britànic de fama internacional, porta encisant audiències més de vint anys amb una rica selecció de contes de tradició oral del món sencer.</p>
<p><strong>Charo Pita</strong> (Galícia). Filòloga, escriptora, cantant, docent, és narradora oral des del 1994 i narra per a tots els públics de cap a cap de la geografia espanyola.</p>
<p><em>Dia: Dissabte 16<br />
Hora: 21:00hrs<br />
Lloc: </em><a href="http://www.almazen.net/" target="_blank">EL ALMAZEN</a><a href="http://www.centreshg.net/taxonera" target="_blank"><br />
</a><a href="http://w20.bcn.cat/Guiamap/Default.aspx#x=30387.38&amp;y=81637.054&amp;z=5&amp;c=K014K015K001K002K003K011K013K006&amp;w=1057&amp;h=442&amp;p=30387.38,81637.054" target="_blank">¿Cómo llegar?</a><a href="http://w20.bcn.cat/Guiamap/Default.aspx#x=27817.752&amp;y=84319.658&amp;z=5&amp;c=K014K015K001K002K003K011K013K006&amp;w=1057&amp;h=442&amp;p=27817.752,84319.658" target="_blank"><br />
</a></p>
<p><em>Dia: Dimarts 19<br />
Hora: 21:00hrs<br />
Lloc: </em><a href="http://www.bcn.cat/centrecivicpatillimona" target="_blank">C. C. PATI LLÍMONA</a><a href="http://www.centreshg.net/taxonera" target="_blank"><br />
</a><a href="http://w20.bcn.cat/Guiamap/Default.aspx#x=31446.088&amp;y=81641.358&amp;z=5&amp;c=K014K015K001K002K003K011K013K006&amp;w=1057&amp;h=442&amp;p=31446.088,81641.358" target="_blank">¿Cómo llegar?</a><a href="http://w20.bcn.cat/Guiamap/Default.aspx#x=27817.752&amp;y=84319.658&amp;z=5&amp;c=K014K015K001K002K003K011K013K006&amp;w=1057&amp;h=442&amp;p=27817.752,84319.658" target="_blank"><br />
</a></p>
<p><span style="color: #ffffff;">.</span></p>
<p><em> </em></p>
<p><strong>EL ARTE DE CONTAR CUENTOS/ SPINNING TALES</strong><br />
Taller de Narració Oral amb Tim Bowley &amp; Charo Pita<strong><br />
Dies: </strong>Dissabte 16 i Diumenge 17 d’Octubre<strong><br />
Hores:</strong> De 10 a 14h i de 15 a 18h (Total: 14 hores)<strong><br />
Preu:</strong> 150 € (PLACES LIMITADES)<strong><br />
Lloc:</strong> Almazen <strong> </strong></p>
<p>Utilitzant exercicis de veu i cos, jocs i pràctiques, aquest taller ofereix l’oportunitat d’explorar el món dels contes. L’èmfasi es farà en la pràctica més que en la teoria, en l’auto descobriment més que en l’ensenyament, i s’aportaran elements tant per als principiants com per als que tenen experiència. També es prestarà especial atenció als aspectes pràctics del <em>Storytelling</em>, com el repertori, l’adaptació de la teva història i als diferents espais per narrar, el so, la llum, com aconseguir actuacions, etc.</p>
<p><em> </em></p>
<p>Per a informació i <strong>reserva</strong> de plaça, envieu un correu a l’atenció de Mar a: <a href="mailto:aula@almazen.net">aula@almazen.net</a> o trucar al 664277579</p>
<p><em> </em></p>
<p><a href="http://www.almazen.net" target="_blank"><strong>ALMAZEN</strong></a></p>
<p><span style="color: #ffffff;">.</span></p>
<p><em> <a href="/2010/wp-content/uploads/2010/09/TIM-Y-CHARO-2.jpg"><img decoding="async" loading="lazy" class="alignnone size-medium wp-image-374" title="TIM Y CHARO 2" src="/2010/wp-content/uploads/2010/09/TIM-Y-CHARO-2-300x225.jpg" alt="" width="300" height="225" srcset="https://muntdemots.org/2010/wp-content/uploads/2010/09/TIM-Y-CHARO-2-300x225.jpg 300w, https://muntdemots.org/2010/wp-content/uploads/2010/09/TIM-Y-CHARO-2.jpg 320w" sizes="(max-width: 300px) 100vw, 300px" /></a></em></p>

<p>http://www.galegos.info/es/tim-bowley HILANDO CUENTOS Tim Bowley &amp; Charo Pita Tim ens porta contes dels més variats racons de la Terra, que no saben de fronteres i que ens parlen directament a l’esperit i al cor. Tim narra en anglès i Charo tradueix al castellà, però no són un narrador i una traductora: són dos conta contes [&hellip;]</p>
