{"id":371,"date":"2010-09-07T08:00:54","date_gmt":"2010-09-07T08:00:54","guid":{"rendered":"http:\/\/www.muntdemots.org\/"},"modified":"2010-10-18T23:54:35","modified_gmt":"2010-10-18T23:54:35","slug":"susana-tornero","status":"publish","type":"page","link":"http:\/\/muntdemots.org\/2010\/susana-tornero\/","title":{"rendered":"Susana Tornero"},"content":{"rendered":"<p><a href=\"http:\/\/www.susanatornero.com\/\" target=\"_blank\">www.susanatornero.com<\/a><\/p>\n<p>Traductora i  narradora oral. Llicenciada en Traducci\u00f3 i Interpretaci\u00f3 d&#8217;alemany i  angl\u00e8s. Combina la seva professi\u00f3 de traductora amb l&#8217;ofici de la  narraci\u00f3. Ha narrat contes en una gran varietat de llocs, locals i  formats. Est\u00e0 interessada en la tradici\u00f3 oral de diferents parts del  m\u00f3n, des de l\u2019Empord\u00e0 o Eivissa fins a l&#8217;\u00cdndia, el Tibet o el Pakistan.<\/p>\n<p><strong>ENS ANEM DE CONTES<\/strong><strong><br \/>\nPatricia McGill i Susana Tornero<\/strong><\/p>\n<p><span style=\"color: #ff0000;\"><strong>Canvi d\u2019\u00faltim moment. En lloc d\u2019actuar <a href=\"\/2010\/domingo-chinchilla\/\" target=\"_blank\">Domingo Chinchilla<\/a> podreu gaudir de les fant\u00e0stiques Susana Tornero i Patricia McGill amb el seu espectacle ENS ANEM DE CONTES. <\/strong><\/span><\/p>\n<p>Per anar de contes no calen grans preparatius.<br \/>\nAnar ben disposats a escoltar i, sobretot, a gaudir.<br \/>\nLa resta, deixarem que ho decideixin les hist\u00f2ries&#8230;<\/p>\n<p><em>Dia: Dijous 21<br \/>\nHora: 20:00hrs<br \/>\nLloc: <\/em><a href=\"http:\/\/www.racomultimedia.net\/\" target=\"_blank\">C. C. GUINARD\u00d3 \u2013 EL RACONET<\/a><a href=\"http:\/\/www.centreshg.net\/taxonera\" target=\"_blank\"><br \/>\n<\/a><a href=\"http:\/\/w20.bcn.cat\/Guiamap\/Default.aspx#x=31008.099&amp;y=85478.573&amp;z=5&amp;c=K014K015K001K002K003K011K013K006&amp;w=1057&amp;h=442&amp;p=31008.099,85478.573\" target=\"_blank\">\u00bfC\u00f3mo llegar?<\/a><a href=\"http:\/\/www.racomultimedia.net\/\" target=\"_blank\"><br \/>\n<\/a><a href=\"http:\/\/www.racomultimedia.net\/\" target=\"_blank\"> <\/a><span style=\"color: #ffffff;\">.<\/span><\/p>\n<p><strong>BIRLIBOM, LA VACA BLANCA I ALTRES VE\u00cfNS<\/strong><br \/>\nT\u00e0\u00e1ndem (Susana Tornero i Ignasi Potrony)<\/p>\n<p>Narraci\u00f3  de contes, mites i llegendes tradicionals de cultures d\u2019arreu del m\u00f3n  presentats de forma senzilla, imaginativa, acurada i potent per dues  veus. Dues veus que narren juntes el mateix conte:<br \/>\nuna  veu tra\u00e7a el dibuix i l\u2019altra afegeix el color. Dues veus, diversos  sons i moltes lleng\u00fces: en parell o en senar, en eco o en t\u00e0\u00e1ndem.  Contes en catal\u00e0 i castell\u00e0. Can\u00e7ons en uni, dori, teri, catori, mata la  veri viri viron<br \/>\n<em>Dia: Divendres 22<br \/>\nHora: 20:00hrs<br \/>\nLloc: <\/em><a href=\"http:\/\/w3.bcn.es\/XMLServeis\/XMLHomeLinkPl\/0,4022,656966449_674234318_1,00.html\" target=\"_blank\">MUSEU ETNOL\u00d2GIC<\/a><a href=\"http:\/\/www.centreshg.net\/taxonera\" target=\"_blank\"><br \/>\n<\/a><a href=\"http:\/\/w20.bcn.cat\/Guiamap\/Default.aspx#x=29660.07&amp;y=80071.91&amp;z=5&amp;c=&amp;w=1057&amp;h=442&amp;p=29660.07,80071.91\" target=\"_blank\">\u00bfC\u00f3mo llegar?<\/a><\/p>\n<p><span style=\"color: #ffffff;\">.<\/span><\/p>\n<p><a href=\"\/2010\/wp-content\/uploads\/2010\/09\/Susana-Tornero1.jpg\"><img decoding=\"async\" loading=\"lazy\" class=\"alignleft size-medium wp-image-641\" title=\"Susana Tornero\" src=\"\/2010\/wp-content\/uploads\/2010\/09\/Susana-Tornero1-287x300.jpg\" alt=\"\" width=\"287\" height=\"300\" srcset=\"https:\/\/muntdemots.org\/2010\/wp-content\/uploads\/2010\/09\/Susana-Tornero1-287x300.jpg 287w, https:\/\/muntdemots.org\/2010\/wp-content\/uploads\/2010\/09\/Susana-Tornero1.jpg 402w\" sizes=\"(max-width: 287px) 100vw, 287px\" \/><\/a><\/p>\n","protected":false},"excerpt":{"rendered":"<p>www.susanatornero.com Traductora i narradora oral. Llicenciada en Traducci\u00f3 i Interpretaci\u00f3 d&#8217;alemany i angl\u00e8s. Combina la seva professi\u00f3 de traductora amb l&#8217;ofici de la narraci\u00f3. Ha narrat contes en una gran varietat de llocs, locals i formats. Est\u00e0 interessada en la tradici\u00f3 oral de diferents parts del m\u00f3n, des de l\u2019Empord\u00e0 o Eivissa fins a l&#8217;\u00cdndia, [&hellip;]<\/p>\n","protected":false},"author":1,"featured_media":0,"parent":0,"menu_order":0,"comment_status":"open","ping_status":"open","template":"","meta":[],"_links":{"self":[{"href":"http:\/\/muntdemots.org\/2010\/wp-json\/wp\/v2\/pages\/371"}],"collection":[{"href":"http:\/\/muntdemots.org\/2010\/wp-json\/wp\/v2\/pages"}],"about":[{"href":"http:\/\/muntdemots.org\/2010\/wp-json\/wp\/v2\/types\/page"}],"author":[{"embeddable":true,"href":"http:\/\/muntdemots.org\/2010\/wp-json\/wp\/v2\/users\/1"}],"replies":[{"embeddable":true,"href":"http:\/\/muntdemots.org\/2010\/wp-json\/wp\/v2\/comments?post=371"}],"version-history":[{"count":11,"href":"http:\/\/muntdemots.org\/2010\/wp-json\/wp\/v2\/pages\/371\/revisions"}],"predecessor-version":[{"id":2016,"href":"http:\/\/muntdemots.org\/2010\/wp-json\/wp\/v2\/pages\/371\/revisions\/2016"}],"wp:attachment":[{"href":"http:\/\/muntdemots.org\/2010\/wp-json\/wp\/v2\/media?parent=371"}],"curies":[{"name":"wp","href":"https:\/\/api.w.org\/{rel}","templated":true}]}}

<p><a href="http://www.susanatornero.com/" target="_blank">www.susanatornero.com</a></p>
<p>Traductora i  narradora oral. Llicenciada en Traducció i Interpretació d&#8217;alemany i  anglès. Combina la seva professió de traductora amb l&#8217;ofici de la  narració. Ha narrat contes en una gran varietat de llocs, locals i  formats. Està interessada en la tradició oral de diferents parts del  món, des de l’Empordà o Eivissa fins a l&#8217;Índia, el Tibet o el Pakistan.</p>
<p><strong>ENS ANEM DE CONTES</strong><strong><br />
Patricia McGill i Susana Tornero</strong></p>
<p><span style="color: #ff0000;"><strong>Canvi d’últim moment. En lloc d’actuar <a href="/2010/domingo-chinchilla/" target="_blank">Domingo Chinchilla</a> podreu gaudir de les fantàstiques Susana Tornero i Patricia McGill amb el seu espectacle ENS ANEM DE CONTES. </strong></span></p>
<p>Per anar de contes no calen grans preparatius.<br />
Anar ben disposats a escoltar i, sobretot, a gaudir.<br />
La resta, deixarem que ho decideixin les històries&#8230;</p>
<p><em>Dia: Dijous 21<br />
Hora: 20:00hrs<br />
Lloc: </em><a href="http://www.racomultimedia.net/" target="_blank">C. C. GUINARDÓ – EL RACONET</a><a href="http://www.centreshg.net/taxonera" target="_blank"><br />
</a><a href="http://w20.bcn.cat/Guiamap/Default.aspx#x=31008.099&amp;y=85478.573&amp;z=5&amp;c=K014K015K001K002K003K011K013K006&amp;w=1057&amp;h=442&amp;p=31008.099,85478.573" target="_blank">¿Cómo llegar?</a><a href="http://www.racomultimedia.net/" target="_blank"><br />
</a><a href="http://www.racomultimedia.net/" target="_blank"> </a><span style="color: #ffffff;">.</span></p>
<p><strong>BIRLIBOM, LA VACA BLANCA I ALTRES VEÏNS</strong><br />
Tàándem (Susana Tornero i Ignasi Potrony)</p>
<p>Narració  de contes, mites i llegendes tradicionals de cultures d’arreu del món  presentats de forma senzilla, imaginativa, acurada i potent per dues  veus. Dues veus que narren juntes el mateix conte:<br />
una  veu traça el dibuix i l’altra afegeix el color. Dues veus, diversos  sons i moltes llengües: en parell o en senar, en eco o en tàándem.  Contes en català i castellà. Cançons en uni, dori, teri, catori, mata la  veri viri viron<br />
<em>Dia: Divendres 22<br />
Hora: 20:00hrs<br />
Lloc: </em><a href="http://w3.bcn.es/XMLServeis/XMLHomeLinkPl/0,4022,656966449_674234318_1,00.html" target="_blank">MUSEU ETNOLÒGIC</a><a href="http://www.centreshg.net/taxonera" target="_blank"><br />
</a><a href="http://w20.bcn.cat/Guiamap/Default.aspx#x=29660.07&amp;y=80071.91&amp;z=5&amp;c=&amp;w=1057&amp;h=442&amp;p=29660.07,80071.91" target="_blank">¿Cómo llegar?</a></p>
<p><span style="color: #ffffff;">.</span></p>
<p><a href="/2010/wp-content/uploads/2010/09/Susana-Tornero1.jpg"><img decoding="async" loading="lazy" class="alignleft size-medium wp-image-641" title="Susana Tornero" src="/2010/wp-content/uploads/2010/09/Susana-Tornero1-287x300.jpg" alt="" width="287" height="300" srcset="https://muntdemots.org/2010/wp-content/uploads/2010/09/Susana-Tornero1-287x300.jpg 287w, https://muntdemots.org/2010/wp-content/uploads/2010/09/Susana-Tornero1.jpg 402w" sizes="(max-width: 287px) 100vw, 287px" /></a></p>

<p>www.susanatornero.com Traductora i narradora oral. Llicenciada en Traducció i Interpretació d&#8217;alemany i anglès. Combina la seva professió de traductora amb l&#8217;ofici de la narració. Ha narrat contes en una gran varietat de llocs, locals i formats. Està interessada en la tradició oral de diferents parts del món, des de l’Empordà o Eivissa fins a l&#8217;Índia, [&hellip;]</p>
