{"id":363,"date":"2010-09-07T07:57:16","date_gmt":"2010-09-07T07:57:16","guid":{"rendered":"http:\/\/www.muntdemots.org\/"},"modified":"2010-09-25T17:29:22","modified_gmt":"2010-09-25T17:29:22","slug":"raul-contel","status":"publish","type":"page","link":"http:\/\/muntdemots.org\/2010\/raul-contel\/","title":{"rendered":"Ra\u00fcl Contel"},"content":{"rendered":"<p>Barcelon\u00e8s. Actor, guionista i director cinematogr\u00e0fic i autor teatral. Versat en la vida i obra del folklorista catal\u00e0 Joan Amades.<\/p>\n<p><span style=\"color: #ffffff;\">.<\/span><\/p>\n<p><strong>L\u2019AMIC DE LA MORT (2008) <\/strong><\/p>\n<p>Primer i \u00fanic film rodat fins ara sobre una rondalla catalana. Concretament la n\u00fam. 99 de les 662 recollides per Joan Amades a la Rondall\u00edstica del Folklore de Catalunya. Hist\u00f2ria alli\u00e7onadora i fant\u00e0stica, enginy\u00f3s exponent de la saviesa popular que tradicionalment, de forma oral, impartien els m\u00e9s grans al voltant dels focs a terra.<\/p>\n<p><span style=\"color: #ffffff;\">.<\/span><\/p>\n<p><strong> <\/strong><\/p>\n<p><strong>Xerrada: Joan Amades i la Rondalla Catalana<\/strong><\/p>\n<p>Catalunya ha gaudit de grans folkloristes, per\u00f2 cap de tan fruct\u00edfer com Joan Amades i Gelats, que gaireb\u00e9 durant m\u00e9s de quaranta anys es va dedicar a recollir totes les m\u00e9s antigues tradicions, costums i creences dels catalans i a publicar, per tal que no se\u2019n perd\u00e9s la mena, tota aquella cultura popular que fins llavors nom\u00e9s s\u2019havia transm\u00e8s oralment.<br \/>\n<em>Dia: Dimarts 19<br \/>\nHora: 20:00hrs<br \/>\nLloc: <\/em><a href=\"http:\/\/www.ccparcsandaru.cat\/\" target=\"_blank\">C. C. PARC SANDARU<\/a><a href=\"http:\/\/www.centreshg.net\/taxonera\" target=\"_blank\"><br \/>\n<\/a><a href=\"http:\/\/w20.bcn.cat\/Guiamap\/Default.aspx#x=31937.401&amp;y=82767.414&amp;z=5&amp;c=K014K015K001K002K003K011K013K006&amp;w=1057&amp;h=442&amp;p=31937.401,82767.414\" target=\"_blank\">\u00bfC\u00f3mo llegar?<\/a><\/p>\n<p><span style=\"color: #ffffff;\">.<\/span><\/p>\n<p><a href=\"\/2010\/wp-content\/uploads\/2010\/09\/Estimat-Amades.jpg\"><img decoding=\"async\" loading=\"lazy\" class=\"alignnone size-medium wp-image-1359\" title=\"Estimat Amades\" src=\"\/2010\/wp-content\/uploads\/2010\/09\/Estimat-Amades-300x182.jpg\" alt=\"\" width=\"300\" height=\"182\" srcset=\"https:\/\/muntdemots.org\/2010\/wp-content\/uploads\/2010\/09\/Estimat-Amades-300x182.jpg 300w, https:\/\/muntdemots.org\/2010\/wp-content\/uploads\/2010\/09\/Estimat-Amades-1024x622.jpg 1024w, https:\/\/muntdemots.org\/2010\/wp-content\/uploads\/2010\/09\/Estimat-Amades.jpg 1113w\" sizes=\"(max-width: 300px) 100vw, 300px\" \/><\/a><\/p>\n","protected":false},"excerpt":{"rendered":"<p>Barcelon\u00e8s. Actor, guionista i director cinematogr\u00e0fic i autor teatral. Versat en la vida i obra del folklorista catal\u00e0 Joan Amades. . L\u2019AMIC DE LA MORT (2008) Primer i \u00fanic film rodat fins ara sobre una rondalla catalana. Concretament la n\u00fam. 99 de les 662 recollides per Joan Amades a la Rondall\u00edstica del Folklore de Catalunya. [&hellip;]<\/p>\n","protected":false},"author":1,"featured_media":0,"parent":0,"menu_order":0,"comment_status":"open","ping_status":"open","template":"","meta":[],"_links":{"self":[{"href":"http:\/\/muntdemots.org\/2010\/wp-json\/wp\/v2\/pages\/363"}],"collection":[{"href":"http:\/\/muntdemots.org\/2010\/wp-json\/wp\/v2\/pages"}],"about":[{"href":"http:\/\/muntdemots.org\/2010\/wp-json\/wp\/v2\/types\/page"}],"author":[{"embeddable":true,"href":"http:\/\/muntdemots.org\/2010\/wp-json\/wp\/v2\/users\/1"}],"replies":[{"embeddable":true,"href":"http:\/\/muntdemots.org\/2010\/wp-json\/wp\/v2\/comments?post=363"}],"version-history":[{"count":5,"href":"http:\/\/muntdemots.org\/2010\/wp-json\/wp\/v2\/pages\/363\/revisions"}],"predecessor-version":[{"id":1164,"href":"http:\/\/muntdemots.org\/2010\/wp-json\/wp\/v2\/pages\/363\/revisions\/1164"}],"wp:attachment":[{"href":"http:\/\/muntdemots.org\/2010\/wp-json\/wp\/v2\/media?parent=363"}],"curies":[{"name":"wp","href":"https:\/\/api.w.org\/{rel}","templated":true}]}}

Raül Contel

<p>Barcelonès. Actor, guionista i director cinematogràfic i autor teatral. Versat en la vida i obra del folklorista català Joan Amades.</p>
<p><span style="color: #ffffff;">.</span></p>
<p><strong>L’AMIC DE LA MORT (2008) </strong></p>
<p>Primer i únic film rodat fins ara sobre una rondalla catalana. Concretament la núm. 99 de les 662 recollides per Joan Amades a la Rondallística del Folklore de Catalunya. Història alliçonadora i fantàstica, enginyós exponent de la saviesa popular que tradicionalment, de forma oral, impartien els més grans al voltant dels focs a terra.</p>
<p><span style="color: #ffffff;">.</span></p>
<p><strong> </strong></p>
<p><strong>Xerrada: Joan Amades i la Rondalla Catalana</strong></p>
<p>Catalunya ha gaudit de grans folkloristes, però cap de tan fructífer com Joan Amades i Gelats, que gairebé durant més de quaranta anys es va dedicar a recollir totes les més antigues tradicions, costums i creences dels catalans i a publicar, per tal que no se’n perdés la mena, tota aquella cultura popular que fins llavors només s’havia transmès oralment.<br />
<em>Dia: Dimarts 19<br />
Hora: 20:00hrs<br />
Lloc: </em><a href="http://www.ccparcsandaru.cat/" target="_blank">C. C. PARC SANDARU</a><a href="http://www.centreshg.net/taxonera" target="_blank"><br />
</a><a href="http://w20.bcn.cat/Guiamap/Default.aspx#x=31937.401&amp;y=82767.414&amp;z=5&amp;c=K014K015K001K002K003K011K013K006&amp;w=1057&amp;h=442&amp;p=31937.401,82767.414" target="_blank">¿Cómo llegar?</a></p>
<p><span style="color: #ffffff;">.</span></p>
<p><a href="/2010/wp-content/uploads/2010/09/Estimat-Amades.jpg"><img decoding="async" loading="lazy" class="alignnone size-medium wp-image-1359" title="Estimat Amades" src="/2010/wp-content/uploads/2010/09/Estimat-Amades-300x182.jpg" alt="" width="300" height="182" srcset="https://muntdemots.org/2010/wp-content/uploads/2010/09/Estimat-Amades-300x182.jpg 300w, https://muntdemots.org/2010/wp-content/uploads/2010/09/Estimat-Amades-1024x622.jpg 1024w, https://muntdemots.org/2010/wp-content/uploads/2010/09/Estimat-Amades.jpg 1113w" sizes="(max-width: 300px) 100vw, 300px" /></a></p>

<p>Barcelonès. Actor, guionista i director cinematogràfic i autor teatral. Versat en la vida i obra del folklorista català Joan Amades. . L’AMIC DE LA MORT (2008) Primer i únic film rodat fins ara sobre una rondalla catalana. Concretament la núm. 99 de les 662 recollides per Joan Amades a la Rondallística del Folklore de Catalunya. [&hellip;]</p>
