{"id":358,"date":"2010-09-07T07:55:11","date_gmt":"2010-09-07T07:55:11","guid":{"rendered":"http:\/\/www.muntdemots.org\/"},"modified":"2010-09-25T17:03:39","modified_gmt":"2010-09-25T17:03:39","slug":"pep-duran","status":"publish","type":"page","link":"http:\/\/muntdemots.org\/2010\/pep-duran\/","title":{"rendered":"Pep Dur\u00e1n"},"content":{"rendered":"<p><a href=\"http:\/\/www.cuentacuentos.eu\/narradores\/miembros\/espana\/PEPDURAN.htm\">http:\/\/www.cuentacuentos.eu\/narradores\/miembros\/espana\/PEPDURAN.htm<\/a><\/p>\n<p>Provinc d\u2019una saga de carreters. Des del meu rebesavi, a casa hem estat carreters, constructors de carros. En el meu pare va acabar-se l\u2019ofici. Despr\u00e9s d\u2019un temps d\u2019exercir de llibreter vaig adonar-me que el meu ofici tamb\u00e9 tenia a veure amb el que havien practicat els vells de casa, tots ells constru\u00efen vehicles que rodaven i servien per traginar i comunicar. Jo comercialitzo llibres que s\u00f3n vehicles que transporten paraules.<\/p>\n<p><span style=\"color: #ffffff;\">.<\/span><\/p>\n<p><strong><strong>TRAGINER DE CONTES<\/strong><\/strong><\/p>\n<p>Un personatge, Pep\/ llibreter\/ traginer de contes, narra les seves aficions, la seva professi\u00f3, el seu desig de ser alg\u00fa que triomfi, els seus encerts, les seves pors i les seves passions. Els narra descobrint els secrets que enclouen les seves maletes plenes de tresors i misteris, a partir d\u2019\u00e0lbums il\u00b7lustrats d\u2019on surten les seves hist\u00f2ries i els seus personatges, que es confonen amb el propi narrador i amb el p\u00fablic.<br \/>\n<em>Dia: Dijous 21<br \/>\nHora: 19:00hrs<br \/>\nLloc: <\/em><a href=\"http:\/\/www.diba.es\/francescabonnemaison\" target=\"_blank\">BIBLIOTECA\u00a0 FRANCESCA BONNEMAISON<\/a><a href=\"http:\/\/www.centreshg.net\/taxonera\" target=\"_blank\"><br \/>\n<\/a><a href=\"http:\/\/w20.bcn.cat\/Guiamap\/Default.aspx#x=31216.154&amp;y=82194.319&amp;z=5&amp;c=K014K015K001K002K003K011K013K006&amp;w=1057&amp;h=442&amp;p=31216.154,82194.319\" target=\"_blank\">\u00bfC\u00f3mo llegar?<\/a><\/p>\n<p><span style=\"color: #ffffff;\">.<\/span><\/p>\n<p><a href=\"\/2010\/wp-content\/uploads\/2010\/09\/FOTO-PEP-DUR\u00c1N-1.jpg\"><img decoding=\"async\" loading=\"lazy\" class=\"alignnone size-medium wp-image-359\" title=\"FOTO PEP DUR\u00c1N 1\" src=\"\/2010\/wp-content\/uploads\/2010\/09\/FOTO-PEP-DUR\u00c1N-1-200x300.jpg\" alt=\"\" width=\"200\" height=\"300\" srcset=\"https:\/\/muntdemots.org\/2010\/wp-content\/uploads\/2010\/09\/FOTO-PEP-DUR\u00c1N-1-200x300.jpg 200w, https:\/\/muntdemots.org\/2010\/wp-content\/uploads\/2010\/09\/FOTO-PEP-DUR\u00c1N-1-682x1024.jpg 682w\" sizes=\"(max-width: 200px) 100vw, 200px\" \/><\/a><\/p>\n","protected":false},"excerpt":{"rendered":"<p>http:\/\/www.cuentacuentos.eu\/narradores\/miembros\/espana\/PEPDURAN.htm Provinc d\u2019una saga de carreters. Des del meu rebesavi, a casa hem estat carreters, constructors de carros. En el meu pare va acabar-se l\u2019ofici. Despr\u00e9s d\u2019un temps d\u2019exercir de llibreter vaig adonar-me que el meu ofici tamb\u00e9 tenia a veure amb el que havien practicat els vells de casa, tots ells constru\u00efen vehicles que [&hellip;]<\/p>\n","protected":false},"author":1,"featured_media":0,"parent":0,"menu_order":0,"comment_status":"open","ping_status":"open","template":"","meta":[],"_links":{"self":[{"href":"http:\/\/muntdemots.org\/2010\/wp-json\/wp\/v2\/pages\/358"}],"collection":[{"href":"http:\/\/muntdemots.org\/2010\/wp-json\/wp\/v2\/pages"}],"about":[{"href":"http:\/\/muntdemots.org\/2010\/wp-json\/wp\/v2\/types\/page"}],"author":[{"embeddable":true,"href":"http:\/\/muntdemots.org\/2010\/wp-json\/wp\/v2\/users\/1"}],"replies":[{"embeddable":true,"href":"http:\/\/muntdemots.org\/2010\/wp-json\/wp\/v2\/comments?post=358"}],"version-history":[{"count":6,"href":"http:\/\/muntdemots.org\/2010\/wp-json\/wp\/v2\/pages\/358\/revisions"}],"predecessor-version":[{"id":1165,"href":"http:\/\/muntdemots.org\/2010\/wp-json\/wp\/v2\/pages\/358\/revisions\/1165"}],"wp:attachment":[{"href":"http:\/\/muntdemots.org\/2010\/wp-json\/wp\/v2\/media?parent=358"}],"curies":[{"name":"wp","href":"https:\/\/api.w.org\/{rel}","templated":true}]}}

Pep Durán

<p><a href="http://www.cuentacuentos.eu/narradores/miembros/espana/PEPDURAN.htm">http://www.cuentacuentos.eu/narradores/miembros/espana/PEPDURAN.htm</a></p>
<p>Provinc d’una saga de carreters. Des del meu rebesavi, a casa hem estat carreters, constructors de carros. En el meu pare va acabar-se l’ofici. Després d’un temps d’exercir de llibreter vaig adonar-me que el meu ofici també tenia a veure amb el que havien practicat els vells de casa, tots ells construïen vehicles que rodaven i servien per traginar i comunicar. Jo comercialitzo llibres que són vehicles que transporten paraules.</p>
<p><span style="color: #ffffff;">.</span></p>
<p><strong><strong>TRAGINER DE CONTES</strong></strong></p>
<p>Un personatge, Pep/ llibreter/ traginer de contes, narra les seves aficions, la seva professió, el seu desig de ser algú que triomfi, els seus encerts, les seves pors i les seves passions. Els narra descobrint els secrets que enclouen les seves maletes plenes de tresors i misteris, a partir d’àlbums il·lustrats d’on surten les seves històries i els seus personatges, que es confonen amb el propi narrador i amb el públic.<br />
<em>Dia: Dijous 21<br />
Hora: 19:00hrs<br />
Lloc: </em><a href="http://www.diba.es/francescabonnemaison" target="_blank">BIBLIOTECA  FRANCESCA BONNEMAISON</a><a href="http://www.centreshg.net/taxonera" target="_blank"><br />
</a><a href="http://w20.bcn.cat/Guiamap/Default.aspx#x=31216.154&amp;y=82194.319&amp;z=5&amp;c=K014K015K001K002K003K011K013K006&amp;w=1057&amp;h=442&amp;p=31216.154,82194.319" target="_blank">¿Cómo llegar?</a></p>
<p><span style="color: #ffffff;">.</span></p>
<p><a href="/2010/wp-content/uploads/2010/09/FOTO-PEP-DURÁN-1.jpg"><img decoding="async" loading="lazy" class="alignnone size-medium wp-image-359" title="FOTO PEP DURÁN 1" src="/2010/wp-content/uploads/2010/09/FOTO-PEP-DURÁN-1-200x300.jpg" alt="" width="200" height="300" srcset="https://muntdemots.org/2010/wp-content/uploads/2010/09/FOTO-PEP-DURÁN-1-200x300.jpg 200w, https://muntdemots.org/2010/wp-content/uploads/2010/09/FOTO-PEP-DURÁN-1-682x1024.jpg 682w" sizes="(max-width: 200px) 100vw, 200px" /></a></p>

<p>http://www.cuentacuentos.eu/narradores/miembros/espana/PEPDURAN.htm Provinc d’una saga de carreters. Des del meu rebesavi, a casa hem estat carreters, constructors de carros. En el meu pare va acabar-se l’ofici. Després d’un temps d’exercir de llibreter vaig adonar-me que el meu ofici també tenia a veure amb el que havien practicat els vells de casa, tots ells construïen vehicles que [&hellip;]</p>
