{"id":356,"date":"2010-09-07T07:50:27","date_gmt":"2010-09-07T07:50:27","guid":{"rendered":"http:\/\/www.muntdemots.org\/"},"modified":"2010-10-18T23:53:56","modified_gmt":"2010-10-18T23:53:56","slug":"patricia-mac-gill","status":"publish","type":"page","link":"http:\/\/muntdemots.org\/2010\/patricia-mac-gill\/","title":{"rendered":"Patricia Mac Gill"},"content":{"rendered":"<p><a href=\"http:\/\/www.patriciamcgill.wordpress.com\/\" target=\"_blank\">http:\/\/www.patriciamcgill.wordpress.com<\/a><strong> <\/strong><\/p>\n<p>Narradora nascuda a Uruguai i resident a Barcelona, domina diversos idiomes. Es va llicenciar com a actriu en la <em>Escuela Municipal de Arte Dram\u00e1tico Margarita Xirgu<\/em>, de Montevideo, i ha cultivat unes altres arts com el cant, la dansa cl\u00e0ssica i contempor\u00e0nia, expressi\u00f3 corporal i pantomima. Coopera habitualment en projectes de narraci\u00f3 tant nacionals (<em>Nascuts per llegir<\/em>) com internacionals (<em>Contando Hist\u00f3rias \u2013 Um di\u00e1logo entre a Espanha e o Brasil<\/em>).<\/p>\n<p><span style=\"color: #ffffff;\">.<\/span><\/p>\n<p><strong>ENS ANEM DE CONTES<\/strong><strong><br \/>\nPatricia McGill i Susana Tornero<\/strong><\/p>\n<p><span style=\"color: #ff0000;\"><strong>Canvi d\u2019\u00faltim moment. En lloc d\u2019actuar <a href=\"..\/domingo-chinchilla\/\" target=\"_blank\">Domingo Chinchilla<\/a> podreu gaudir de les fant\u00e0stiques Susana Tornero i Patricia McGill amb el seu espectacle ENS ANEM DE CONTES. <\/strong><\/span><\/p>\n<p>Per anar de contes no calen grans preparatius.<br \/>\nAnar ben disposats a escoltar i, sobretot, a gaudir.<br \/>\nLa resta, deixarem que ho decideixin les hist\u00f2ries&#8230;<\/p>\n<p><em>Dia: Dijous 21<br \/>\nHora: 20:00hrs<br \/>\nLloc: <\/em><a href=\"http:\/\/www.racomultimedia.net\/\" target=\"_blank\">C. C. GUINARD\u00d3 \u2013 EL RACONET<\/a><a href=\"http:\/\/www.centreshg.net\/taxonera\" target=\"_blank\"><br \/>\n<\/a><a href=\"http:\/\/w20.bcn.cat\/Guiamap\/Default.aspx#x=31008.099&amp;y=85478.573&amp;z=5&amp;c=K014K015K001K002K003K011K013K006&amp;w=1057&amp;h=442&amp;p=31008.099,85478.573\" target=\"_blank\">\u00bfC\u00f3mo llegar?<\/a><a href=\"http:\/\/www.racomultimedia.net\/\" target=\"_blank\"><br \/>\n<\/a><\/p>\n<p><span style=\"color: #ffffff;\">.<\/span><\/p>\n<p><strong>CONTES A LA CASSOLA<br \/>\n(EN CATAL\u00c0)<\/strong><strong> <\/strong><\/p>\n<p>Salpebrem, remenem, afegim la ratlladura, li donem un toc de gr\u00e0cia i tastem amb la punta del dit. Mmmm\u2026 Vet aqu\u00ed el nen que ens menjarem, vet aqu\u00ed el \u201cpam de nas\u201d de botifarra i l\u2019olla amb un forat i el past\u00eds que ja \u00e9s menjat\u2026 Vet aqu\u00ed el conte que \u00e9s contat.<br \/>\n<em>Dia: Dijous 21<br \/>\nHora: 18:00hrs<br \/>\nLloc: <\/em><a href=\"http:\/\/w3.bcn.es\/XMLServeis\/Asia\/XMLFitxaAsiaCtl\/0,4122,370084977_424430559_2_92086004593,00.html?tipusEnllac=equipament&amp;idFitxa=92086004593&amp;nomesFitxa=true\" target=\"_blank\">SALA DE LECTURA DEL CLOT<\/a><a href=\"http:\/\/www.centreshg.net\/taxonera\" target=\"_blank\"><br \/>\n<\/a><a href=\"http:\/\/w20.bcn.cat\/Guiamap\/Default.aspx#x=32184.155&amp;y=84437.486&amp;z=5&amp;c=K014K015K001K002K003K011K013K006&amp;w=1057&amp;h=442&amp;p=32184.155,84437.486\" target=\"_blank\">\u00bfC\u00f3mo llegar?<\/a><\/p>\n<p><span style=\"color: #ffffff;\">.<\/span><\/p>\n<p><strong> <\/strong><\/p>\n<p><strong>TOCAT DEL RETOC<br \/>\n<\/strong>3 a 6 anys<\/p>\n<p>Qui vol sentir el so del cas del pi? No cal dir ni mu si seu. I el pi fa cas del so. Escoltar pels llavis i parlar per les orelles.<br \/>\nFarem un recorregut tot contemplant algunes de les pintures que ens guien de cam\u00ed cap als contes, i tot escoltant i fent contes que ens duen en un vol a reviure les pintures. Evocar, ressonar i emocionar-nos. Trobar i fer possible de forma senzilla i plaent, al nostre gust i ganes.<br \/>\n<em>Dia: Diumenge 17<br \/>\nHora: 12:00hrs<br \/>\nLloc: <\/em><a href=\"http:\/\/www.museupicasso.bcn.es\/\" target=\"_blank\">MUSEO PICASSO<\/a><a href=\"http:\/\/www.centreshg.net\/taxonera\" target=\"_blank\"><br \/>\n<\/a><a href=\"http:\/\/w20.bcn.cat\/Guiamap\/Default.aspx#x=31603.364&amp;y=82042.116&amp;z=5&amp;c=K014K015K001K002K003K011K013K006&amp;w=1057&amp;h=458&amp;p=31603.364,82042.116\" target=\"_blank\">\u00bfC\u00f3mo llegar?<\/a><\/p>\n<p><span style=\"color: #ffffff;\">.<\/span><\/p>\n<p><a href=\"\/2010\/wp-content\/uploads\/2010\/09\/PATRICIA-MCGILL.jpg\"><img decoding=\"async\" loading=\"lazy\" class=\"alignleft size-full wp-image-560\" title=\"PATRICIA MCGILL\" src=\"\/2010\/wp-content\/uploads\/2010\/09\/PATRICIA-MCGILL.jpg\" alt=\"\" width=\"301\" height=\"200\" srcset=\"https:\/\/muntdemots.org\/2010\/wp-content\/uploads\/2010\/09\/PATRICIA-MCGILL.jpg 301w, https:\/\/muntdemots.org\/2010\/wp-content\/uploads\/2010\/09\/PATRICIA-MCGILL-300x199.jpg 300w\" sizes=\"(max-width: 301px) 100vw, 301px\" \/><\/a><\/p>\n<div id=\"_mcePaste\" style=\"position: absolute; left: -10000px; top: 191px; width: 1px; height: 1px; overflow: hidden;\"><a href=\"http:\/\/w3.bcn.es\/XMLServeis\/Asia\/XMLFitxaAsiaCtl\/0,4122,370084977_424430559_2_92086004593,00.html?tipusEnllac=equipament&amp;idFitxa=92086004593&amp;nomesFitxa=true\" target=\"_blank\">SALA DE LECTURA DEL CLOT<\/a><\/div>\n","protected":false},"excerpt":{"rendered":"<p>http:\/\/www.patriciamcgill.wordpress.com Narradora nascuda a Uruguai i resident a Barcelona, domina diversos idiomes. Es va llicenciar com a actriu en la Escuela Municipal de Arte Dram\u00e1tico Margarita Xirgu, de Montevideo, i ha cultivat unes altres arts com el cant, la dansa cl\u00e0ssica i contempor\u00e0nia, expressi\u00f3 corporal i pantomima. Coopera habitualment en projectes de narraci\u00f3 tant nacionals [&hellip;]<\/p>\n","protected":false},"author":1,"featured_media":0,"parent":0,"menu_order":0,"comment_status":"open","ping_status":"open","template":"","meta":[],"_links":{"self":[{"href":"http:\/\/muntdemots.org\/2010\/wp-json\/wp\/v2\/pages\/356"}],"collection":[{"href":"http:\/\/muntdemots.org\/2010\/wp-json\/wp\/v2\/pages"}],"about":[{"href":"http:\/\/muntdemots.org\/2010\/wp-json\/wp\/v2\/types\/page"}],"author":[{"embeddable":true,"href":"http:\/\/muntdemots.org\/2010\/wp-json\/wp\/v2\/users\/1"}],"replies":[{"embeddable":true,"href":"http:\/\/muntdemots.org\/2010\/wp-json\/wp\/v2\/comments?post=356"}],"version-history":[{"count":8,"href":"http:\/\/muntdemots.org\/2010\/wp-json\/wp\/v2\/pages\/356\/revisions"}],"predecessor-version":[{"id":2015,"href":"http:\/\/muntdemots.org\/2010\/wp-json\/wp\/v2\/pages\/356\/revisions\/2015"}],"wp:attachment":[{"href":"http:\/\/muntdemots.org\/2010\/wp-json\/wp\/v2\/media?parent=356"}],"curies":[{"name":"wp","href":"https:\/\/api.w.org\/{rel}","templated":true}]}}

<p><a href="http://www.patriciamcgill.wordpress.com/" target="_blank">http://www.patriciamcgill.wordpress.com</a><strong> </strong></p>
<p>Narradora nascuda a Uruguai i resident a Barcelona, domina diversos idiomes. Es va llicenciar com a actriu en la <em>Escuela Municipal de Arte Dramático Margarita Xirgu</em>, de Montevideo, i ha cultivat unes altres arts com el cant, la dansa clàssica i contemporània, expressió corporal i pantomima. Coopera habitualment en projectes de narració tant nacionals (<em>Nascuts per llegir</em>) com internacionals (<em>Contando Histórias – Um diálogo entre a Espanha e o Brasil</em>).</p>
<p><span style="color: #ffffff;">.</span></p>
<p><strong>ENS ANEM DE CONTES</strong><strong><br />
Patricia McGill i Susana Tornero</strong></p>
<p><span style="color: #ff0000;"><strong>Canvi d’últim moment. En lloc d’actuar <a href="../domingo-chinchilla/" target="_blank">Domingo Chinchilla</a> podreu gaudir de les fantàstiques Susana Tornero i Patricia McGill amb el seu espectacle ENS ANEM DE CONTES. </strong></span></p>
<p>Per anar de contes no calen grans preparatius.<br />
Anar ben disposats a escoltar i, sobretot, a gaudir.<br />
La resta, deixarem que ho decideixin les històries&#8230;</p>
<p><em>Dia: Dijous 21<br />
Hora: 20:00hrs<br />
Lloc: </em><a href="http://www.racomultimedia.net/" target="_blank">C. C. GUINARDÓ – EL RACONET</a><a href="http://www.centreshg.net/taxonera" target="_blank"><br />
</a><a href="http://w20.bcn.cat/Guiamap/Default.aspx#x=31008.099&amp;y=85478.573&amp;z=5&amp;c=K014K015K001K002K003K011K013K006&amp;w=1057&amp;h=442&amp;p=31008.099,85478.573" target="_blank">¿Cómo llegar?</a><a href="http://www.racomultimedia.net/" target="_blank"><br />
</a></p>
<p><span style="color: #ffffff;">.</span></p>
<p><strong>CONTES A LA CASSOLA<br />
(EN CATALÀ)</strong><strong> </strong></p>
<p>Salpebrem, remenem, afegim la ratlladura, li donem un toc de gràcia i tastem amb la punta del dit. Mmmm… Vet aquí el nen que ens menjarem, vet aquí el “pam de nas” de botifarra i l’olla amb un forat i el pastís que ja és menjat… Vet aquí el conte que és contat.<br />
<em>Dia: Dijous 21<br />
Hora: 18:00hrs<br />
Lloc: </em><a href="http://w3.bcn.es/XMLServeis/Asia/XMLFitxaAsiaCtl/0,4122,370084977_424430559_2_92086004593,00.html?tipusEnllac=equipament&amp;idFitxa=92086004593&amp;nomesFitxa=true" target="_blank">SALA DE LECTURA DEL CLOT</a><a href="http://www.centreshg.net/taxonera" target="_blank"><br />
</a><a href="http://w20.bcn.cat/Guiamap/Default.aspx#x=32184.155&amp;y=84437.486&amp;z=5&amp;c=K014K015K001K002K003K011K013K006&amp;w=1057&amp;h=442&amp;p=32184.155,84437.486" target="_blank">¿Cómo llegar?</a></p>
<p><span style="color: #ffffff;">.</span></p>
<p><strong> </strong></p>
<p><strong>TOCAT DEL RETOC<br />
</strong>3 a 6 anys</p>
<p>Qui vol sentir el so del cas del pi? No cal dir ni mu si seu. I el pi fa cas del so. Escoltar pels llavis i parlar per les orelles.<br />
Farem un recorregut tot contemplant algunes de les pintures que ens guien de camí cap als contes, i tot escoltant i fent contes que ens duen en un vol a reviure les pintures. Evocar, ressonar i emocionar-nos. Trobar i fer possible de forma senzilla i plaent, al nostre gust i ganes.<br />
<em>Dia: Diumenge 17<br />
Hora: 12:00hrs<br />
Lloc: </em><a href="http://www.museupicasso.bcn.es/" target="_blank">MUSEO PICASSO</a><a href="http://www.centreshg.net/taxonera" target="_blank"><br />
</a><a href="http://w20.bcn.cat/Guiamap/Default.aspx#x=31603.364&amp;y=82042.116&amp;z=5&amp;c=K014K015K001K002K003K011K013K006&amp;w=1057&amp;h=458&amp;p=31603.364,82042.116" target="_blank">¿Cómo llegar?</a></p>
<p><span style="color: #ffffff;">.</span></p>
<p><a href="/2010/wp-content/uploads/2010/09/PATRICIA-MCGILL.jpg"><img decoding="async" loading="lazy" class="alignleft size-full wp-image-560" title="PATRICIA MCGILL" src="/2010/wp-content/uploads/2010/09/PATRICIA-MCGILL.jpg" alt="" width="301" height="200" srcset="https://muntdemots.org/2010/wp-content/uploads/2010/09/PATRICIA-MCGILL.jpg 301w, https://muntdemots.org/2010/wp-content/uploads/2010/09/PATRICIA-MCGILL-300x199.jpg 300w" sizes="(max-width: 301px) 100vw, 301px" /></a></p>
<div id="_mcePaste" style="position: absolute; left: -10000px; top: 191px; width: 1px; height: 1px; overflow: hidden;"><a href="http://w3.bcn.es/XMLServeis/Asia/XMLFitxaAsiaCtl/0,4122,370084977_424430559_2_92086004593,00.html?tipusEnllac=equipament&amp;idFitxa=92086004593&amp;nomesFitxa=true" target="_blank">SALA DE LECTURA DEL CLOT</a></div>

<p>http://www.patriciamcgill.wordpress.com Narradora nascuda a Uruguai i resident a Barcelona, domina diversos idiomes. Es va llicenciar com a actriu en la Escuela Municipal de Arte Dramático Margarita Xirgu, de Montevideo, i ha cultivat unes altres arts com el cant, la dansa clàssica i contemporània, expressió corporal i pantomima. Coopera habitualment en projectes de narració tant nacionals [&hellip;]</p>
