{"id":354,"date":"2010-09-07T07:49:20","date_gmt":"2010-09-07T07:49:20","guid":{"rendered":"http:\/\/www.muntdemots.org\/"},"modified":"2010-09-25T16:48:45","modified_gmt":"2010-09-25T16:48:45","slug":"narrin-narran","status":"publish","type":"page","link":"http:\/\/muntdemots.org\/2010\/narrin-narran\/","title":{"rendered":"Narr\u00edn Narr\u00e1n"},"content":{"rendered":"<p><a href=\"http:\/\/narrinnarran.blogspot.com\">http:\/\/narrinnarran.blogspot.com<\/a><\/p>\n<p>Cristina, Elisabeth, Joana, Josefina, Lola, Marta i Yoli<br \/>\nNarrin Narr\u00e1n va n\u00e9ixer de la necessitat d\u2019explicar hist\u00f2ries i del plaer de mantenir una amistat.<br \/>\nTenim moltes hist\u00f2ries per oferir-vos.<br \/>\nVoleu compartir-les amb nosaltres?<br \/>\nUs hi esperem.<\/p>\n<p><strong> <\/strong><\/p>\n<p><strong> <\/strong><\/p>\n<p><span style=\"color: #ffffff;\">.<\/span><\/p>\n<p><strong>CONTES DE MISTERI I TERROR<br \/>\nNarr\u00edn Narr\u00e1n en EAMP<\/strong><\/p>\n<p><span style=\"text-decoration: underline;\"> <\/span><\/p>\n<p>La vida est\u00e0 plena de zones fosques, tenebroses, ambig\u00fces&#8230; Explicarem hist\u00f2ries que us faran posar els p\u00e8ls de punta, la pell de gallina.<br \/>\nSereu capa\u00e7os de venir?<br \/>\n<em>Dia: Dijous 21<br \/>\nHora: 20:00hrs<br \/>\nLloc: <\/em><a href=\"http:\/\/w3.bcn.es\/XMLServeis\/Asia\/XMLFitxaAsiaCtl\/0,4122,370084977_424430559_2_99400201447,00.html?tipusEnllac=equipament&amp;idFitxa=99400201447&amp;nomesFitxa=true\" target=\"_blank\">ESPAI ANTONI MIR\u00d3 PERIS<\/a><a href=\"http:\/\/www.centreshg.net\/taxonera\" target=\"_blank\"><br \/>\n<\/a><a href=\"http:\/\/w20.bcn.cat\/Guiamap\/Default.aspx#x=31942.052&amp;y=85115.403&amp;z=5&amp;c=K014K015K001K002K003K011K013K006&amp;w=1057&amp;h=442&amp;p=31942.052,85115.403\" target=\"_blank\">\u00bfC\u00f3mo llegar?<\/a><\/p>\n<p><span style=\"color: #ffffff;\">.<\/span><\/p>\n<p><strong>CONTES ER\u00d2TICS<br \/>\nNarr\u00edn Narr\u00e1n en La Farinera del Clot<\/strong><\/p>\n<p><span style=\"text-decoration: underline;\"> <\/span><\/p>\n<p>Per a nosaltres l\u2019erotisme t\u00e9 molt a veure amb la sensualitat, la seducci\u00f3 i el desig.<br \/>\nAmb els contes que escoltareu us farem sentir tot aix\u00f2 i m\u00e9s a flor de pell.<br \/>\n<em>Dia: Dimarts 19<br \/>\nHora: 20:00hrs<br \/>\nLloc: <\/em><a href=\"http:\/\/www.farinera.org\/\" target=\"_blank\">LA FARINERA DEL CLOT<\/a><a href=\"http:\/\/www.centreshg.net\/taxonera\" target=\"_blank\"><br \/>\n<\/a><a href=\"http:\/\/w20.bcn.cat\/Guiamap\/Default.aspx#x=32260.124&amp;y=84230.16&amp;z=5&amp;c=K014K015K001K002K003K011K013K006&amp;w=1057&amp;h=442&amp;p=32260.124,84230.16\" target=\"_blank\">\u00bfC\u00f3mo llegar?<\/a><\/p>\n","protected":false},"excerpt":{"rendered":"<p>http:\/\/narrinnarran.blogspot.com Cristina, Elisabeth, Joana, Josefina, Lola, Marta i Yoli Narrin Narr\u00e1n va n\u00e9ixer de la necessitat d\u2019explicar hist\u00f2ries i del plaer de mantenir una amistat. Tenim moltes hist\u00f2ries per oferir-vos. Voleu compartir-les amb nosaltres? Us hi esperem. . CONTES DE MISTERI I TERROR Narr\u00edn Narr\u00e1n en EAMP La vida est\u00e0 plena de zones fosques, tenebroses, [&hellip;]<\/p>\n","protected":false},"author":1,"featured_media":0,"parent":0,"menu_order":0,"comment_status":"open","ping_status":"open","template":"","meta":[],"_links":{"self":[{"href":"http:\/\/muntdemots.org\/2010\/wp-json\/wp\/v2\/pages\/354"}],"collection":[{"href":"http:\/\/muntdemots.org\/2010\/wp-json\/wp\/v2\/pages"}],"about":[{"href":"http:\/\/muntdemots.org\/2010\/wp-json\/wp\/v2\/types\/page"}],"author":[{"embeddable":true,"href":"http:\/\/muntdemots.org\/2010\/wp-json\/wp\/v2\/users\/1"}],"replies":[{"embeddable":true,"href":"http:\/\/muntdemots.org\/2010\/wp-json\/wp\/v2\/comments?post=354"}],"version-history":[{"count":6,"href":"http:\/\/muntdemots.org\/2010\/wp-json\/wp\/v2\/pages\/354\/revisions"}],"predecessor-version":[{"id":1521,"href":"http:\/\/muntdemots.org\/2010\/wp-json\/wp\/v2\/pages\/354\/revisions\/1521"}],"wp:attachment":[{"href":"http:\/\/muntdemots.org\/2010\/wp-json\/wp\/v2\/media?parent=354"}],"curies":[{"name":"wp","href":"https:\/\/api.w.org\/{rel}","templated":true}]}}

Narrín Narrán

<p><a href="http://narrinnarran.blogspot.com">http://narrinnarran.blogspot.com</a></p>
<p>Cristina, Elisabeth, Joana, Josefina, Lola, Marta i Yoli<br />
Narrin Narrán va néixer de la necessitat d’explicar històries i del plaer de mantenir una amistat.<br />
Tenim moltes històries per oferir-vos.<br />
Voleu compartir-les amb nosaltres?<br />
Us hi esperem.</p>
<p><strong> </strong></p>
<p><strong> </strong></p>
<p><span style="color: #ffffff;">.</span></p>
<p><strong>CONTES DE MISTERI I TERROR<br />
Narrín Narrán en EAMP</strong></p>
<p><span style="text-decoration: underline;"> </span></p>
<p>La vida està plena de zones fosques, tenebroses, ambigües&#8230; Explicarem històries que us faran posar els pèls de punta, la pell de gallina.<br />
Sereu capaços de venir?<br />
<em>Dia: Dijous 21<br />
Hora: 20:00hrs<br />
Lloc: </em><a href="http://w3.bcn.es/XMLServeis/Asia/XMLFitxaAsiaCtl/0,4122,370084977_424430559_2_99400201447,00.html?tipusEnllac=equipament&amp;idFitxa=99400201447&amp;nomesFitxa=true" target="_blank">ESPAI ANTONI MIRÓ PERIS</a><a href="http://www.centreshg.net/taxonera" target="_blank"><br />
</a><a href="http://w20.bcn.cat/Guiamap/Default.aspx#x=31942.052&amp;y=85115.403&amp;z=5&amp;c=K014K015K001K002K003K011K013K006&amp;w=1057&amp;h=442&amp;p=31942.052,85115.403" target="_blank">¿Cómo llegar?</a></p>
<p><span style="color: #ffffff;">.</span></p>
<p><strong>CONTES ERÒTICS<br />
Narrín Narrán en La Farinera del Clot</strong></p>
<p><span style="text-decoration: underline;"> </span></p>
<p>Per a nosaltres l’erotisme té molt a veure amb la sensualitat, la seducció i el desig.<br />
Amb els contes que escoltareu us farem sentir tot això i més a flor de pell.<br />
<em>Dia: Dimarts 19<br />
Hora: 20:00hrs<br />
Lloc: </em><a href="http://www.farinera.org/" target="_blank">LA FARINERA DEL CLOT</a><a href="http://www.centreshg.net/taxonera" target="_blank"><br />
</a><a href="http://w20.bcn.cat/Guiamap/Default.aspx#x=32260.124&amp;y=84230.16&amp;z=5&amp;c=K014K015K001K002K003K011K013K006&amp;w=1057&amp;h=442&amp;p=32260.124,84230.16" target="_blank">¿Cómo llegar?</a></p>

<p>http://narrinnarran.blogspot.com Cristina, Elisabeth, Joana, Josefina, Lola, Marta i Yoli Narrin Narrán va néixer de la necessitat d’explicar històries i del plaer de mantenir una amistat. Tenim moltes històries per oferir-vos. Voleu compartir-les amb nosaltres? Us hi esperem. . CONTES DE MISTERI I TERROR Narrín Narrán en EAMP La vida està plena de zones fosques, tenebroses, [&hellip;]</p>
