{"id":351,"date":"2010-09-07T07:48:02","date_gmt":"2010-09-07T07:48:02","guid":{"rendered":"http:\/\/www.muntdemots.org\/"},"modified":"2010-09-25T16:46:02","modified_gmt":"2010-09-25T16:46:02","slug":"monica-torra","status":"publish","type":"page","link":"http:\/\/muntdemots.org\/2010\/monica-torra\/","title":{"rendered":"M\u00f2nica Torra"},"content":{"rendered":"<p><a href=\"http:\/\/www.monicatorra.com\">http:\/\/www.monicatorra.com<\/a><\/p>\n<p>\u00c9s narradora oral des del 2002, m\u00fasic i docent. Amb el grau mig de piano, obtingut al Conservatori del Liceu (Barcelona), ha estat mestra de m\u00fasica, de piano i directora de corals. La seva formaci\u00f3 com a actriu l\u2019ha portada a treballar amb diferents companyies catalanes i a dirigir diversos grups de teatre per a joves. Ha participat en diferents festivals de narraci\u00f3 oral de tota Catalunya.<\/p>\n<p><span style=\"color: #ffffff;\">.<\/span><\/p>\n<p><strong>D\u2019AQUELLS BOLEROS, AQUESTS CONTES<\/strong><\/p>\n<p>Aquest \u00e9s un espectacle que barreja la m\u00fasica i la narraci\u00f3, on els contes parlen de les hist\u00f2ries que s\u2019amaguen darrera d\u2019alguns boleros, hist\u00f2ries d\u2019amors estranys, d\u2019amors impossibles, de passions desenfrenades; totes elles macerades amb un toc d\u2019humor i, alhora, emotiu i tendre. Narraci\u00f3 i cant amb l\u2019acompanyament del piano, que refor\u00e7a les parts m\u00e9s emocionals i passionals de l\u2019espectacle.<br \/>\n<em>Dia: Diumenge 17<br \/>\nHora: 20:00hrs<br \/>\nLloc: <\/em><a href=\"http:\/\/w3.bcn.es\/V62\/Home\/V62XMLHomeLinkPl\/0,4388,285254511_285742177_1,00.html\" target=\"_blank\">MUSEU DE LA M\u00d9SICA<\/a><a href=\"http:\/\/www.centreshg.net\/taxonera\" target=\"_blank\"><br \/>\n<\/a><a href=\"http:\/\/w20.bcn.cat\/Guiamap\/Default.aspx#x=31954.352&amp;y=83505.968&amp;z=5&amp;c=K014K015K001K002K003K011K013K006&amp;w=1057&amp;h=442&amp;p=31954.352,83505.968\" target=\"_blank\">\u00bfC\u00f3mo llegar?<\/a><\/p>\n<p><span style=\"color: #ffffff;\">.<\/span><\/p>\n<p><a href=\"\/2010\/wp-content\/uploads\/2010\/09\/MONICA-TORRAS.jpg\"><img decoding=\"async\" loading=\"lazy\" class=\"alignnone size-medium wp-image-352\" title=\"MONICA TORRAS\" src=\"\/2010\/wp-content\/uploads\/2010\/09\/MONICA-TORRAS-300x224.jpg\" alt=\"\" width=\"300\" height=\"224\" srcset=\"https:\/\/muntdemots.org\/2010\/wp-content\/uploads\/2010\/09\/MONICA-TORRAS-300x224.jpg 300w, https:\/\/muntdemots.org\/2010\/wp-content\/uploads\/2010\/09\/MONICA-TORRAS.jpg 1010w\" sizes=\"(max-width: 300px) 100vw, 300px\" \/><\/a><\/p>\n","protected":false},"excerpt":{"rendered":"<p>http:\/\/www.monicatorra.com \u00c9s narradora oral des del 2002, m\u00fasic i docent. Amb el grau mig de piano, obtingut al Conservatori del Liceu (Barcelona), ha estat mestra de m\u00fasica, de piano i directora de corals. La seva formaci\u00f3 com a actriu l\u2019ha portada a treballar amb diferents companyies catalanes i a dirigir diversos grups de teatre per [&hellip;]<\/p>\n","protected":false},"author":1,"featured_media":0,"parent":0,"menu_order":0,"comment_status":"open","ping_status":"open","template":"","meta":[],"_links":{"self":[{"href":"http:\/\/muntdemots.org\/2010\/wp-json\/wp\/v2\/pages\/351"}],"collection":[{"href":"http:\/\/muntdemots.org\/2010\/wp-json\/wp\/v2\/pages"}],"about":[{"href":"http:\/\/muntdemots.org\/2010\/wp-json\/wp\/v2\/types\/page"}],"author":[{"embeddable":true,"href":"http:\/\/muntdemots.org\/2010\/wp-json\/wp\/v2\/users\/1"}],"replies":[{"embeddable":true,"href":"http:\/\/muntdemots.org\/2010\/wp-json\/wp\/v2\/comments?post=351"}],"version-history":[{"count":6,"href":"http:\/\/muntdemots.org\/2010\/wp-json\/wp\/v2\/pages\/351\/revisions"}],"predecessor-version":[{"id":1209,"href":"http:\/\/muntdemots.org\/2010\/wp-json\/wp\/v2\/pages\/351\/revisions\/1209"}],"wp:attachment":[{"href":"http:\/\/muntdemots.org\/2010\/wp-json\/wp\/v2\/media?parent=351"}],"curies":[{"name":"wp","href":"https:\/\/api.w.org\/{rel}","templated":true}]}}

Mònica Torra

<p><a href="http://www.monicatorra.com">http://www.monicatorra.com</a></p>
<p>És narradora oral des del 2002, músic i docent. Amb el grau mig de piano, obtingut al Conservatori del Liceu (Barcelona), ha estat mestra de música, de piano i directora de corals. La seva formació com a actriu l’ha portada a treballar amb diferents companyies catalanes i a dirigir diversos grups de teatre per a joves. Ha participat en diferents festivals de narració oral de tota Catalunya.</p>
<p><span style="color: #ffffff;">.</span></p>
<p><strong>D’AQUELLS BOLEROS, AQUESTS CONTES</strong></p>
<p>Aquest és un espectacle que barreja la música i la narració, on els contes parlen de les històries que s’amaguen darrera d’alguns boleros, històries d’amors estranys, d’amors impossibles, de passions desenfrenades; totes elles macerades amb un toc d’humor i, alhora, emotiu i tendre. Narració i cant amb l’acompanyament del piano, que reforça les parts més emocionals i passionals de l’espectacle.<br />
<em>Dia: Diumenge 17<br />
Hora: 20:00hrs<br />
Lloc: </em><a href="http://w3.bcn.es/V62/Home/V62XMLHomeLinkPl/0,4388,285254511_285742177_1,00.html" target="_blank">MUSEU DE LA MÙSICA</a><a href="http://www.centreshg.net/taxonera" target="_blank"><br />
</a><a href="http://w20.bcn.cat/Guiamap/Default.aspx#x=31954.352&amp;y=83505.968&amp;z=5&amp;c=K014K015K001K002K003K011K013K006&amp;w=1057&amp;h=442&amp;p=31954.352,83505.968" target="_blank">¿Cómo llegar?</a></p>
<p><span style="color: #ffffff;">.</span></p>
<p><a href="/2010/wp-content/uploads/2010/09/MONICA-TORRAS.jpg"><img decoding="async" loading="lazy" class="alignnone size-medium wp-image-352" title="MONICA TORRAS" src="/2010/wp-content/uploads/2010/09/MONICA-TORRAS-300x224.jpg" alt="" width="300" height="224" srcset="https://muntdemots.org/2010/wp-content/uploads/2010/09/MONICA-TORRAS-300x224.jpg 300w, https://muntdemots.org/2010/wp-content/uploads/2010/09/MONICA-TORRAS.jpg 1010w" sizes="(max-width: 300px) 100vw, 300px" /></a></p>

<p>http://www.monicatorra.com És narradora oral des del 2002, músic i docent. Amb el grau mig de piano, obtingut al Conservatori del Liceu (Barcelona), ha estat mestra de música, de piano i directora de corals. La seva formació com a actriu l’ha portada a treballar amb diferents companyies catalanes i a dirigir diversos grups de teatre per [&hellip;]</p>
