{"id":345,"date":"2010-09-07T07:45:34","date_gmt":"2010-09-07T07:45:34","guid":{"rendered":"http:\/\/www.muntdemots.org\/"},"modified":"2010-09-25T16:42:19","modified_gmt":"2010-09-25T16:42:19","slug":"mercedes-carrion","status":"publish","type":"page","link":"http:\/\/muntdemots.org\/2010\/mercedes-carrion\/","title":{"rendered":"Mercedes Carri\u00f3n"},"content":{"rendered":"<p><a href=\"http:\/\/www.mercedescarrion.com\">http:\/\/www.mercedescarrion.com<\/a><\/p>\n<p>Contista, maga, actriu dram\u00e0tica, mim, fun\u00e0mbula, malabarista, directora, guionista&#8230; D\u2019origen peru\u00e0, des del 1975 recorre escenaris de Per\u00fa, Hongria, Espanya, Alemanya, It\u00e0lia, Fran\u00e7a, Portugal, Estats Units i Vene\u00e7uela.<em> <\/em>Va guanyar el \u201c<em>Primer Premio Magia Femenina<\/em>\u201d<em> <\/em>del Congr\u00e9s Mundial de M\u00e0gia (Lisboa, 1987) i el <em>\u201cPremio Garc\u00eda Cabrerizo, Julio Carabias, magia c\u00f3mica\u201d (Sociedad Espa\u00f1ola de Ilusionismo<\/em>, 1988)<\/p>\n<p><span style=\"color: #ffffff;\">.<\/span><\/p>\n<p><strong> <\/strong><\/p>\n<p><strong>\u00a1AY, QUE LOS CUENTOS SE ME SALEN POR LA BOCA! <\/strong><\/p>\n<p>N\u2019hi ha que emigren buscant fortuna o una vida millor, uns altres per colonitzar o fugint de guerres i mis\u00e8ries. La meva \u00e0via no, ella ho va fer per amor. Va omplir de rialles, fascinaci\u00f3, m\u00e0gia i ll\u00e0grimes els racons buits de la meva infantesa i joventut. Em va contagiar el vici de narrar&#8230;<br \/>\n<em>Dia: Divendres 22<br \/>\nHora: 18:00hrs<br \/>\nLloc: <\/em><a href=\"http:\/\/ccsagradafamilia.net\/\" target=\"_blank\">C. C. SAGRADA  FAM\u00cdLIA<\/a><br \/>\n<a href=\"http:\/\/w20.bcn.cat\/Guiamap\/Default.aspx#x=31251.628&amp;y=84333.813&amp;z=5&amp;c=K014K015K001K002K003K011K013K006&amp;w=1057&amp;h=442&amp;p=31251.628,84333.813\" target=\"_blank\">\u00bfC\u00f3mo llegar?<\/a><\/p>\n<p><span style=\"color: #ffffff;\">.<\/span><\/p>\n<p><strong> <\/strong><\/p>\n<p><strong> <\/strong><\/p>\n<p><strong> <\/strong><\/p>\n<p><strong>EL TRUCO DEL CUENTO<\/strong><br \/>\nMercedes Carri\u00f3n &amp; M\u00f3nica Mart\u00ednez Paz<\/p>\n<p><span style=\"text-decoration: underline;\"> <\/span><\/p>\n<p>Mercedes Carri\u00f3n, Conta contes i maga, durant anys ha vingut mesclant la m\u00e0gia de les paraules amb aquella altra, la de la vareta m\u00e0gica. Per la seva part, M\u00f3nica Mart\u00ednez Paz s\u2019apropa a la m\u00e0gia des dels contes que descobreixen les veritats, prodigis i misteris dels mags (i les magues). Ambdues m\u00e0gies trenquen la realitat en aquest espectacle, on el gran repte ser\u00e0 endevinar <em>El Truco del Cuento<\/em>\u2026<br \/>\n<em>Dia: Divendres 22<br \/>\nHora: 21:00hrs<br \/>\nLloc: <\/em><a href=\"http:\/\/www.almazen.net\/\" target=\"_blank\">EL ALMAZEN<\/a><br \/>\n<a href=\"http:\/\/w20.bcn.cat\/Guiamap\/Default.aspx#x=30387.38&amp;y=81637.054&amp;z=5&amp;c=K014K015K001K002K003K011K013K006&amp;w=1057&amp;h=442&amp;p=30387.38,81637.054\" target=\"_blank\">\u00bfC\u00f3mo llegar?<\/a> <span style=\"color: #ffffff;\">m\u00e0gies trenquen la realitat en aquest espectacle, on el gran repte ser\u00e0 endevinar <em>El Truco del Cuento<\/em>\u2026<\/span><\/p>\n<p><strong>M\u00f3nica Mart\u00ednez Paz <\/strong>(Vene\u00e7uela). Narradora Oral des de l\u2019any 1998. Llicenciada en Pedagogia per la UB (2005). \u00c9s professora de formaci\u00f3 de conta contes per al Consorci de Biblioteques de Barcelona.<\/p>\n<p><strong>MERCEDES CARRI\u00d3N <\/strong>(Per\u00fa)<strong> <\/strong>Contista, maga, actriu dram\u00e0tica, mim, fun\u00e0mbula, malabarista, directora, guionista. Des del 1975 i durant 35 anys ve recorrent escenaris de mig m\u00f3n.<\/p>\n<p><span style=\"color: #ffffff;\">.<\/span><\/p>\n<p><a href=\"\/2010\/wp-content\/uploads\/2010\/09\/Mercedes-Carrion.jpg\"><img decoding=\"async\" loading=\"lazy\" class=\"alignnone size-medium wp-image-346\" title=\"Mercedes Carrion\" src=\"\/2010\/wp-content\/uploads\/2010\/09\/Mercedes-Carrion-242x300.jpg\" alt=\"\" width=\"242\" height=\"300\" srcset=\"https:\/\/muntdemots.org\/2010\/wp-content\/uploads\/2010\/09\/Mercedes-Carrion-242x300.jpg 242w, https:\/\/muntdemots.org\/2010\/wp-content\/uploads\/2010\/09\/Mercedes-Carrion.jpg 301w\" sizes=\"(max-width: 242px) 100vw, 242px\" \/><\/a><\/p>\n","protected":false},"excerpt":{"rendered":"<p>http:\/\/www.mercedescarrion.com Contista, maga, actriu dram\u00e0tica, mim, fun\u00e0mbula, malabarista, directora, guionista&#8230; D\u2019origen peru\u00e0, des del 1975 recorre escenaris de Per\u00fa, Hongria, Espanya, Alemanya, It\u00e0lia, Fran\u00e7a, Portugal, Estats Units i Vene\u00e7uela. Va guanyar el \u201cPrimer Premio Magia Femenina\u201d del Congr\u00e9s Mundial de M\u00e0gia (Lisboa, 1987) i el \u201cPremio Garc\u00eda Cabrerizo, Julio Carabias, magia c\u00f3mica\u201d (Sociedad Espa\u00f1ola de [&hellip;]<\/p>\n","protected":false},"author":1,"featured_media":0,"parent":0,"menu_order":0,"comment_status":"open","ping_status":"open","template":"","meta":[],"_links":{"self":[{"href":"http:\/\/muntdemots.org\/2010\/wp-json\/wp\/v2\/pages\/345"}],"collection":[{"href":"http:\/\/muntdemots.org\/2010\/wp-json\/wp\/v2\/pages"}],"about":[{"href":"http:\/\/muntdemots.org\/2010\/wp-json\/wp\/v2\/types\/page"}],"author":[{"embeddable":true,"href":"http:\/\/muntdemots.org\/2010\/wp-json\/wp\/v2\/users\/1"}],"replies":[{"embeddable":true,"href":"http:\/\/muntdemots.org\/2010\/wp-json\/wp\/v2\/comments?post=345"}],"version-history":[{"count":6,"href":"http:\/\/muntdemots.org\/2010\/wp-json\/wp\/v2\/pages\/345\/revisions"}],"predecessor-version":[{"id":1514,"href":"http:\/\/muntdemots.org\/2010\/wp-json\/wp\/v2\/pages\/345\/revisions\/1514"}],"wp:attachment":[{"href":"http:\/\/muntdemots.org\/2010\/wp-json\/wp\/v2\/media?parent=345"}],"curies":[{"name":"wp","href":"https:\/\/api.w.org\/{rel}","templated":true}]}}

Mercedes Carrión

<p><a href="http://www.mercedescarrion.com">http://www.mercedescarrion.com</a></p>
<p>Contista, maga, actriu dramàtica, mim, funàmbula, malabarista, directora, guionista&#8230; D’origen peruà, des del 1975 recorre escenaris de Perú, Hongria, Espanya, Alemanya, Itàlia, França, Portugal, Estats Units i Veneçuela.<em> </em>Va guanyar el “<em>Primer Premio Magia Femenina</em>”<em> </em>del Congrés Mundial de Màgia (Lisboa, 1987) i el <em>“Premio García Cabrerizo, Julio Carabias, magia cómica” (Sociedad Española de Ilusionismo</em>, 1988)</p>
<p><span style="color: #ffffff;">.</span></p>
<p><strong> </strong></p>
<p><strong>¡AY, QUE LOS CUENTOS SE ME SALEN POR LA BOCA! </strong></p>
<p>N’hi ha que emigren buscant fortuna o una vida millor, uns altres per colonitzar o fugint de guerres i misèries. La meva àvia no, ella ho va fer per amor. Va omplir de rialles, fascinació, màgia i llàgrimes els racons buits de la meva infantesa i joventut. Em va contagiar el vici de narrar&#8230;<br />
<em>Dia: Divendres 22<br />
Hora: 18:00hrs<br />
Lloc: </em><a href="http://ccsagradafamilia.net/" target="_blank">C. C. SAGRADA  FAMÍLIA</a><br />
<a href="http://w20.bcn.cat/Guiamap/Default.aspx#x=31251.628&amp;y=84333.813&amp;z=5&amp;c=K014K015K001K002K003K011K013K006&amp;w=1057&amp;h=442&amp;p=31251.628,84333.813" target="_blank">¿Cómo llegar?</a></p>
<p><span style="color: #ffffff;">.</span></p>
<p><strong> </strong></p>
<p><strong> </strong></p>
<p><strong> </strong></p>
<p><strong>EL TRUCO DEL CUENTO</strong><br />
Mercedes Carrión &amp; Mónica Martínez Paz</p>
<p><span style="text-decoration: underline;"> </span></p>
<p>Mercedes Carrión, Conta contes i maga, durant anys ha vingut mesclant la màgia de les paraules amb aquella altra, la de la vareta màgica. Per la seva part, Mónica Martínez Paz s’apropa a la màgia des dels contes que descobreixen les veritats, prodigis i misteris dels mags (i les magues). Ambdues màgies trenquen la realitat en aquest espectacle, on el gran repte serà endevinar <em>El Truco del Cuento</em>…<br />
<em>Dia: Divendres 22<br />
Hora: 21:00hrs<br />
Lloc: </em><a href="http://www.almazen.net/" target="_blank">EL ALMAZEN</a><br />
<a href="http://w20.bcn.cat/Guiamap/Default.aspx#x=30387.38&amp;y=81637.054&amp;z=5&amp;c=K014K015K001K002K003K011K013K006&amp;w=1057&amp;h=442&amp;p=30387.38,81637.054" target="_blank">¿Cómo llegar?</a> <span style="color: #ffffff;">màgies trenquen la realitat en aquest espectacle, on el gran repte serà endevinar <em>El Truco del Cuento</em>…</span></p>
<p><strong>Mónica Martínez Paz </strong>(Veneçuela). Narradora Oral des de l’any 1998. Llicenciada en Pedagogia per la UB (2005). És professora de formació de conta contes per al Consorci de Biblioteques de Barcelona.</p>
<p><strong>MERCEDES CARRIÓN </strong>(Perú)<strong> </strong>Contista, maga, actriu dramàtica, mim, funàmbula, malabarista, directora, guionista. Des del 1975 i durant 35 anys ve recorrent escenaris de mig món.</p>
<p><span style="color: #ffffff;">.</span></p>
<p><a href="/2010/wp-content/uploads/2010/09/Mercedes-Carrion.jpg"><img decoding="async" loading="lazy" class="alignnone size-medium wp-image-346" title="Mercedes Carrion" src="/2010/wp-content/uploads/2010/09/Mercedes-Carrion-242x300.jpg" alt="" width="242" height="300" srcset="https://muntdemots.org/2010/wp-content/uploads/2010/09/Mercedes-Carrion-242x300.jpg 242w, https://muntdemots.org/2010/wp-content/uploads/2010/09/Mercedes-Carrion.jpg 301w" sizes="(max-width: 242px) 100vw, 242px" /></a></p>

<p>http://www.mercedescarrion.com Contista, maga, actriu dramàtica, mim, funàmbula, malabarista, directora, guionista&#8230; D’origen peruà, des del 1975 recorre escenaris de Perú, Hongria, Espanya, Alemanya, Itàlia, França, Portugal, Estats Units i Veneçuela. Va guanyar el “Primer Premio Magia Femenina” del Congrés Mundial de Màgia (Lisboa, 1987) i el “Premio García Cabrerizo, Julio Carabias, magia cómica” (Sociedad Española de [&hellip;]</p>
