{"id":335,"date":"2010-09-06T16:40:31","date_gmt":"2010-09-06T16:40:31","guid":{"rendered":"http:\/\/www.muntdemots.org\/"},"modified":"2010-09-25T16:23:19","modified_gmt":"2010-09-25T16:23:19","slug":"marina-pallares","status":"publish","type":"page","link":"http:\/\/muntdemots.org\/2010\/marina-pallares\/","title":{"rendered":"Marina Pallar\u00e8s"},"content":{"rendered":"<p><a href=\"http:\/\/www.marinapallares.com\">http:\/\/www.marinapallares.com<\/a><\/p>\n<p>S\u00f3c educadora social, actriu i conta contes. La meva formaci\u00f3 ha estat molt variada, combinant teatre, expressi\u00f3 oral, moviment creatiu, clown, teatre de l&#8217;oprimit. Treballo dins el m\u00f3n del teatre educatiu, portant tallers amb diferents col\u00b7lectius. Crec que explicar contes \u00e9s obrir pas a la imaginaci\u00f3 on, -juntament amb els nens i les nenes, i amb els adults- viatgem a nous mons, reflexionem sobre els valors i la manera de conviure junts.<\/p>\n<p><span style=\"color: #ffffff;\">.<\/span><\/p>\n<p><strong>CONTES A LA M\u00c1<\/strong><\/p>\n<p>Explicar contes \u00e9s un moment m\u00e0gic, un cam\u00ed a la imaginaci\u00f3 que comparteixes, que gaudeixes amb la gent. Aquests contes estan pensats perqu\u00e8 el nen participi activament, que se senti protagonista de la hist\u00f2ria i no un simple espectador&#8230;<br \/>\n<em>Dia: Dijous 21<br \/>\nHora: 18:00hrs<br \/>\nLloc: <\/em><a href=\"http:\/\/w3.bcn.es\/XMLServeis\/XMLHomeLinkPl\/0,4022,650929368_708500075_1,00.html\" target=\"_blank\">BIBLIOTECA POBLE NOU MANUEL ARRANZ<\/a><a href=\"http:\/\/www.centreshg.net\/taxonera\" target=\"_blank\"><br \/>\n<\/a><a href=\"http:\/\/w20.bcn.cat\/Guiamap\/Default.aspx#x=33600.705&amp;y=83824.516&amp;z=5&amp;c=K014K015K001K002K003K011K013K006&amp;w=1057&amp;h=442&amp;p=33600.705,83824.516\" target=\"_blank\">\u00bfC\u00f3mo llegar?<\/a><\/p>\n<p><span style=\"color: #ffffff;\">.<\/span><\/p>\n<p><a href=\"\/2010\/wp-content\/uploads\/2010\/09\/MARINA-PALLARES-2.jpg\"><img decoding=\"async\" loading=\"lazy\" class=\"alignnone size-medium wp-image-336\" title=\"MARINA PALLARES 2\" src=\"\/2010\/wp-content\/uploads\/2010\/09\/MARINA-PALLARES-2-300x225.jpg\" alt=\"\" width=\"300\" height=\"225\" srcset=\"https:\/\/muntdemots.org\/2010\/wp-content\/uploads\/2010\/09\/MARINA-PALLARES-2-300x225.jpg 300w, https:\/\/muntdemots.org\/2010\/wp-content\/uploads\/2010\/09\/MARINA-PALLARES-2.jpg 600w\" sizes=\"(max-width: 300px) 100vw, 300px\" \/><\/a><\/p>\n","protected":false},"excerpt":{"rendered":"<p>http:\/\/www.marinapallares.com S\u00f3c educadora social, actriu i conta contes. La meva formaci\u00f3 ha estat molt variada, combinant teatre, expressi\u00f3 oral, moviment creatiu, clown, teatre de l&#8217;oprimit. Treballo dins el m\u00f3n del teatre educatiu, portant tallers amb diferents col\u00b7lectius. Crec que explicar contes \u00e9s obrir pas a la imaginaci\u00f3 on, -juntament amb els nens i les nenes, [&hellip;]<\/p>\n","protected":false},"author":1,"featured_media":0,"parent":0,"menu_order":0,"comment_status":"open","ping_status":"open","template":"","meta":[],"_links":{"self":[{"href":"http:\/\/muntdemots.org\/2010\/wp-json\/wp\/v2\/pages\/335"}],"collection":[{"href":"http:\/\/muntdemots.org\/2010\/wp-json\/wp\/v2\/pages"}],"about":[{"href":"http:\/\/muntdemots.org\/2010\/wp-json\/wp\/v2\/types\/page"}],"author":[{"embeddable":true,"href":"http:\/\/muntdemots.org\/2010\/wp-json\/wp\/v2\/users\/1"}],"replies":[{"embeddable":true,"href":"http:\/\/muntdemots.org\/2010\/wp-json\/wp\/v2\/comments?post=335"}],"version-history":[{"count":6,"href":"http:\/\/muntdemots.org\/2010\/wp-json\/wp\/v2\/pages\/335\/revisions"}],"predecessor-version":[{"id":1504,"href":"http:\/\/muntdemots.org\/2010\/wp-json\/wp\/v2\/pages\/335\/revisions\/1504"}],"wp:attachment":[{"href":"http:\/\/muntdemots.org\/2010\/wp-json\/wp\/v2\/media?parent=335"}],"curies":[{"name":"wp","href":"https:\/\/api.w.org\/{rel}","templated":true}]}}

Marina Pallarès

<p><a href="http://www.marinapallares.com">http://www.marinapallares.com</a></p>
<p>Sóc educadora social, actriu i conta contes. La meva formació ha estat molt variada, combinant teatre, expressió oral, moviment creatiu, clown, teatre de l&#8217;oprimit. Treballo dins el món del teatre educatiu, portant tallers amb diferents col·lectius. Crec que explicar contes és obrir pas a la imaginació on, -juntament amb els nens i les nenes, i amb els adults- viatgem a nous mons, reflexionem sobre els valors i la manera de conviure junts.</p>
<p><span style="color: #ffffff;">.</span></p>
<p><strong>CONTES A LA MÁ</strong></p>
<p>Explicar contes és un moment màgic, un camí a la imaginació que comparteixes, que gaudeixes amb la gent. Aquests contes estan pensats perquè el nen participi activament, que se senti protagonista de la història i no un simple espectador&#8230;<br />
<em>Dia: Dijous 21<br />
Hora: 18:00hrs<br />
Lloc: </em><a href="http://w3.bcn.es/XMLServeis/XMLHomeLinkPl/0,4022,650929368_708500075_1,00.html" target="_blank">BIBLIOTECA POBLE NOU MANUEL ARRANZ</a><a href="http://www.centreshg.net/taxonera" target="_blank"><br />
</a><a href="http://w20.bcn.cat/Guiamap/Default.aspx#x=33600.705&amp;y=83824.516&amp;z=5&amp;c=K014K015K001K002K003K011K013K006&amp;w=1057&amp;h=442&amp;p=33600.705,83824.516" target="_blank">¿Cómo llegar?</a></p>
<p><span style="color: #ffffff;">.</span></p>
<p><a href="/2010/wp-content/uploads/2010/09/MARINA-PALLARES-2.jpg"><img decoding="async" loading="lazy" class="alignnone size-medium wp-image-336" title="MARINA PALLARES 2" src="/2010/wp-content/uploads/2010/09/MARINA-PALLARES-2-300x225.jpg" alt="" width="300" height="225" srcset="https://muntdemots.org/2010/wp-content/uploads/2010/09/MARINA-PALLARES-2-300x225.jpg 300w, https://muntdemots.org/2010/wp-content/uploads/2010/09/MARINA-PALLARES-2.jpg 600w" sizes="(max-width: 300px) 100vw, 300px" /></a></p>

<p>http://www.marinapallares.com Sóc educadora social, actriu i conta contes. La meva formació ha estat molt variada, combinant teatre, expressió oral, moviment creatiu, clown, teatre de l&#8217;oprimit. Treballo dins el món del teatre educatiu, portant tallers amb diferents col·lectius. Crec que explicar contes és obrir pas a la imaginació on, -juntament amb els nens i les nenes, [&hellip;]</p>
