{"id":332,"date":"2010-09-06T16:39:48","date_gmt":"2010-09-06T16:39:48","guid":{"rendered":"http:\/\/www.muntdemots.org\/"},"modified":"2010-09-25T18:28:31","modified_gmt":"2010-09-25T18:28:31","slug":"marga-socias","status":"publish","type":"page","link":"http:\/\/muntdemots.org\/2010\/marga-socias\/","title":{"rendered":"Marga Socias"},"content":{"rendered":"<p><a href=\"http:\/\/www.planeta15.net\/\" target=\"_blank\">http:\/\/www.planeta15.net<\/a><\/p>\n<p>Llicenciada en Pedagogia per la Universitat de Barcelona. Tamb\u00e9 estudia Teatre i Dansa al Col\u00b7legi del Teatre, als Estudis de Teatre. Amb <em>Theatre de Complicite<\/em> s\u2019inicia en el treball de la mem\u00f2ria corporal. Explora la t\u00e8cnica del clown i la dansa <em>butoh<\/em>. Forma part del grup <em>Teatro de los Sentidos<\/em>. Ha fundat Planeta 15, un espai singular que experimenta al voltant del teatre sensorial i la creaci\u00f3 d\u2019experi\u00e8ncies po\u00e8tiques i l\u00fadiques.<\/p>\n<p><span style=\"color: #ffffff;\">.<\/span><\/p>\n<p><strong>LES INCRE\u00cfBLES HIST\u00d2RIES DEL PA\u00cdS 27<br \/>\nMarga Socias. Associaci\u00f3 Cultural Planeta 15<\/strong><\/p>\n<p><strong> <\/strong><\/p>\n<p>El\u00a0pa\u00eds 27\u00a0\u00e9s un lloc singular. Ning\u00fa sap d\u2019on ha sortit. Ning\u00fa sap si \u00e9s lluny o a prop. I encara menys si t\u00e9 habitants o plantes o pedres. Nom\u00e9s hi ha una cosa que se sap: els cient\u00edfics m\u00e9s famosos del m\u00f3n hi han trobat una estranya m\u00e0quina que fabrica hist\u00f2ries fabuloses.<br \/>\n<em>Dia: Dissabte 23<br \/>\nHora: 17:00hrs<br \/>\nLloc: <\/em><a href=\"http:\/\/www.teatrodelossentidos.com\/\" target=\"_blank\">EL POLVOR\u00cdN DE MONTJU\u00cfC<\/a><a href=\"http:\/\/www.centreshg.net\/taxonera\" target=\"_blank\"><br \/>\n<\/a><a href=\"http:\/\/www.teatrodelossentidos.com\/eo\/noticiadetall.php?idn=23\" target=\"_blank\">\u00bfC\u00f3mo llegar?<\/a><\/p>\n<p><span style=\"color: #ffffff;\">.<\/span><\/p>\n<p><strong>EL LLIBRE SECRET<br \/>\nGeorgina Llapis (Marga Socias)<\/strong><\/p>\n<p>Porta perruca la Blancaneus?<br \/>\n\u00c9s veritat que el gegant de la mongetera no vol sortir mai m\u00e9s al seu conte?<br \/>\nLa Georgina Llapis t\u00e9 una doble vida. De dia \u00e9s una tranquil\u00b7la bibliotec\u00e0ria i de nit es converteix en l&#8217;agosarada i intr\u00e8pida exploradora G. Llapis-Jones que, amb el seu llibre Secret, intentar\u00e0 esbrinar els misteris del m\u00f3n dels contes.<br \/>\n<em>Dia: Dimecres 20<br \/>\nHora: 18:00hrs<br \/>\nLloc: <\/em><a href=\"http:\/\/w3.bcn.es\/V51\/Home\/V51HomeLinkPl\/0,3989,171936303,00.html\" target=\"_blank\">BIBLIOTECA FORT PIENC<\/a><a href=\"http:\/\/www.centreshg.net\/taxonera\" target=\"_blank\"><br \/>\n<\/a><a href=\"http:\/\/w20.bcn.cat\/Guiamap\/Default.aspx#x=32342.902&amp;y=88723.621&amp;z=5&amp;c=K014K015K001K002K003K011K013K006&amp;w=1057&amp;h=442&amp;p=32342.902,88723.621\" target=\"_blank\">\u00bfC\u00f3mo llegar?<\/a><\/p>\n<p><span style=\"color: #ffffff;\">.<\/span><\/p>\n<p><strong><a href=\"\/2010\/wp-content\/uploads\/2010\/09\/Marga-Socias.jpg\"><img decoding=\"async\" loading=\"lazy\" class=\"alignnone size-medium wp-image-333\" title=\"Marga Socias\" src=\"\/2010\/wp-content\/uploads\/2010\/09\/Marga-Socias-200x300.jpg\" alt=\"\" width=\"200\" height=\"300\" srcset=\"https:\/\/muntdemots.org\/2010\/wp-content\/uploads\/2010\/09\/Marga-Socias-200x300.jpg 200w, https:\/\/muntdemots.org\/2010\/wp-content\/uploads\/2010\/09\/Marga-Socias-682x1024.jpg 682w, https:\/\/muntdemots.org\/2010\/wp-content\/uploads\/2010\/09\/Marga-Socias.jpg 709w\" sizes=\"(max-width: 200px) 100vw, 200px\" \/><\/a><br \/>\n<\/strong><\/p>\n","protected":false},"excerpt":{"rendered":"<p>http:\/\/www.planeta15.net Llicenciada en Pedagogia per la Universitat de Barcelona. Tamb\u00e9 estudia Teatre i Dansa al Col\u00b7legi del Teatre, als Estudis de Teatre. Amb Theatre de Complicite s\u2019inicia en el treball de la mem\u00f2ria corporal. Explora la t\u00e8cnica del clown i la dansa butoh. Forma part del grup Teatro de los Sentidos. Ha fundat Planeta 15, [&hellip;]<\/p>\n","protected":false},"author":1,"featured_media":0,"parent":0,"menu_order":0,"comment_status":"open","ping_status":"open","template":"","meta":[],"_links":{"self":[{"href":"http:\/\/muntdemots.org\/2010\/wp-json\/wp\/v2\/pages\/332"}],"collection":[{"href":"http:\/\/muntdemots.org\/2010\/wp-json\/wp\/v2\/pages"}],"about":[{"href":"http:\/\/muntdemots.org\/2010\/wp-json\/wp\/v2\/types\/page"}],"author":[{"embeddable":true,"href":"http:\/\/muntdemots.org\/2010\/wp-json\/wp\/v2\/users\/1"}],"replies":[{"embeddable":true,"href":"http:\/\/muntdemots.org\/2010\/wp-json\/wp\/v2\/comments?post=332"}],"version-history":[{"count":8,"href":"http:\/\/muntdemots.org\/2010\/wp-json\/wp\/v2\/pages\/332\/revisions"}],"predecessor-version":[{"id":1500,"href":"http:\/\/muntdemots.org\/2010\/wp-json\/wp\/v2\/pages\/332\/revisions\/1500"}],"wp:attachment":[{"href":"http:\/\/muntdemots.org\/2010\/wp-json\/wp\/v2\/media?parent=332"}],"curies":[{"name":"wp","href":"https:\/\/api.w.org\/{rel}","templated":true}]}}