{"id":330,"date":"2010-09-06T16:38:11","date_gmt":"2010-09-06T16:38:11","guid":{"rendered":"http:\/\/www.muntdemots.org\/"},"modified":"2010-09-25T16:13:03","modified_gmt":"2010-09-25T16:13:03","slug":"marc-virgili-torrent","status":"publish","type":"page","link":"http:\/\/muntdemots.org\/2010\/marc-virgili-torrent\/","title":{"rendered":"Marc Virgili Torrent"},"content":{"rendered":"<p><a href=\"http:\/\/www.marcvirgili.com\">http:\/\/www.marcvirgili.com<\/a><\/p>\n<p>Nascut a Sant Vicen\u00e7 dels Horts, es va graduar en Fotografia i Creaci\u00f3 Digital a l\u2019UPC. Fot\u00f2graf inquiet, ha realitzat un Postgrau de Fotoperiodisme a l\u2019UAB i tallers de fotografia de reportatge, un dels quals amb Tino Soriano. La seva fotografia busca, principalment, la discreci\u00f3 i la naturalitat oferint imatges espont\u00e0nies. Els petits detalls, una gran t\u00e8cnica i la consci\u00e8ncia del joc de la llum, el fan ser un fot\u00f2graf amb un estil propi.<\/p>\n<p><span style=\"color: #ffffff;\">.<\/span><\/p>\n<p><strong>HI HAVIA UNA VEGADA&#8230;<br \/>\nExposici\u00f3 de Marc Virgili<\/strong><\/p>\n<p>Escoltar contes, quedar-s\u2019hi embadalit, sentir-se identificat, emocionar-se amb les hist\u00f2ries; o b\u00e9 tenir una idea, imaginar una hist\u00f2ria&#8230; Tot aix\u00f2 \u00e9s possible gr\u00e0cies a la m\u00e0gia dels contes. I \u00e9s que sense saber com, d\u2019una manera o una altra, des de l\u2019escriptor, fins a l\u2019il\u00b7lustrador, el venedor, el narrador i finalment els escolta contes, tots queden encisats per aquesta m\u00e0gia misteriosa que sempre comen\u00e7a igual: Hi havia una vegada&#8230;<br \/>\n<em>Dia: Dissabte 16<br \/>\nHora: 19:00hrs<br \/>\nLloc: <\/em><a href=\"http:\/\/www.bcn.cat\/centrecivicpatillimona\" target=\"_blank\">C. C. PATI LL\u00cdMONA<\/a><a href=\"http:\/\/www.centreshg.net\/taxonera\" target=\"_blank\"><br \/>\n<\/a><a href=\"http:\/\/w20.bcn.cat\/Guiamap\/Default.aspx#x=31446.088&amp;y=81641.358&amp;z=5&amp;c=K014K015K001K002K003K011K013K006&amp;w=1057&amp;h=442&amp;p=31446.088,81641.358\" target=\"_blank\">\u00bfC\u00f3mo llegar?<\/a><\/p>\n<p><span style=\"color: #ffffff;\">.<\/span><\/p>\n<p><a href=\"\/2010\/wp-content\/uploads\/2010\/09\/IMAGEN-DE-LA-EXPO-DE-MarcVirgili.jpg\"><img decoding=\"async\" loading=\"lazy\" class=\"alignleft size-medium wp-image-732\" title=\"IMAGEN DE LA EXPO DE MarcVirgili\" src=\"\/2010\/wp-content\/uploads\/2010\/09\/IMAGEN-DE-LA-EXPO-DE-MarcVirgili-300x189.jpg\" alt=\"\" width=\"300\" height=\"189\" srcset=\"https:\/\/muntdemots.org\/2010\/wp-content\/uploads\/2010\/09\/IMAGEN-DE-LA-EXPO-DE-MarcVirgili-300x189.jpg 300w, https:\/\/muntdemots.org\/2010\/wp-content\/uploads\/2010\/09\/IMAGEN-DE-LA-EXPO-DE-MarcVirgili-1024x648.jpg 1024w\" sizes=\"(max-width: 300px) 100vw, 300px\" \/><\/a><\/p>\n","protected":false},"excerpt":{"rendered":"<p>http:\/\/www.marcvirgili.com Nascut a Sant Vicen\u00e7 dels Horts, es va graduar en Fotografia i Creaci\u00f3 Digital a l\u2019UPC. Fot\u00f2graf inquiet, ha realitzat un Postgrau de Fotoperiodisme a l\u2019UAB i tallers de fotografia de reportatge, un dels quals amb Tino Soriano. La seva fotografia busca, principalment, la discreci\u00f3 i la naturalitat oferint imatges espont\u00e0nies. Els petits detalls, [&hellip;]<\/p>\n","protected":false},"author":1,"featured_media":0,"parent":0,"menu_order":0,"comment_status":"open","ping_status":"open","template":"","meta":[],"_links":{"self":[{"href":"http:\/\/muntdemots.org\/2010\/wp-json\/wp\/v2\/pages\/330"}],"collection":[{"href":"http:\/\/muntdemots.org\/2010\/wp-json\/wp\/v2\/pages"}],"about":[{"href":"http:\/\/muntdemots.org\/2010\/wp-json\/wp\/v2\/types\/page"}],"author":[{"embeddable":true,"href":"http:\/\/muntdemots.org\/2010\/wp-json\/wp\/v2\/users\/1"}],"replies":[{"embeddable":true,"href":"http:\/\/muntdemots.org\/2010\/wp-json\/wp\/v2\/comments?post=330"}],"version-history":[{"count":8,"href":"http:\/\/muntdemots.org\/2010\/wp-json\/wp\/v2\/pages\/330\/revisions"}],"predecessor-version":[{"id":728,"href":"http:\/\/muntdemots.org\/2010\/wp-json\/wp\/v2\/pages\/330\/revisions\/728"}],"wp:attachment":[{"href":"http:\/\/muntdemots.org\/2010\/wp-json\/wp\/v2\/media?parent=330"}],"curies":[{"name":"wp","href":"https:\/\/api.w.org\/{rel}","templated":true}]}}

<p><a href="http://www.marcvirgili.com">http://www.marcvirgili.com</a></p>
<p>Nascut a Sant Vicenç dels Horts, es va graduar en Fotografia i Creació Digital a l’UPC. Fotògraf inquiet, ha realitzat un Postgrau de Fotoperiodisme a l’UAB i tallers de fotografia de reportatge, un dels quals amb Tino Soriano. La seva fotografia busca, principalment, la discreció i la naturalitat oferint imatges espontànies. Els petits detalls, una gran tècnica i la consciència del joc de la llum, el fan ser un fotògraf amb un estil propi.</p>
<p><span style="color: #ffffff;">.</span></p>
<p><strong>HI HAVIA UNA VEGADA&#8230;<br />
Exposició de Marc Virgili</strong></p>
<p>Escoltar contes, quedar-s’hi embadalit, sentir-se identificat, emocionar-se amb les històries; o bé tenir una idea, imaginar una història&#8230; Tot això és possible gràcies a la màgia dels contes. I és que sense saber com, d’una manera o una altra, des de l’escriptor, fins a l’il·lustrador, el venedor, el narrador i finalment els escolta contes, tots queden encisats per aquesta màgia misteriosa que sempre comença igual: Hi havia una vegada&#8230;<br />
<em>Dia: Dissabte 16<br />
Hora: 19:00hrs<br />
Lloc: </em><a href="http://www.bcn.cat/centrecivicpatillimona" target="_blank">C. C. PATI LLÍMONA</a><a href="http://www.centreshg.net/taxonera" target="_blank"><br />
</a><a href="http://w20.bcn.cat/Guiamap/Default.aspx#x=31446.088&amp;y=81641.358&amp;z=5&amp;c=K014K015K001K002K003K011K013K006&amp;w=1057&amp;h=442&amp;p=31446.088,81641.358" target="_blank">¿Cómo llegar?</a></p>
<p><span style="color: #ffffff;">.</span></p>
<p><a href="/2010/wp-content/uploads/2010/09/IMAGEN-DE-LA-EXPO-DE-MarcVirgili.jpg"><img decoding="async" loading="lazy" class="alignleft size-medium wp-image-732" title="IMAGEN DE LA EXPO DE MarcVirgili" src="/2010/wp-content/uploads/2010/09/IMAGEN-DE-LA-EXPO-DE-MarcVirgili-300x189.jpg" alt="" width="300" height="189" srcset="https://muntdemots.org/2010/wp-content/uploads/2010/09/IMAGEN-DE-LA-EXPO-DE-MarcVirgili-300x189.jpg 300w, https://muntdemots.org/2010/wp-content/uploads/2010/09/IMAGEN-DE-LA-EXPO-DE-MarcVirgili-1024x648.jpg 1024w" sizes="(max-width: 300px) 100vw, 300px" /></a></p>

<p>http://www.marcvirgili.com Nascut a Sant Vicenç dels Horts, es va graduar en Fotografia i Creació Digital a l’UPC. Fotògraf inquiet, ha realitzat un Postgrau de Fotoperiodisme a l’UAB i tallers de fotografia de reportatge, un dels quals amb Tino Soriano. La seva fotografia busca, principalment, la discreció i la naturalitat oferint imatges espontànies. Els petits detalls, [&hellip;]</p>
