{"id":327,"date":"2010-09-06T16:37:22","date_gmt":"2010-09-06T16:37:22","guid":{"rendered":"http:\/\/www.muntdemots.org\/"},"modified":"2010-09-25T16:01:56","modified_gmt":"2010-09-25T16:01:56","slug":"laura-rodriguez","status":"publish","type":"page","link":"http:\/\/muntdemots.org\/2010\/laura-rodriguez\/","title":{"rendered":"Laura Rodr\u00edguez"},"content":{"rendered":"<p>Vaig n\u00e9ixer a l\u2019agost, amb una calor espantosa i els amics de vacances. Vaig dir les primeres paraules de seguida, i d\u2019aqu\u00ed vaig arribar als Pastorets i al teatre cl\u00e0ssic dels escenaris d\u2019aficionats. Despr\u00e9s del teatre experimental al cabaret, a la revista musical, al circ, als mon\u00f2legs i, finalment, als contes. I m\u2019hi he quedat!. Ja fa m\u00e9s de dotze anys que narro contes a les biblioteques, als pubs, als parcs, a Barcelona, a Espanya, a Nova York, a L\u2019Havana&#8230;<\/p>\n<p><span style=\"color: #ffffff;\">.<\/span><\/p>\n<p><strong> <\/strong><\/p>\n<p><strong>IDOLOG\u00cdA<\/strong><\/p>\n<p>Sovint, quan pensem en \u00eddols, ens v\u00e9nen al cap grans personatges de la hist\u00f2ria. Noms escrits en maj\u00fascules que tothom accepta com \u00e9ssers especials carregats de valor o de saviesa. O potser rememorem les estrelles de Hollywood, amb les seves llegendes i les seves fotografies glamuroses. Per\u00f2 existeixen uns altres \u00eddols, aquells que viuen al costat de casa i agafen l\u2019autob\u00fas. No s\u00e9 vosaltres per\u00f2 jo, de gran, vull ser com ells.<br \/>\n<em>Dia: Dilluns 18<br \/>\nHora: 19:00hrs<br \/>\nLloc: <\/em><a href=\"http:\/\/lastrolabi.blogspot.com\/\" target=\"_blank\">L\u2019ASTROLABI<\/a><a href=\"http:\/\/www.centreshg.net\/taxonera\" target=\"_blank\"><br \/>\n<\/a><a href=\"http:\/\/w20.bcn.cat\/Guiamap\/Default.aspx#x=29853.503&amp;y=83631.433&amp;z=5&amp;c=K014K015K001K002K003K011K013K006&amp;w=1057&amp;h=442&amp;p=29853.503,83631.433\" target=\"_blank\">\u00bfC\u00f3mo llegar?<\/a><\/p>\n<p><span style=\"color: #ffffff;\">.<\/span><\/p>\n<p><a href=\"\/2010\/wp-content\/uploads\/2010\/09\/LAURA-RODR\u00cdGUEZ-2.jpg\"><img decoding=\"async\" loading=\"lazy\" class=\"alignnone size-medium wp-image-328\" title=\"LAURA RODR\u00cdGUEZ 2\" src=\"\/2010\/wp-content\/uploads\/2010\/09\/LAURA-RODR\u00cdGUEZ-2-300x200.jpg\" alt=\"\" width=\"300\" height=\"200\" srcset=\"https:\/\/muntdemots.org\/2010\/wp-content\/uploads\/2010\/09\/LAURA-RODR\u00cdGUEZ-2-300x200.jpg 300w, https:\/\/muntdemots.org\/2010\/wp-content\/uploads\/2010\/09\/LAURA-RODR\u00cdGUEZ-2-1024x682.jpg 1024w\" sizes=\"(max-width: 300px) 100vw, 300px\" \/><\/a><\/p>\n","protected":false},"excerpt":{"rendered":"<p>Vaig n\u00e9ixer a l\u2019agost, amb una calor espantosa i els amics de vacances. Vaig dir les primeres paraules de seguida, i d\u2019aqu\u00ed vaig arribar als Pastorets i al teatre cl\u00e0ssic dels escenaris d\u2019aficionats. Despr\u00e9s del teatre experimental al cabaret, a la revista musical, al circ, als mon\u00f2legs i, finalment, als contes. I m\u2019hi he quedat!. [&hellip;]<\/p>\n","protected":false},"author":1,"featured_media":0,"parent":0,"menu_order":0,"comment_status":"open","ping_status":"open","template":"","meta":[],"_links":{"self":[{"href":"http:\/\/muntdemots.org\/2010\/wp-json\/wp\/v2\/pages\/327"}],"collection":[{"href":"http:\/\/muntdemots.org\/2010\/wp-json\/wp\/v2\/pages"}],"about":[{"href":"http:\/\/muntdemots.org\/2010\/wp-json\/wp\/v2\/types\/page"}],"author":[{"embeddable":true,"href":"http:\/\/muntdemots.org\/2010\/wp-json\/wp\/v2\/users\/1"}],"replies":[{"embeddable":true,"href":"http:\/\/muntdemots.org\/2010\/wp-json\/wp\/v2\/comments?post=327"}],"version-history":[{"count":5,"href":"http:\/\/muntdemots.org\/2010\/wp-json\/wp\/v2\/pages\/327\/revisions"}],"predecessor-version":[{"id":1493,"href":"http:\/\/muntdemots.org\/2010\/wp-json\/wp\/v2\/pages\/327\/revisions\/1493"}],"wp:attachment":[{"href":"http:\/\/muntdemots.org\/2010\/wp-json\/wp\/v2\/media?parent=327"}],"curies":[{"name":"wp","href":"https:\/\/api.w.org\/{rel}","templated":true}]}}

Laura Rodríguez

<p>Vaig néixer a l’agost, amb una calor espantosa i els amics de vacances. Vaig dir les primeres paraules de seguida, i d’aquí vaig arribar als Pastorets i al teatre clàssic dels escenaris d’aficionats. Després del teatre experimental al cabaret, a la revista musical, al circ, als monòlegs i, finalment, als contes. I m’hi he quedat!. Ja fa més de dotze anys que narro contes a les biblioteques, als pubs, als parcs, a Barcelona, a Espanya, a Nova York, a L’Havana&#8230;</p>
<p><span style="color: #ffffff;">.</span></p>
<p><strong> </strong></p>
<p><strong>IDOLOGÍA</strong></p>
<p>Sovint, quan pensem en ídols, ens vénen al cap grans personatges de la història. Noms escrits en majúscules que tothom accepta com éssers especials carregats de valor o de saviesa. O potser rememorem les estrelles de Hollywood, amb les seves llegendes i les seves fotografies glamuroses. Però existeixen uns altres ídols, aquells que viuen al costat de casa i agafen l’autobús. No sé vosaltres però jo, de gran, vull ser com ells.<br />
<em>Dia: Dilluns 18<br />
Hora: 19:00hrs<br />
Lloc: </em><a href="http://lastrolabi.blogspot.com/" target="_blank">L’ASTROLABI</a><a href="http://www.centreshg.net/taxonera" target="_blank"><br />
</a><a href="http://w20.bcn.cat/Guiamap/Default.aspx#x=29853.503&amp;y=83631.433&amp;z=5&amp;c=K014K015K001K002K003K011K013K006&amp;w=1057&amp;h=442&amp;p=29853.503,83631.433" target="_blank">¿Cómo llegar?</a></p>
<p><span style="color: #ffffff;">.</span></p>
<p><a href="/2010/wp-content/uploads/2010/09/LAURA-RODRÍGUEZ-2.jpg"><img decoding="async" loading="lazy" class="alignnone size-medium wp-image-328" title="LAURA RODRÍGUEZ 2" src="/2010/wp-content/uploads/2010/09/LAURA-RODRÍGUEZ-2-300x200.jpg" alt="" width="300" height="200" srcset="https://muntdemots.org/2010/wp-content/uploads/2010/09/LAURA-RODRÍGUEZ-2-300x200.jpg 300w, https://muntdemots.org/2010/wp-content/uploads/2010/09/LAURA-RODRÍGUEZ-2-1024x682.jpg 1024w" sizes="(max-width: 300px) 100vw, 300px" /></a></p>

<p>Vaig néixer a l’agost, amb una calor espantosa i els amics de vacances. Vaig dir les primeres paraules de seguida, i d’aquí vaig arribar als Pastorets i al teatre clàssic dels escenaris d’aficionats. Després del teatre experimental al cabaret, a la revista musical, al circ, als monòlegs i, finalment, als contes. I m’hi he quedat!. [&hellip;]</p>
