{"id":321,"date":"2010-09-06T16:34:42","date_gmt":"2010-09-06T16:34:42","guid":{"rendered":"http:\/\/www.muntdemots.org\/"},"modified":"2010-09-25T15:57:03","modified_gmt":"2010-09-25T15:57:03","slug":"juan-pablo-fuentes","status":"publish","type":"page","link":"http:\/\/muntdemots.org\/2010\/juan-pablo-fuentes\/","title":{"rendered":"Juan Pablo Fuentes"},"content":{"rendered":"<p><a href=\"http:\/\/www.juanpablofuentes.es\/\">http:\/\/www.juanpablofuentes.es\/<\/a><\/p>\n<p><a href=\"http:\/\/defabula.es\"> http:\/\/defabula.es<\/a><\/p>\n<p>Formado en la casa Lugaritz de San Sebasti\u00e1n y en la escuela de teatro La otra orilla de Barcelona, cre\u00f3 la compa\u00f1\u00eda P\u2019alante, actuando en diversos locales de teatro de Barcelona, Madrid y Guatemala. Con la compa\u00f1\u00eda Nou Titot mont\u00f3 tres farsas rusas de Chejov y otras obras c\u00f3micas. Ha actuado en diversas obras de teatro y es colaborador habitual de diferentes compa\u00f1\u00edas de Zarzuela realizando papeles c\u00f3micos. Forma parte de los grupos Bocabadats y Tot\u2019s a l\u2019Agora.<\/p>\n<p><span style=\"color: #ffffff;\">.<\/span><\/p>\n<p><strong>EROS UNA VEZ<\/strong><\/p>\n<p>Llevamos pensando en el sexo desde el comienzo de los tiempos. En este espect\u00e1culo escuchar\u00e1n historias que van desde Ad\u00e1n y Eva hasta los modernos intercambios de pareja, pasando por el uso de los cinturones de castidad en la edad media, las desbordantes org\u00edas de la aristocracia francesa y los secretos nunca contados de los cuentos infantiles. Historias de sexo sin amor, pero con mucho humor.<br \/>\n<em>Dia: Dissabte 16<br \/>\nHora: 22:00hrs<br \/>\nLloc: <\/em><a href=\"http:\/\/www.centreshg.net\/casagroga\/index.php\" target=\"_blank\">C. C. CASA GROGA<\/a><a href=\"http:\/\/www.centreshg.net\/taxonera\" target=\"_blank\"><br \/>\n<\/a><a href=\"http:\/\/w20.bcn.cat\/Guiamap\/Default.aspx#x=28021.82&amp;y=86708.382&amp;z=5&amp;c=K014K015K001K002K003K011K013K006&amp;w=1057&amp;h=442&amp;p=28021.82,86708.382\" target=\"_blank\">\u00bfC\u00f3mo llegar?<\/a>\ufeff<\/p>\n<p><span style=\"color: #ffffff;\">.<\/span><\/p>\n<p><strong>CONFERENCIA: <\/strong><strong>LA TELARA\u00d1A EN<\/strong><strong> LA NUBE<br \/>\nCuentos y narraciones en internet<\/strong><\/p>\n<p>La llegada de internet ha revolucionado muchos aspectos de nuestra vida cotidiana, hasta el punto que mucha gente no se imagina una vida <em>desconectada<\/em>. \u00bfHa ocurrido lo mismo con otras actividades m\u00e1s tradicionales, como los cuentos? En esta charla examinaremos el recorrido que ha tenido la narraci\u00f3n desde los albores de la humanidad hasta el siglo XXI, y conoceremos cu\u00e1les son los nuevos formatos digitales donde se han refugiado los cuentos<strong>.<br \/>\n<\/strong><em>Dia: Dimecres 20<br \/>\nHora: 19:30hrs<br \/>\nLloc: <\/em><a href=\"http:\/\/www.racomultimedia.net\/\" target=\"_blank\">C. C. GUINARD\u00d3 \u2013 EL RACONET<\/a><a href=\"http:\/\/www.centreshg.net\/taxonera\" target=\"_blank\"><br \/>\n<\/a><a href=\"http:\/\/w20.bcn.cat\/Guiamap\/Default.aspx#x=31008.099&amp;y=85478.573&amp;z=5&amp;c=K014K015K001K002K003K011K013K006&amp;w=1057&amp;h=442&amp;p=31008.099,85478.573\" target=\"_blank\">\u00bfC\u00f3mo llegar?<\/a><a href=\"http:\/\/www.racomultimedia.net\/\" target=\"_blank\"><br \/>\n<\/a><\/p>\n<p><strong><span style=\"color: #ffffff;\">.<\/span><br \/>\n<\/strong><\/p>\n<p><a href=\"\/2010\/wp-content\/uploads\/2010\/09\/JUAN-PABLO-FUENTES-1.jpg\"><img decoding=\"async\" loading=\"lazy\" class=\"alignnone size-medium wp-image-322\" title=\"JUAN PABLO FUENTES 1\" src=\"\/2010\/wp-content\/uploads\/2010\/09\/JUAN-PABLO-FUENTES-1-300x225.jpg\" alt=\"\" width=\"300\" height=\"225\" srcset=\"https:\/\/muntdemots.org\/2010\/wp-content\/uploads\/2010\/09\/JUAN-PABLO-FUENTES-1-300x225.jpg 300w, https:\/\/muntdemots.org\/2010\/wp-content\/uploads\/2010\/09\/JUAN-PABLO-FUENTES-1.jpg 1024w\" sizes=\"(max-width: 300px) 100vw, 300px\" \/><\/a><\/p>\n","protected":false},"excerpt":{"rendered":"<p>http:\/\/www.juanpablofuentes.es\/ http:\/\/defabula.es Formado en la casa Lugaritz de San Sebasti\u00e1n y en la escuela de teatro La otra orilla de Barcelona, cre\u00f3 la compa\u00f1\u00eda P\u2019alante, actuando en diversos locales de teatro de Barcelona, Madrid y Guatemala. Con la compa\u00f1\u00eda Nou Titot mont\u00f3 tres farsas rusas de Chejov y otras obras c\u00f3micas. Ha actuado en diversas [&hellip;]<\/p>\n","protected":false},"author":1,"featured_media":0,"parent":0,"menu_order":0,"comment_status":"open","ping_status":"open","template":"","meta":[],"_links":{"self":[{"href":"http:\/\/muntdemots.org\/2010\/wp-json\/wp\/v2\/pages\/321"}],"collection":[{"href":"http:\/\/muntdemots.org\/2010\/wp-json\/wp\/v2\/pages"}],"about":[{"href":"http:\/\/muntdemots.org\/2010\/wp-json\/wp\/v2\/types\/page"}],"author":[{"embeddable":true,"href":"http:\/\/muntdemots.org\/2010\/wp-json\/wp\/v2\/users\/1"}],"replies":[{"embeddable":true,"href":"http:\/\/muntdemots.org\/2010\/wp-json\/wp\/v2\/comments?post=321"}],"version-history":[{"count":8,"href":"http:\/\/muntdemots.org\/2010\/wp-json\/wp\/v2\/pages\/321\/revisions"}],"predecessor-version":[{"id":1278,"href":"http:\/\/muntdemots.org\/2010\/wp-json\/wp\/v2\/pages\/321\/revisions\/1278"}],"wp:attachment":[{"href":"http:\/\/muntdemots.org\/2010\/wp-json\/wp\/v2\/media?parent=321"}],"curies":[{"name":"wp","href":"https:\/\/api.w.org\/{rel}","templated":true}]}}