{"id":318,"date":"2010-09-06T16:33:31","date_gmt":"2010-09-06T16:33:31","guid":{"rendered":"http:\/\/www.muntdemots.org\/"},"modified":"2010-09-25T15:50:41","modified_gmt":"2010-09-25T15:50:41","slug":"jose-luis-mellado","status":"publish","type":"page","link":"http:\/\/muntdemots.org\/2010\/jose-luis-mellado\/","title":{"rendered":"Jose Luis Mellado"},"content":{"rendered":"<p><a href=\"http:\/\/joseluismellado.blogspot.com\">http:\/\/joseluismellado.blogspot.com<\/a><\/p>\n<p>Actor i narrador xil\u00e8, des del 1993. Ha participat als festivals de Bogot\u00e0, Medell\u00edn, Cali, Guadalajara, Sevilla, Buenos Aires, Montevideo, Asunci\u00f3n, Ordizia, Durango, Elx, etc. Cofundador de la <em>Red Latinoamericana de Cuenteria Popular<\/em>. Durant 9 anys va organitzar i dirigir el festival <em>Cuenta Cuentos<\/em> de Santiago de Xile, realitzat al Teatro Oriente. Juntament amb In\u00e9s Grimland (argentina) condueix l\u2019<em>Escuela Itinerante de Oralidad y Cuenteria<\/em>.<\/p>\n<p><span style=\"color: #ffffff;\">.<\/span><\/p>\n<p><strong>SOUPER NATURAL<\/strong><\/p>\n<p>Hist\u00f2ries <em>desprolixes<\/em>,\u00a0bordejant el <em>delirium tremens<\/em>. Hist\u00f2ries universals. El que els hi passa als personatges li podria passar a qualsevol, en el lloc del m\u00f3n que sigui. All\u00f2 realment cert \u00e9s que res del que passa es creu fins que no passa realment. Aquest espectacle inclou una petita lli\u00e7\u00f3 gratu\u00efta de vol sense ortop\u00e8dia, \u00e9s a dir,\u00a0<em>aix\u00ed i no m\u00e9s<\/em>,\u00a0sense avi\u00f3 ni paracaigudes.<br \/>\n<em>Dia: Dimecres 20<br \/>\nHora: 21:00hrs<br \/>\nLloc: <\/em><a href=\"http:\/\/www.bcn.cat\/centrecivicpatillimona\" target=\"_blank\">C. C. PATI LL\u00cdMONA<\/a><a href=\"www.bcn.cat\/centrecivicpatillimona\" target=\"_blank\"><br \/>\n<\/a><a href=\"http:\/\/w20.bcn.cat\/Guiamap\/Default.aspx#x=31446.088&amp;y=81641.358&amp;z=5&amp;c=K014K015K001K002K003K011K013K006&amp;w=1057&amp;h=442&amp;p=31446.088,81641.358\" target=\"_blank\">\u00bfC\u00f3mo llegar?<\/a><\/p>\n<p><span style=\"color: #ffffff;\">.<\/span><\/p>\n<p><strong>SONORO Y A COLOR<\/strong><\/p>\n<p>Un compendi d\u2019aventures personals on\u00a0all\u00f2 llatinoameric\u00e0 \u00e9s implacable en la seva forma; el relat\u00a0no-lineal salta, d\u2019un moment a un altre, a una aventura diferent. La tendresa dels personatges \u00e9s commovedora i cadasc\u00fa sent que all\u00f2 t\u00e9 a veure amb la seva pr\u00f2pia hist\u00f2ria.<br \/>\n<em>Dia: Dimarts 19<br \/>\nHora: 19:00hrs<br \/>\nLloc: <\/em><a href=\"http:\/\/w3.bcn.es\/XMLServeis\/XMLHomeLinkPl\/0,4022,1013028920,00.html\" target=\"_blank\">BIBLIOTECA G\u00d2TIC- ANDREU NIN<\/a><a href=\"www.bcn.cat\/centrecivicpatillimona\" target=\"_blank\"><br \/>\n<\/a><a href=\"http:\/\/w20.bcn.cat\/Guiamap\/Default.aspx#x=31195.978&amp;y=81302.72&amp;z=5&amp;c=K014K015K001K002K003K011K013K006&amp;w=1057&amp;h=442&amp;p=31195.978,81302.72\" target=\"_blank\">\u00bfC\u00f3mo llegar?<\/a><\/p>\n<p><span style=\"color: #ffffff;\">.<\/span><\/p>\n<p><a href=\"\/2010\/wp-content\/uploads\/2010\/09\/Joseluis-2.jpg\"><img decoding=\"async\" loading=\"lazy\" class=\"alignnone size-medium wp-image-319\" title=\"Joseluis 2\" src=\"\/2010\/wp-content\/uploads\/2010\/09\/Joseluis-2-300x225.jpg\" alt=\"\" width=\"300\" height=\"225\" srcset=\"https:\/\/muntdemots.org\/2010\/wp-content\/uploads\/2010\/09\/Joseluis-2-300x225.jpg 300w, https:\/\/muntdemots.org\/2010\/wp-content\/uploads\/2010\/09\/Joseluis-2-1024x768.jpg 1024w, https:\/\/muntdemots.org\/2010\/wp-content\/uploads\/2010\/09\/Joseluis-2.jpg 1280w\" sizes=\"(max-width: 300px) 100vw, 300px\" \/><\/a><\/p>\n","protected":false},"excerpt":{"rendered":"<p>http:\/\/joseluismellado.blogspot.com Actor i narrador xil\u00e8, des del 1993. Ha participat als festivals de Bogot\u00e0, Medell\u00edn, Cali, Guadalajara, Sevilla, Buenos Aires, Montevideo, Asunci\u00f3n, Ordizia, Durango, Elx, etc. Cofundador de la Red Latinoamericana de Cuenteria Popular. Durant 9 anys va organitzar i dirigir el festival Cuenta Cuentos de Santiago de Xile, realitzat al Teatro Oriente. Juntament amb [&hellip;]<\/p>\n","protected":false},"author":1,"featured_media":0,"parent":0,"menu_order":0,"comment_status":"open","ping_status":"open","template":"","meta":[],"_links":{"self":[{"href":"http:\/\/muntdemots.org\/2010\/wp-json\/wp\/v2\/pages\/318"}],"collection":[{"href":"http:\/\/muntdemots.org\/2010\/wp-json\/wp\/v2\/pages"}],"about":[{"href":"http:\/\/muntdemots.org\/2010\/wp-json\/wp\/v2\/types\/page"}],"author":[{"embeddable":true,"href":"http:\/\/muntdemots.org\/2010\/wp-json\/wp\/v2\/users\/1"}],"replies":[{"embeddable":true,"href":"http:\/\/muntdemots.org\/2010\/wp-json\/wp\/v2\/comments?post=318"}],"version-history":[{"count":6,"href":"http:\/\/muntdemots.org\/2010\/wp-json\/wp\/v2\/pages\/318\/revisions"}],"predecessor-version":[{"id":1485,"href":"http:\/\/muntdemots.org\/2010\/wp-json\/wp\/v2\/pages\/318\/revisions\/1485"}],"wp:attachment":[{"href":"http:\/\/muntdemots.org\/2010\/wp-json\/wp\/v2\/media?parent=318"}],"curies":[{"name":"wp","href":"https:\/\/api.w.org\/{rel}","templated":true}]}}

<p><a href="http://joseluismellado.blogspot.com">http://joseluismellado.blogspot.com</a></p>
<p>Actor i narrador xilè, des del 1993. Ha participat als festivals de Bogotà, Medellín, Cali, Guadalajara, Sevilla, Buenos Aires, Montevideo, Asunción, Ordizia, Durango, Elx, etc. Cofundador de la <em>Red Latinoamericana de Cuenteria Popular</em>. Durant 9 anys va organitzar i dirigir el festival <em>Cuenta Cuentos</em> de Santiago de Xile, realitzat al Teatro Oriente. Juntament amb Inés Grimland (argentina) condueix l’<em>Escuela Itinerante de Oralidad y Cuenteria</em>.</p>
<p><span style="color: #ffffff;">.</span></p>
<p><strong>SOUPER NATURAL</strong></p>
<p>Històries <em>desprolixes</em>, bordejant el <em>delirium tremens</em>. Històries universals. El que els hi passa als personatges li podria passar a qualsevol, en el lloc del món que sigui. Allò realment cert és que res del que passa es creu fins que no passa realment. Aquest espectacle inclou una petita lliçó gratuïta de vol sense ortopèdia, és a dir, <em>així i no més</em>, sense avió ni paracaigudes.<br />
<em>Dia: Dimecres 20<br />
Hora: 21:00hrs<br />
Lloc: </em><a href="http://www.bcn.cat/centrecivicpatillimona" target="_blank">C. C. PATI LLÍMONA</a><a href="www.bcn.cat/centrecivicpatillimona" target="_blank"><br />
</a><a href="http://w20.bcn.cat/Guiamap/Default.aspx#x=31446.088&amp;y=81641.358&amp;z=5&amp;c=K014K015K001K002K003K011K013K006&amp;w=1057&amp;h=442&amp;p=31446.088,81641.358" target="_blank">¿Cómo llegar?</a></p>
<p><span style="color: #ffffff;">.</span></p>
<p><strong>SONORO Y A COLOR</strong></p>
<p>Un compendi d’aventures personals on allò llatinoamericà és implacable en la seva forma; el relat no-lineal salta, d’un moment a un altre, a una aventura diferent. La tendresa dels personatges és commovedora i cadascú sent que allò té a veure amb la seva pròpia història.<br />
<em>Dia: Dimarts 19<br />
Hora: 19:00hrs<br />
Lloc: </em><a href="http://w3.bcn.es/XMLServeis/XMLHomeLinkPl/0,4022,1013028920,00.html" target="_blank">BIBLIOTECA GÒTIC- ANDREU NIN</a><a href="www.bcn.cat/centrecivicpatillimona" target="_blank"><br />
</a><a href="http://w20.bcn.cat/Guiamap/Default.aspx#x=31195.978&amp;y=81302.72&amp;z=5&amp;c=K014K015K001K002K003K011K013K006&amp;w=1057&amp;h=442&amp;p=31195.978,81302.72" target="_blank">¿Cómo llegar?</a></p>
<p><span style="color: #ffffff;">.</span></p>
<p><a href="/2010/wp-content/uploads/2010/09/Joseluis-2.jpg"><img decoding="async" loading="lazy" class="alignnone size-medium wp-image-319" title="Joseluis 2" src="/2010/wp-content/uploads/2010/09/Joseluis-2-300x225.jpg" alt="" width="300" height="225" srcset="https://muntdemots.org/2010/wp-content/uploads/2010/09/Joseluis-2-300x225.jpg 300w, https://muntdemots.org/2010/wp-content/uploads/2010/09/Joseluis-2-1024x768.jpg 1024w, https://muntdemots.org/2010/wp-content/uploads/2010/09/Joseluis-2.jpg 1280w" sizes="(max-width: 300px) 100vw, 300px" /></a></p>

<p>http://joseluismellado.blogspot.com Actor i narrador xilè, des del 1993. Ha participat als festivals de Bogotà, Medellín, Cali, Guadalajara, Sevilla, Buenos Aires, Montevideo, Asunción, Ordizia, Durango, Elx, etc. Cofundador de la Red Latinoamericana de Cuenteria Popular. Durant 9 anys va organitzar i dirigir el festival Cuenta Cuentos de Santiago de Xile, realitzat al Teatro Oriente. Juntament amb [&hellip;]</p>
