{"id":312,"date":"2010-09-06T16:31:30","date_gmt":"2010-09-06T16:31:30","guid":{"rendered":"http:\/\/www.muntdemots.org\/"},"modified":"2010-09-25T15:32:30","modified_gmt":"2010-09-25T15:32:30","slug":"ines-macpherson","status":"publish","type":"page","link":"http:\/\/muntdemots.org\/2010\/ines-macpherson\/","title":{"rendered":"In\u00e9s Macpherson"},"content":{"rendered":"<p><a href=\"http:\/\/encuentosydesencuentos.wordpress.com\">http:\/\/encuentosydesencuentos.wordpress.com<\/a><\/p>\n<p>Nascuda el 1982, \u00e9s llicenciada en Filosofia, amb un postgrau en Gesti\u00f3 cultural. Va estudiar el curs de narraci\u00f3 oral amb Numancia Rojas a la <em>Casa de los Cuentos<\/em> (2002) i va realitzar el curs de narraci\u00f3 a l&#8217;Escola d&#8217;Escriptura de l&#8217;Ateneu (2005). Com a autora, t\u00e9 publicats alguns relats i poemes en la revista digital <em>Paralelo Sur<\/em>.<\/p>\n<p><span style=\"color: #ffffff;\">.<\/span><\/p>\n<p><strong>DULCES SUE\u00d1OS&#8230; A VECES<br \/>\n<\/strong><\/p>\n<p>Somiar sota l\u2019empara de la nit, el cos lliure de tensions, la ment relaxant-se i recuperant les energies per a l\u2019endem\u00e0. Aquest seria l\u2019ideal del somni. Per\u00f2, quants tipus de\u00a0somnis hi caben en una nit? S\u00f3n sempre bons els somnis que es compleixen? I \u00e9s que, de quina mat\u00e8ria estan fets els somnis?\u00a0Potser aquesta nit\u00a0ho podrem descobrir de la m\u00e0 de les paraules d\u2019alguns dels grans del g\u00e8nere de la narrativa.<br \/>\n<em>Dia: Dijous 21<br \/>\nHora: 21:00hrs<br \/>\nLloc: <\/em><a href=\"http:\/\/lastrolabi.blogspot.com\/\" target=\"_blank\">L\u2019ASTROLABI<\/a><span style=\"text-decoration: underline;\"><br \/>\n<\/span><a href=\"http:\/\/w20.bcn.cat\/Guiamap\/Default.aspx#x=29853.503&amp;y=83631.433&amp;z=5&amp;c=K014K015K001K002K003K011K013K006&amp;w=1057&amp;h=442&amp;p=29853.503,83631.433\" target=\"_blank\">\u00bfC\u00f3mo llegar?<\/a><\/p>\n<p><span style=\"color: #ffffff;\">.<\/span><\/p>\n<p><strong>VOCES DE MUJER<\/strong><\/p>\n<p>In\u00e9s Macpherson, Isabela M\u00e9ndez i Noem\u00ed Caballer<\/p>\n<p>Es tracta d\u2019una sessi\u00f3 de contes en la qual tres joves creadores, en la seva doble condici\u00f3 d\u2019autores i de conta contes, narraran de viva veu alguns dels seus escrits, poemes i relats. In\u00e9s Macpherson, Isabela M\u00e9ndez i Noem\u00ed Caballer ens oferiran aquest inusual privilegi. Una nit per a deixar-se endur all\u00e0 on ens vulguin portar aquestes <em>Veus de Dones<\/em>\u2026<br \/>\n<em>Dia: Dijous 21<br \/>\nHora: 18:00hrs<br \/>\nLloc: <\/em><a href=\"http:\/\/www.cctorrellobeta.es\/\" target=\"_blank\">C. C. TORRE LLOBETA<\/a><a href=\"http:\/\/www.centreshg.net\/taxonera\" target=\"_blank\"><br \/>\n<\/a><a href=\"http:\/\/w20.bcn.cat\/Guiamap\/Default.aspx#x=31057.262&amp;y=86644.19&amp;z=5&amp;c=K014K015K001K002K003K011K013K006&amp;w=1057&amp;h=442&amp;p=31057.262,86644.19\" target=\"_blank\">\u00bfC\u00f3mo llegar?<\/a><\/p>\n<p><span style=\"color: #ffffff;\">.<\/span><\/p>\n<p><strong>In\u00e9s Macpherson<\/strong> (Catalunya). Escriptora i llicenciada en Filosofia. Conta contes des de l\u2019any 2002 i narra cada mes a l\u2019Astrolabi des del 2003.<\/p>\n<p><strong>Isabela M\u00e9ndez<\/strong> (Vene\u00e7uela). Escriptora, actriu, cantant. Narradora oral des de l\u2019any 2006. Va estudiar teatre a Caracas i a Nova York.<\/p>\n<p><strong>Noem\u00ed Caballer<\/strong> (Catalunya) Escriptora i bibliotec\u00e0ria, narra des de l\u2019any 1994. Ha participat en festivals d\u2019Argentina, Portugal i M\u00e8xic.<\/p>\n<p><span style=\"color: #ffffff;\">.<\/span><\/p>\n<p><a href=\"\/2010\/wp-content\/uploads\/2010\/09\/INES-6.jpg\"><img decoding=\"async\" loading=\"lazy\" class=\"alignnone size-medium wp-image-313\" title=\"INES 6\" src=\"\/2010\/wp-content\/uploads\/2010\/09\/INES-6-300x200.jpg\" alt=\"\" width=\"300\" height=\"200\" srcset=\"https:\/\/muntdemots.org\/2010\/wp-content\/uploads\/2010\/09\/INES-6-300x200.jpg 300w, https:\/\/muntdemots.org\/2010\/wp-content\/uploads\/2010\/09\/INES-6.jpg 604w\" sizes=\"(max-width: 300px) 100vw, 300px\" \/><\/a><\/p>\n","protected":false},"excerpt":{"rendered":"<p>http:\/\/encuentosydesencuentos.wordpress.com Nascuda el 1982, \u00e9s llicenciada en Filosofia, amb un postgrau en Gesti\u00f3 cultural. Va estudiar el curs de narraci\u00f3 oral amb Numancia Rojas a la Casa de los Cuentos (2002) i va realitzar el curs de narraci\u00f3 a l&#8217;Escola d&#8217;Escriptura de l&#8217;Ateneu (2005). Com a autora, t\u00e9 publicats alguns relats i poemes en la [&hellip;]<\/p>\n","protected":false},"author":1,"featured_media":0,"parent":0,"menu_order":0,"comment_status":"open","ping_status":"open","template":"","meta":[],"_links":{"self":[{"href":"http:\/\/muntdemots.org\/2010\/wp-json\/wp\/v2\/pages\/312"}],"collection":[{"href":"http:\/\/muntdemots.org\/2010\/wp-json\/wp\/v2\/pages"}],"about":[{"href":"http:\/\/muntdemots.org\/2010\/wp-json\/wp\/v2\/types\/page"}],"author":[{"embeddable":true,"href":"http:\/\/muntdemots.org\/2010\/wp-json\/wp\/v2\/users\/1"}],"replies":[{"embeddable":true,"href":"http:\/\/muntdemots.org\/2010\/wp-json\/wp\/v2\/comments?post=312"}],"version-history":[{"count":6,"href":"http:\/\/muntdemots.org\/2010\/wp-json\/wp\/v2\/pages\/312\/revisions"}],"predecessor-version":[{"id":1479,"href":"http:\/\/muntdemots.org\/2010\/wp-json\/wp\/v2\/pages\/312\/revisions\/1479"}],"wp:attachment":[{"href":"http:\/\/muntdemots.org\/2010\/wp-json\/wp\/v2\/media?parent=312"}],"curies":[{"name":"wp","href":"https:\/\/api.w.org\/{rel}","templated":true}]}}