{"id":310,"date":"2010-09-06T16:30:11","date_gmt":"2010-09-06T16:30:11","guid":{"rendered":"http:\/\/www.muntdemots.org\/"},"modified":"2010-09-25T15:14:31","modified_gmt":"2010-09-25T15:14:31","slug":"ignasi-potrony","status":"publish","type":"page","link":"http:\/\/muntdemots.org\/2010\/ignasi-potrony\/","title":{"rendered":"Ignasi Potrony"},"content":{"rendered":"<p>Barcelona, 1954<br \/>\nEstudia interpretaci\u00f3 teatral, pantomima, titelles, simbolisme, narraci\u00f3 oral, veu, dansa&#8230;<br \/>\nDirigeix obres de teatre i espectacles l\u00edrics.<br \/>\nDissenya i coordina activitats culturals i cicles de narraci\u00f3.<br \/>\nImparteix formaci\u00f3 en expressi\u00f3, narraci\u00f3 oral i simbolisme.<br \/>\nNarra contes.<\/p>\n<p><span style=\"color: #ffffff;\">.<\/span><\/p>\n<p><strong>BIRLIBOM, LA VACA BLANCA I ALTRES VE\u00cfNS<\/strong><br \/>\nT\u00e0\u00e1ndem (Susana Tornero i Ignasi Potrony)<\/p>\n<p>Narraci\u00f3  de contes, mites i llegendes tradicionals de cultures d\u2019arreu del m\u00f3n  presentats de forma senzilla, imaginativa, acurada i potent per dues  veus. Dues veus que narren juntes el mateix conte:<br \/>\nUna  veu tra\u00e7a el dibuix i l\u2019altra afegeix el color. Dues veus, diversos  sons i moltes lleng\u00fces: en parell o en senar, en eco o en t\u00e0\u00e1ndem.  Contes en catal\u00e0 i castell\u00e0. Can\u00e7ons en uni, dori, teri, catori, mata la  veri viri viron<br \/>\n<em>Dia: Divendres 22<br \/>\nHora: 20:00hrs<br \/>\nLloc: <\/em><a href=\"http:\/\/w3.bcn.es\/XMLServeis\/XMLHomeLinkPl\/0,4022,656966449_674234318_1,00.html\" target=\"_blank\">MUSEU ETNOL\u00d2GIC<\/a><a href=\"http:\/\/www.centreshg.net\/taxonera\" target=\"_blank\"><br \/>\n<\/a><a href=\"http:\/\/w20.bcn.cat\/Guiamap\/Default.aspx#x=29660.07&amp;y=80071.91&amp;z=5&amp;c=&amp;w=1057&amp;h=442&amp;p=29660.07,80071.91\" target=\"_blank\">\u00bfC\u00f3mo llegar?<\/a><\/p>\n<p><span style=\"color: #ffffff;\">.<\/span><\/p>\n<p><strong>CONFERENCIA: <\/strong><strong>La concepci\u00f3 de<\/strong><strong>ls<\/strong><strong> m\u00f3ns a trav\u00e9s del mite<\/strong><strong><br \/>\n<\/strong>Ignasi Potrony\u00a0\u00a0\u00a0 <strong><\/strong><\/p>\n<p>Presentaci\u00f3  de relats m\u00edtics de diverses cultures d\u2019Oceania, \u00c0frica i Am\u00e8rica, i  comentari d\u2019algunes de les seves difer\u00e8ncies, for\u00e7a significatives pel  que fa a les formes de veure i viure la vida, d\u2019ordenar l\u2019entorn i de  confegir l\u2019art<br \/>\n<em>Dia: Dijous 21<br \/>\nHora: 19:00hrs<br \/>\nLloc: <\/em><a href=\"http:\/\/w3.bcn.es\/XMLServeis\/XMLHomeLinkPl\/0,4022,650920084_709536676_1,00.html\" target=\"_blank\">BIBLIOTECA VILA DE GR\u00c0CIA<\/a><a href=\"http:\/\/www.centreshg.net\/taxonera\" target=\"_blank\"><br \/>\n<\/a><a href=\"http:\/\/w20.bcn.cat\/Guiamap\/Default.aspx#x=29729.58&amp;y=83871.468&amp;z=5&amp;c=K014K015K001K002K003K011K013K006&amp;w=1057&amp;h=442&amp;p=29729.58,83871.468\" target=\"_blank\">\u00bfC\u00f3mo llegar?<\/a><\/p>\n<p><span style=\"color: #ffffff;\">.<\/span><\/p>\n<p><a href=\"\/2010\/wp-content\/uploads\/2010\/09\/Ignasi-Potrony.jpg\"><img decoding=\"async\" loading=\"lazy\" class=\"alignleft size-medium wp-image-539\" title=\"Ignasi Potrony\" src=\"\/2010\/wp-content\/uploads\/2010\/09\/Ignasi-Potrony-232x300.jpg\" alt=\"\" width=\"232\" height=\"300\" srcset=\"https:\/\/muntdemots.org\/2010\/wp-content\/uploads\/2010\/09\/Ignasi-Potrony-232x300.jpg 232w, https:\/\/muntdemots.org\/2010\/wp-content\/uploads\/2010\/09\/Ignasi-Potrony.jpg 281w\" sizes=\"(max-width: 232px) 100vw, 232px\" \/><\/a><\/p>\n","protected":false},"excerpt":{"rendered":"<p>Barcelona, 1954 Estudia interpretaci\u00f3 teatral, pantomima, titelles, simbolisme, narraci\u00f3 oral, veu, dansa&#8230; Dirigeix obres de teatre i espectacles l\u00edrics. Dissenya i coordina activitats culturals i cicles de narraci\u00f3. Imparteix formaci\u00f3 en expressi\u00f3, narraci\u00f3 oral i simbolisme. Narra contes. . BIRLIBOM, LA VACA BLANCA I ALTRES VE\u00cfNS T\u00e0\u00e1ndem (Susana Tornero i Ignasi Potrony) Narraci\u00f3 de contes, [&hellip;]<\/p>\n","protected":false},"author":1,"featured_media":0,"parent":0,"menu_order":0,"comment_status":"open","ping_status":"open","template":"","meta":[],"_links":{"self":[{"href":"http:\/\/muntdemots.org\/2010\/wp-json\/wp\/v2\/pages\/310"}],"collection":[{"href":"http:\/\/muntdemots.org\/2010\/wp-json\/wp\/v2\/pages"}],"about":[{"href":"http:\/\/muntdemots.org\/2010\/wp-json\/wp\/v2\/types\/page"}],"author":[{"embeddable":true,"href":"http:\/\/muntdemots.org\/2010\/wp-json\/wp\/v2\/users\/1"}],"replies":[{"embeddable":true,"href":"http:\/\/muntdemots.org\/2010\/wp-json\/wp\/v2\/comments?post=310"}],"version-history":[{"count":9,"href":"http:\/\/muntdemots.org\/2010\/wp-json\/wp\/v2\/pages\/310\/revisions"}],"predecessor-version":[{"id":538,"href":"http:\/\/muntdemots.org\/2010\/wp-json\/wp\/v2\/pages\/310\/revisions\/538"}],"wp:attachment":[{"href":"http:\/\/muntdemots.org\/2010\/wp-json\/wp\/v2\/media?parent=310"}],"curies":[{"name":"wp","href":"https:\/\/api.w.org\/{rel}","templated":true}]}}

<p>Barcelona, 1954<br />
Estudia interpretació teatral, pantomima, titelles, simbolisme, narració oral, veu, dansa&#8230;<br />
Dirigeix obres de teatre i espectacles lírics.<br />
Dissenya i coordina activitats culturals i cicles de narració.<br />
Imparteix formació en expressió, narració oral i simbolisme.<br />
Narra contes.</p>
<p><span style="color: #ffffff;">.</span></p>
<p><strong>BIRLIBOM, LA VACA BLANCA I ALTRES VEÏNS</strong><br />
Tàándem (Susana Tornero i Ignasi Potrony)</p>
<p>Narració  de contes, mites i llegendes tradicionals de cultures d’arreu del món  presentats de forma senzilla, imaginativa, acurada i potent per dues  veus. Dues veus que narren juntes el mateix conte:<br />
Una  veu traça el dibuix i l’altra afegeix el color. Dues veus, diversos  sons i moltes llengües: en parell o en senar, en eco o en tàándem.  Contes en català i castellà. Cançons en uni, dori, teri, catori, mata la  veri viri viron<br />
<em>Dia: Divendres 22<br />
Hora: 20:00hrs<br />
Lloc: </em><a href="http://w3.bcn.es/XMLServeis/XMLHomeLinkPl/0,4022,656966449_674234318_1,00.html" target="_blank">MUSEU ETNOLÒGIC</a><a href="http://www.centreshg.net/taxonera" target="_blank"><br />
</a><a href="http://w20.bcn.cat/Guiamap/Default.aspx#x=29660.07&amp;y=80071.91&amp;z=5&amp;c=&amp;w=1057&amp;h=442&amp;p=29660.07,80071.91" target="_blank">¿Cómo llegar?</a></p>
<p><span style="color: #ffffff;">.</span></p>
<p><strong>CONFERENCIA: </strong><strong>La concepció de</strong><strong>ls</strong><strong> móns a través del mite</strong><strong><br />
</strong>Ignasi Potrony    <strong></strong></p>
<p>Presentació  de relats mítics de diverses cultures d’Oceania, Àfrica i Amèrica, i  comentari d’algunes de les seves diferències, força significatives pel  que fa a les formes de veure i viure la vida, d’ordenar l’entorn i de  confegir l’art<br />
<em>Dia: Dijous 21<br />
Hora: 19:00hrs<br />
Lloc: </em><a href="http://w3.bcn.es/XMLServeis/XMLHomeLinkPl/0,4022,650920084_709536676_1,00.html" target="_blank">BIBLIOTECA VILA DE GRÀCIA</a><a href="http://www.centreshg.net/taxonera" target="_blank"><br />
</a><a href="http://w20.bcn.cat/Guiamap/Default.aspx#x=29729.58&amp;y=83871.468&amp;z=5&amp;c=K014K015K001K002K003K011K013K006&amp;w=1057&amp;h=442&amp;p=29729.58,83871.468" target="_blank">¿Cómo llegar?</a></p>
<p><span style="color: #ffffff;">.</span></p>
<p><a href="/2010/wp-content/uploads/2010/09/Ignasi-Potrony.jpg"><img decoding="async" loading="lazy" class="alignleft size-medium wp-image-539" title="Ignasi Potrony" src="/2010/wp-content/uploads/2010/09/Ignasi-Potrony-232x300.jpg" alt="" width="232" height="300" srcset="https://muntdemots.org/2010/wp-content/uploads/2010/09/Ignasi-Potrony-232x300.jpg 232w, https://muntdemots.org/2010/wp-content/uploads/2010/09/Ignasi-Potrony.jpg 281w" sizes="(max-width: 232px) 100vw, 232px" /></a></p>

<p>Barcelona, 1954 Estudia interpretació teatral, pantomima, titelles, simbolisme, narració oral, veu, dansa&#8230; Dirigeix obres de teatre i espectacles lírics. Dissenya i coordina activitats culturals i cicles de narració. Imparteix formació en expressió, narració oral i simbolisme. Narra contes. . BIRLIBOM, LA VACA BLANCA I ALTRES VEÏNS Tàándem (Susana Tornero i Ignasi Potrony) Narració de contes, [&hellip;]</p>
