{"id":307,"date":"2010-09-06T16:29:27","date_gmt":"2010-09-06T16:29:27","guid":{"rendered":"http:\/\/www.muntdemots.org\/"},"modified":"2010-09-25T15:07:31","modified_gmt":"2010-09-25T15:07:31","slug":"felix-albo","status":"publish","type":"page","link":"http:\/\/muntdemots.org\/2010\/felix-albo\/","title":{"rendered":"F\u00e9lix Albo"},"content":{"rendered":"<p><a href=\"http:\/\/felixalbomedios.blogspot.com\/\">http:\/\/felixalbomedios.blogspot.com\/<\/a><\/p>\n<p><a href=\"http:\/\/felixalbo.blogspot.com\">http:\/\/felixalbo.blogspot.com<\/a><\/p>\n<p>F\u00e9lix \u00e9s un mediterrani que recorre quil\u00f2metres i quil\u00f2metres provocant emocions a p\u00fablics de la pen\u00ednsula, les illes i, des de fa cinc anys, es deixa veure per Bol\u00edvia,\u00a0Col\u00f2mbia, Marroc, M\u00e8xic,\u00a0Vene\u00e7uela&#8230; Tamb\u00e9 comparteix tot el que sap en activitats de formaci\u00f3 amb qui vulgui narrar espectacles -a casa o a l\u2019escola- com a eina did\u00e0ctica o d\u2019intervenci\u00f3 social.<\/p>\n<p><span style=\"color: #ffffff;\">.<\/span><\/p>\n<p><strong> <\/strong><\/p>\n<p><strong> <\/strong><\/p>\n<p><strong>CUENTOS DE BOLSILLO<\/strong><\/p>\n<p>Contes que v\u00e9nen i van, que es recorden, que s\u2019obliden, que es renten, que s\u2019assequen, que s\u2019omplen, que es foraden, grans, baixos, interiors&#8230; contes amb i sense cremallera. El millor \u00e9s que, a les butxaques, un no sempre troba el que busca, per\u00f2, sovint, es troba amb quelcom que no espera. O a tu no t\u2019ha passat mai? Contes de butxaca, per a tornar a casa xiulant.<br \/>\n<em>Dia: Dissabte 23<br \/>\nHora: 20:30hrs<br \/>\nLloc: <\/em><a href=\"http:\/\/www.harlemjazzclub.es\/\" target=\"_blank\">HARLEM JAZZ CLUB<\/a><a href=\"http:\/\/www.centreshg.net\/taxonera\" target=\"_blank\"><br \/>\n<\/a><a href=\"http:\/\/w20.bcn.cat\/Guiamap\/Default.aspx#x=31396.225&amp;y=81598.878&amp;z=5&amp;c=K014K015K001K002K003K011K013K006&amp;w=1057&amp;h=442&amp;p=31396.225,81598.878\" target=\"_blank\">\u00bfC\u00f3mo llegar?<\/a><\/p>\n<p><span style=\"color: #ffffff;\">.<\/span><\/p>\n<p><strong>CUENTOS DE LA MALETA<\/strong><\/p>\n<p>La sessi\u00f3 comen\u00e7a just quan s\u2019obre la maleta. En ella, un munt de llibres tenen un munt de ganes de veure al p\u00fablic, per\u00f2 nom\u00e9s algunes hist\u00f2ries seran les escollides. Primer una i despr\u00e9s una altra, i fins que no s\u2019acabi la segona no comen\u00e7a la tercera. I aix\u00ed fins al final, fins que la sessi\u00f3 acabi que coincideix just just al moment que la maleta&#8230; es tanca.<br \/>\n<em>Dia: Dissabte 23<\/em><br \/>\n<em> Hora: 12:00hrs<br \/>\nLloc: <\/em><a href=\"http:\/\/www.cctorrellobeta.es\/\" target=\"_blank\">C. C. TORRE LLOBETA<\/a><a href=\"http:\/\/www.centreshg.net\/taxonera\" target=\"_blank\"><br \/>\n<\/a><a href=\"http:\/\/w20.bcn.cat\/Guiamap\/Default.aspx#x=31057.262&amp;y=86644.19&amp;z=5&amp;c=K014K015K001K002K003K011K013K006&amp;w=1057&amp;h=442&amp;p=31057.262,86644.19\" target=\"_blank\">\u00bfC\u00f3mo llegar?<\/a><\/p>\n<p><span style=\"color: #ffffff;\">.<\/span><\/p>\n<p><a href=\"\/2010\/wp-content\/uploads\/2010\/09\/FelixAlbo.jpg\"><img decoding=\"async\" loading=\"lazy\" class=\"alignnone size-medium wp-image-308\" title=\"FelixAlbo\" src=\"\/2010\/wp-content\/uploads\/2010\/09\/FelixAlbo-200x300.jpg\" alt=\"\" width=\"200\" height=\"300\" srcset=\"https:\/\/muntdemots.org\/2010\/wp-content\/uploads\/2010\/09\/FelixAlbo-200x300.jpg 200w, https:\/\/muntdemots.org\/2010\/wp-content\/uploads\/2010\/09\/FelixAlbo.jpg 267w\" sizes=\"(max-width: 200px) 100vw, 200px\" \/><\/a><\/p>\n","protected":false},"excerpt":{"rendered":"<p>http:\/\/felixalbomedios.blogspot.com\/ http:\/\/felixalbo.blogspot.com F\u00e9lix \u00e9s un mediterrani que recorre quil\u00f2metres i quil\u00f2metres provocant emocions a p\u00fablics de la pen\u00ednsula, les illes i, des de fa cinc anys, es deixa veure per Bol\u00edvia,\u00a0Col\u00f2mbia, Marroc, M\u00e8xic,\u00a0Vene\u00e7uela&#8230; Tamb\u00e9 comparteix tot el que sap en activitats de formaci\u00f3 amb qui vulgui narrar espectacles -a casa o a l\u2019escola- com a [&hellip;]<\/p>\n","protected":false},"author":1,"featured_media":0,"parent":0,"menu_order":0,"comment_status":"open","ping_status":"open","template":"","meta":[],"_links":{"self":[{"href":"http:\/\/muntdemots.org\/2010\/wp-json\/wp\/v2\/pages\/307"}],"collection":[{"href":"http:\/\/muntdemots.org\/2010\/wp-json\/wp\/v2\/pages"}],"about":[{"href":"http:\/\/muntdemots.org\/2010\/wp-json\/wp\/v2\/types\/page"}],"author":[{"embeddable":true,"href":"http:\/\/muntdemots.org\/2010\/wp-json\/wp\/v2\/users\/1"}],"replies":[{"embeddable":true,"href":"http:\/\/muntdemots.org\/2010\/wp-json\/wp\/v2\/comments?post=307"}],"version-history":[{"count":6,"href":"http:\/\/muntdemots.org\/2010\/wp-json\/wp\/v2\/pages\/307\/revisions"}],"predecessor-version":[{"id":1157,"href":"http:\/\/muntdemots.org\/2010\/wp-json\/wp\/v2\/pages\/307\/revisions\/1157"}],"wp:attachment":[{"href":"http:\/\/muntdemots.org\/2010\/wp-json\/wp\/v2\/media?parent=307"}],"curies":[{"name":"wp","href":"https:\/\/api.w.org\/{rel}","templated":true}]}}

Félix Albo

<p><a href="http://felixalbomedios.blogspot.com/">http://felixalbomedios.blogspot.com/</a></p>
<p><a href="http://felixalbo.blogspot.com">http://felixalbo.blogspot.com</a></p>
<p>Félix és un mediterrani que recorre quilòmetres i quilòmetres provocant emocions a públics de la península, les illes i, des de fa cinc anys, es deixa veure per Bolívia, Colòmbia, Marroc, Mèxic, Veneçuela&#8230; També comparteix tot el que sap en activitats de formació amb qui vulgui narrar espectacles -a casa o a l’escola- com a eina didàctica o d’intervenció social.</p>
<p><span style="color: #ffffff;">.</span></p>
<p><strong> </strong></p>
<p><strong> </strong></p>
<p><strong>CUENTOS DE BOLSILLO</strong></p>
<p>Contes que vénen i van, que es recorden, que s’obliden, que es renten, que s’assequen, que s’omplen, que es foraden, grans, baixos, interiors&#8230; contes amb i sense cremallera. El millor és que, a les butxaques, un no sempre troba el que busca, però, sovint, es troba amb quelcom que no espera. O a tu no t’ha passat mai? Contes de butxaca, per a tornar a casa xiulant.<br />
<em>Dia: Dissabte 23<br />
Hora: 20:30hrs<br />
Lloc: </em><a href="http://www.harlemjazzclub.es/" target="_blank">HARLEM JAZZ CLUB</a><a href="http://www.centreshg.net/taxonera" target="_blank"><br />
</a><a href="http://w20.bcn.cat/Guiamap/Default.aspx#x=31396.225&amp;y=81598.878&amp;z=5&amp;c=K014K015K001K002K003K011K013K006&amp;w=1057&amp;h=442&amp;p=31396.225,81598.878" target="_blank">¿Cómo llegar?</a></p>
<p><span style="color: #ffffff;">.</span></p>
<p><strong>CUENTOS DE LA MALETA</strong></p>
<p>La sessió comença just quan s’obre la maleta. En ella, un munt de llibres tenen un munt de ganes de veure al públic, però només algunes històries seran les escollides. Primer una i després una altra, i fins que no s’acabi la segona no comença la tercera. I així fins al final, fins que la sessió acabi que coincideix just just al moment que la maleta&#8230; es tanca.<br />
<em>Dia: Dissabte 23</em><br />
<em> Hora: 12:00hrs<br />
Lloc: </em><a href="http://www.cctorrellobeta.es/" target="_blank">C. C. TORRE LLOBETA</a><a href="http://www.centreshg.net/taxonera" target="_blank"><br />
</a><a href="http://w20.bcn.cat/Guiamap/Default.aspx#x=31057.262&amp;y=86644.19&amp;z=5&amp;c=K014K015K001K002K003K011K013K006&amp;w=1057&amp;h=442&amp;p=31057.262,86644.19" target="_blank">¿Cómo llegar?</a></p>
<p><span style="color: #ffffff;">.</span></p>
<p><a href="/2010/wp-content/uploads/2010/09/FelixAlbo.jpg"><img decoding="async" loading="lazy" class="alignnone size-medium wp-image-308" title="FelixAlbo" src="/2010/wp-content/uploads/2010/09/FelixAlbo-200x300.jpg" alt="" width="200" height="300" srcset="https://muntdemots.org/2010/wp-content/uploads/2010/09/FelixAlbo-200x300.jpg 200w, https://muntdemots.org/2010/wp-content/uploads/2010/09/FelixAlbo.jpg 267w" sizes="(max-width: 200px) 100vw, 200px" /></a></p>

<p>http://felixalbomedios.blogspot.com/ http://felixalbo.blogspot.com Félix és un mediterrani que recorre quilòmetres i quilòmetres provocant emocions a públics de la península, les illes i, des de fa cinc anys, es deixa veure per Bolívia, Colòmbia, Marroc, Mèxic, Veneçuela&#8230; També comparteix tot el que sap en activitats de formació amb qui vulgui narrar espectacles -a casa o a l’escola- com a [&hellip;]</p>
