{"id":301,"date":"2010-09-06T16:26:55","date_gmt":"2010-09-06T16:26:55","guid":{"rendered":"http:\/\/www.muntdemots.org\/"},"modified":"2010-09-25T14:54:40","modified_gmt":"2010-09-25T14:54:40","slug":"enrique-vargas","status":"publish","type":"page","link":"http:\/\/muntdemots.org\/2010\/enrique-vargas\/","title":{"rendered":"Enrique Vargas"},"content":{"rendered":"<p><a href=\"http:\/\/www.teatrodelossentidos.com\">http:\/\/www.teatrodelossentidos.com<\/a><\/p>\n<p>Enrique Vargas comen\u00e7a els seus estudis de direcci\u00f3 i actuaci\u00f3 a l\u2019<em>Escuela Nacional de Arte Dram\u00e1tico<\/em> de Bogot\u00e0. Viatja a Michigan (EEUU) on completa la seva formaci\u00f3 com a Antrop\u00f2leg teatral. El 1966 s\u2019estableix a Nova York com a dramaturg estable del Teatre <em>La Mamma<\/em> i al <em>Gut Theatre<\/em> (East Harlem). En la seva Col\u00f2mbia natal, crea el <em>Taller de Investigaci\u00f3n de la Imagen Sensorial<\/em>. \u00c9s fundador i director del Teatre dels Sentits.<\/p>\n<p><span style=\"color: #ffffff;\">.<\/span><\/p>\n<p><em> <\/em><\/p>\n<p><strong>SANCOCHO DE COLA<\/strong><\/p>\n<p>\u00c9s una pe\u00e7a de tapis. Un punt de trobada que suma relats de contistes, jocs de nens camperols, acudits, parles regionals, mites i llegendes de l\u2019\u00e0nima popular colombiana. S\u00f3n hist\u00f2ries de poble, que mantenen l\u2019encant de la seva maliciosa ingenu\u00eftat, l\u2019estimaci\u00f3 pels personatges i la complicitat amb un mitj\u00e0. La tendresa, la imaginaci\u00f3, la ironia i la senzillesa s\u00f3n els elements que nodreixen aquest sabor\u00f3s &#8220;Sancocho de cola&#8221;.<br \/>\n<em>Dia: Divendres 22<br \/>\nHora: 21:00hrs<br \/>\nLloc: <\/em><a href=\"http:\/\/www.teatrodelossentidos.com\/\" target=\"_blank\">EL POLVOR\u00cdN DE MONTJU\u00cfC<\/a><a href=\"http:\/\/www.centreshg.net\/taxonera\" target=\"_blank\"><br \/>\n<\/a><a href=\"http:\/\/www.teatrodelossentidos.com\/eo\/noticiadetall.php?idn=23\" target=\"_blank\">\u00bfC\u00f3mo llegar?<\/a><\/p>\n<p><span style=\"color: #ffffff;\">.<\/span><\/p>\n<p>CONFER\u00c8NCIA:<br \/>\n<strong>LA RELACI\u00d3N ENTRE EL<\/strong><strong> TEATRO Y LOS RITOS-MITOS EN LAS COMUNIDADES IND\u00cdGENAS DE LA REGI\u00d3N AMAZ\u00d3NICA DE COLOMBIA<\/strong><\/p>\n<p>Enrique Vargas explicar\u00e0 la seva experi\u00e8ncia com a\u00a0 antrop\u00f2leg que va investigar durant anys aquest tema, i que va originar la creaci\u00f3 del Taller d\u2019Investigaci\u00f3 de la Imatge Sensorial.<br \/>\n<em>Dia: Divendres 22<br \/>\nHora: 19:00hrs<br \/>\nLloc: <\/em><a href=\"http:\/\/www.teatrodelossentidos.com\/\" target=\"_blank\">EL POLVOR\u00cdN DE MONTJU\u00cfC<\/a><a href=\"http:\/\/www.centreshg.net\/taxonera\" target=\"_blank\"><br \/>\n<\/a><a href=\"http:\/\/www.teatrodelossentidos.com\/eo\/noticiadetall.php?idn=23\" target=\"_blank\">\u00bfC\u00f3mo llegar?<\/a><\/p>\n<p><span style=\"color: #ffffff;\">.<\/span><\/p>\n<p><a href=\"\/2010\/wp-content\/uploads\/2010\/09\/Enrique-Vargas.jpg\"><img decoding=\"async\" loading=\"lazy\" class=\"alignnone size-medium wp-image-302\" title=\"Enrique Vargas\" src=\"\/2010\/wp-content\/uploads\/2010\/09\/Enrique-Vargas-300x200.jpg\" alt=\"\" width=\"300\" height=\"200\" srcset=\"https:\/\/muntdemots.org\/2010\/wp-content\/uploads\/2010\/09\/Enrique-Vargas-300x200.jpg 300w, https:\/\/muntdemots.org\/2010\/wp-content\/uploads\/2010\/09\/Enrique-Vargas.jpg 354w\" sizes=\"(max-width: 300px) 100vw, 300px\" \/><\/a><\/p>\n","protected":false},"excerpt":{"rendered":"<p>http:\/\/www.teatrodelossentidos.com Enrique Vargas comen\u00e7a els seus estudis de direcci\u00f3 i actuaci\u00f3 a l\u2019Escuela Nacional de Arte Dram\u00e1tico de Bogot\u00e0. Viatja a Michigan (EEUU) on completa la seva formaci\u00f3 com a Antrop\u00f2leg teatral. El 1966 s\u2019estableix a Nova York com a dramaturg estable del Teatre La Mamma i al Gut Theatre (East Harlem). En la seva [&hellip;]<\/p>\n","protected":false},"author":1,"featured_media":0,"parent":0,"menu_order":0,"comment_status":"open","ping_status":"open","template":"","meta":[],"_links":{"self":[{"href":"http:\/\/muntdemots.org\/2010\/wp-json\/wp\/v2\/pages\/301"}],"collection":[{"href":"http:\/\/muntdemots.org\/2010\/wp-json\/wp\/v2\/pages"}],"about":[{"href":"http:\/\/muntdemots.org\/2010\/wp-json\/wp\/v2\/types\/page"}],"author":[{"embeddable":true,"href":"http:\/\/muntdemots.org\/2010\/wp-json\/wp\/v2\/users\/1"}],"replies":[{"embeddable":true,"href":"http:\/\/muntdemots.org\/2010\/wp-json\/wp\/v2\/comments?post=301"}],"version-history":[{"count":5,"href":"http:\/\/muntdemots.org\/2010\/wp-json\/wp\/v2\/pages\/301\/revisions"}],"predecessor-version":[{"id":1469,"href":"http:\/\/muntdemots.org\/2010\/wp-json\/wp\/v2\/pages\/301\/revisions\/1469"}],"wp:attachment":[{"href":"http:\/\/muntdemots.org\/2010\/wp-json\/wp\/v2\/media?parent=301"}],"curies":[{"name":"wp","href":"https:\/\/api.w.org\/{rel}","templated":true}]}}

<p><a href="http://www.teatrodelossentidos.com">http://www.teatrodelossentidos.com</a></p>
<p>Enrique Vargas comença els seus estudis de direcció i actuació a l’<em>Escuela Nacional de Arte Dramático</em> de Bogotà. Viatja a Michigan (EEUU) on completa la seva formació com a Antropòleg teatral. El 1966 s’estableix a Nova York com a dramaturg estable del Teatre <em>La Mamma</em> i al <em>Gut Theatre</em> (East Harlem). En la seva Colòmbia natal, crea el <em>Taller de Investigación de la Imagen Sensorial</em>. És fundador i director del Teatre dels Sentits.</p>
<p><span style="color: #ffffff;">.</span></p>
<p><em> </em></p>
<p><strong>SANCOCHO DE COLA</strong></p>
<p>És una peça de tapis. Un punt de trobada que suma relats de contistes, jocs de nens camperols, acudits, parles regionals, mites i llegendes de l’ànima popular colombiana. Són històries de poble, que mantenen l’encant de la seva maliciosa ingenuïtat, l’estimació pels personatges i la complicitat amb un mitjà. La tendresa, la imaginació, la ironia i la senzillesa són els elements que nodreixen aquest saborós &#8220;Sancocho de cola&#8221;.<br />
<em>Dia: Divendres 22<br />
Hora: 21:00hrs<br />
Lloc: </em><a href="http://www.teatrodelossentidos.com/" target="_blank">EL POLVORÍN DE MONTJUÏC</a><a href="http://www.centreshg.net/taxonera" target="_blank"><br />
</a><a href="http://www.teatrodelossentidos.com/eo/noticiadetall.php?idn=23" target="_blank">¿Cómo llegar?</a></p>
<p><span style="color: #ffffff;">.</span></p>
<p>CONFERÈNCIA:<br />
<strong>LA RELACIÓN ENTRE EL</strong><strong> TEATRO Y LOS RITOS-MITOS EN LAS COMUNIDADES INDÍGENAS DE LA REGIÓN AMAZÓNICA DE COLOMBIA</strong></p>
<p>Enrique Vargas explicarà la seva experiència com a  antropòleg que va investigar durant anys aquest tema, i que va originar la creació del Taller d’Investigació de la Imatge Sensorial.<br />
<em>Dia: Divendres 22<br />
Hora: 19:00hrs<br />
Lloc: </em><a href="http://www.teatrodelossentidos.com/" target="_blank">EL POLVORÍN DE MONTJUÏC</a><a href="http://www.centreshg.net/taxonera" target="_blank"><br />
</a><a href="http://www.teatrodelossentidos.com/eo/noticiadetall.php?idn=23" target="_blank">¿Cómo llegar?</a></p>
<p><span style="color: #ffffff;">.</span></p>
<p><a href="/2010/wp-content/uploads/2010/09/Enrique-Vargas.jpg"><img decoding="async" loading="lazy" class="alignnone size-medium wp-image-302" title="Enrique Vargas" src="/2010/wp-content/uploads/2010/09/Enrique-Vargas-300x200.jpg" alt="" width="300" height="200" srcset="https://muntdemots.org/2010/wp-content/uploads/2010/09/Enrique-Vargas-300x200.jpg 300w, https://muntdemots.org/2010/wp-content/uploads/2010/09/Enrique-Vargas.jpg 354w" sizes="(max-width: 300px) 100vw, 300px" /></a></p>

<p>http://www.teatrodelossentidos.com Enrique Vargas comença els seus estudis de direcció i actuació a l’Escuela Nacional de Arte Dramático de Bogotà. Viatja a Michigan (EEUU) on completa la seva formació com a Antropòleg teatral. El 1966 s’estableix a Nova York com a dramaturg estable del Teatre La Mamma i al Gut Theatre (East Harlem). En la seva [&hellip;]</p>
