{"id":298,"date":"2010-09-06T16:25:51","date_gmt":"2010-09-06T16:25:51","guid":{"rendered":"http:\/\/www.muntdemots.org\/"},"modified":"2010-10-19T10:58:49","modified_gmt":"2010-10-19T10:58:49","slug":"domingo-chinchilla","status":"publish","type":"page","link":"http:\/\/muntdemots.org\/2010\/domingo-chinchilla\/","title":{"rendered":"Domingo Chinchilla"},"content":{"rendered":"<p><a href=\"http:\/\/domingochinchilla.blogspot.com\">http:\/\/domingochinchilla.blogspot.com<\/a><\/p>\n<p>Narrador oral, actor, poeta, dramaturg, creador valenci\u00e0 d\u2019\u00e0mplia i reeixida traject\u00f2ria art\u00edstica, que ha apr\u00e8s \u201ca inventar o reinventar les petites coses que passen desapercebudes, a fer jocs malabars amb emocions i sentiments, o a manipular personatges o persones en laberints quotidians creats per a l\u2019ocasi\u00f3\u201d.<\/p>\n<p><span style=\"color: #ffffff;\">.<\/span><\/p>\n<p><strong> <\/strong><\/p>\n<p><strong> <\/strong><\/p>\n<p><strong>HIST\u00d2RIES QUE CONTEN<\/strong><\/p>\n<p><span style=\"color: #ff0000;\"><strong>Canvi d\u2019\u00faltim moment. En lloc d\u2019actuar Domingo Chinchilla podreu gaudir de les fant\u00e0stiques <a href=\"\/2010\/susana-tornero\/\" target=\"_blank\">Susana Tornero<\/a> i <a href=\"\/2010\/patricia-mac-gill\/\" target=\"_blank\">Patricia McGill<\/a> amb el seu espectacle ENS ANEM DE CONTES. <\/strong><\/span><\/p>\n<p>Una de les conseq\u00fc\u00e8ncies de contar hist\u00f2ries \u00e9s que la gent, sovint, te\u2019n regala alguna. Desafiant les bones formes (on regalar quelcom que et van regalar no \u00e9s de bona educaci\u00f3), per\u00f2 essent fidel a la tradici\u00f3 mediterr\u00e0nia va n\u00e9ixer \u201chist\u00f2ries que conten\u201d, una petita mostra sorgida del fet hum\u00e0 de contar succe\u00efts, emocions, supersticions&#8230; Una sessi\u00f3 que sempre \u00e9s, i aquesta tamb\u00e9 ho ser\u00e0, \u00fanica i irrepetible.<br \/>\n<em>Dia: Dijous 21<br \/>\nHora: 20:00hrs<br \/>\nLloc: <\/em><a href=\"http:\/\/www.racomultimedia.net\/\" target=\"_blank\">C. C. GUINARD\u00d3 \u2013 EL RACONET<\/a><a href=\"http:\/\/www.centreshg.net\/taxonera\" target=\"_blank\"><br \/>\n<\/a><a href=\"http:\/\/w20.bcn.cat\/Guiamap\/Default.aspx#x=31008.099&amp;y=85478.573&amp;z=5&amp;c=K014K015K001K002K003K011K013K006&amp;w=1057&amp;h=442&amp;p=31008.099,85478.573\" target=\"_blank\">\u00bfC\u00f3mo llegar?<\/a><a href=\"http:\/\/www.racomultimedia.net\/\" target=\"_blank\"><br \/>\n<\/a><a href=\"http:\/\/www.racomultimedia.net\/\" target=\"_blank\"> <\/a><\/p>\n<p><span style=\"color: #ffffff;\">.<\/span><\/p>\n<p><a href=\"\/2010\/wp-content\/uploads\/2010\/09\/Domingo-Chinchilla-1.jpg\"><img decoding=\"async\" loading=\"lazy\" class=\"alignnone size-medium wp-image-299\" title=\"Domingo Chinchilla 1\" src=\"\/2010\/wp-content\/uploads\/2010\/09\/Domingo-Chinchilla-1-300x225.jpg\" alt=\"\" width=\"300\" height=\"225\" srcset=\"https:\/\/muntdemots.org\/2010\/wp-content\/uploads\/2010\/09\/Domingo-Chinchilla-1-300x225.jpg 300w, https:\/\/muntdemots.org\/2010\/wp-content\/uploads\/2010\/09\/Domingo-Chinchilla-1.jpg 800w\" sizes=\"(max-width: 300px) 100vw, 300px\" \/><\/a><\/p>\n","protected":false},"excerpt":{"rendered":"<p>http:\/\/domingochinchilla.blogspot.com Narrador oral, actor, poeta, dramaturg, creador valenci\u00e0 d\u2019\u00e0mplia i reeixida traject\u00f2ria art\u00edstica, que ha apr\u00e8s \u201ca inventar o reinventar les petites coses que passen desapercebudes, a fer jocs malabars amb emocions i sentiments, o a manipular personatges o persones en laberints quotidians creats per a l\u2019ocasi\u00f3\u201d. . HIST\u00d2RIES QUE CONTEN Canvi d\u2019\u00faltim moment. En [&hellip;]<\/p>\n","protected":false},"author":1,"featured_media":0,"parent":0,"menu_order":0,"comment_status":"open","ping_status":"open","template":"","meta":[],"_links":{"self":[{"href":"http:\/\/muntdemots.org\/2010\/wp-json\/wp\/v2\/pages\/298"}],"collection":[{"href":"http:\/\/muntdemots.org\/2010\/wp-json\/wp\/v2\/pages"}],"about":[{"href":"http:\/\/muntdemots.org\/2010\/wp-json\/wp\/v2\/types\/page"}],"author":[{"embeddable":true,"href":"http:\/\/muntdemots.org\/2010\/wp-json\/wp\/v2\/users\/1"}],"replies":[{"embeddable":true,"href":"http:\/\/muntdemots.org\/2010\/wp-json\/wp\/v2\/comments?post=298"}],"version-history":[{"count":8,"href":"http:\/\/muntdemots.org\/2010\/wp-json\/wp\/v2\/pages\/298\/revisions"}],"predecessor-version":[{"id":1109,"href":"http:\/\/muntdemots.org\/2010\/wp-json\/wp\/v2\/pages\/298\/revisions\/1109"}],"wp:attachment":[{"href":"http:\/\/muntdemots.org\/2010\/wp-json\/wp\/v2\/media?parent=298"}],"curies":[{"name":"wp","href":"https:\/\/api.w.org\/{rel}","templated":true}]}}

<p><a href="http://domingochinchilla.blogspot.com">http://domingochinchilla.blogspot.com</a></p>
<p>Narrador oral, actor, poeta, dramaturg, creador valencià d’àmplia i reeixida trajectòria artística, que ha après “a inventar o reinventar les petites coses que passen desapercebudes, a fer jocs malabars amb emocions i sentiments, o a manipular personatges o persones en laberints quotidians creats per a l’ocasió”.</p>
<p><span style="color: #ffffff;">.</span></p>
<p><strong> </strong></p>
<p><strong> </strong></p>
<p><strong>HISTÒRIES QUE CONTEN</strong></p>
<p><span style="color: #ff0000;"><strong>Canvi d’últim moment. En lloc d’actuar Domingo Chinchilla podreu gaudir de les fantàstiques <a href="/2010/susana-tornero/" target="_blank">Susana Tornero</a> i <a href="/2010/patricia-mac-gill/" target="_blank">Patricia McGill</a> amb el seu espectacle ENS ANEM DE CONTES. </strong></span></p>
<p>Una de les conseqüències de contar històries és que la gent, sovint, te’n regala alguna. Desafiant les bones formes (on regalar quelcom que et van regalar no és de bona educació), però essent fidel a la tradició mediterrània va néixer “històries que conten”, una petita mostra sorgida del fet humà de contar succeïts, emocions, supersticions&#8230; Una sessió que sempre és, i aquesta també ho serà, única i irrepetible.<br />
<em>Dia: Dijous 21<br />
Hora: 20:00hrs<br />
Lloc: </em><a href="http://www.racomultimedia.net/" target="_blank">C. C. GUINARDÓ – EL RACONET</a><a href="http://www.centreshg.net/taxonera" target="_blank"><br />
</a><a href="http://w20.bcn.cat/Guiamap/Default.aspx#x=31008.099&amp;y=85478.573&amp;z=5&amp;c=K014K015K001K002K003K011K013K006&amp;w=1057&amp;h=442&amp;p=31008.099,85478.573" target="_blank">¿Cómo llegar?</a><a href="http://www.racomultimedia.net/" target="_blank"><br />
</a><a href="http://www.racomultimedia.net/" target="_blank"> </a></p>
<p><span style="color: #ffffff;">.</span></p>
<p><a href="/2010/wp-content/uploads/2010/09/Domingo-Chinchilla-1.jpg"><img decoding="async" loading="lazy" class="alignnone size-medium wp-image-299" title="Domingo Chinchilla 1" src="/2010/wp-content/uploads/2010/09/Domingo-Chinchilla-1-300x225.jpg" alt="" width="300" height="225" srcset="https://muntdemots.org/2010/wp-content/uploads/2010/09/Domingo-Chinchilla-1-300x225.jpg 300w, https://muntdemots.org/2010/wp-content/uploads/2010/09/Domingo-Chinchilla-1.jpg 800w" sizes="(max-width: 300px) 100vw, 300px" /></a></p>

<p>http://domingochinchilla.blogspot.com Narrador oral, actor, poeta, dramaturg, creador valencià d’àmplia i reeixida trajectòria artística, que ha après “a inventar o reinventar les petites coses que passen desapercebudes, a fer jocs malabars amb emocions i sentiments, o a manipular personatges o persones en laberints quotidians creats per a l’ocasió”. . HISTÒRIES QUE CONTEN Canvi d’últim moment. En [&hellip;]</p>
