{"id":291,"date":"2010-09-06T16:22:54","date_gmt":"2010-09-06T16:22:54","guid":{"rendered":"http:\/\/www.muntdemots.org\/"},"modified":"2010-09-25T14:39:58","modified_gmt":"2010-09-25T14:39:58","slug":"cecilia-bellorin","status":"publish","type":"page","link":"http:\/\/muntdemots.org\/2010\/cecilia-bellorin\/","title":{"rendered":"Cecilia Bellor\u00edn"},"content":{"rendered":"<p>Conta contes, cantant, actriu i locutora vene\u00e7olana. A Caracas, va fer incursions en teatre amb el professor Juan Carlos Gen\u00e9 i el seu <em>Taller Actoral Permanente (GA 80)<\/em>. Va pert\u00e0nyer a l\u2019elenc del <em>Grupo Teatral Rajatabla<\/em>, sota la direcci\u00f3 de Carlos Gim\u00e9nez, i va participar en nombrosos festivals internacionals. Va treballar en teatre, cine i televisi\u00f3 (Rom\u00e1n Chalbaud, Juan Margallo, Paul Leduc). Viu a Barcelona des de 1991.<\/p>\n<p><span style=\"color: #ffffff;\">.<\/span><\/p>\n<p><strong> <\/strong><\/p>\n<p><strong>CECILIA CANTA Y CUENTA&#8230;<\/strong><\/p>\n<p>Cecilia canta i conta&#8230; el que sigui i on sigui, a qui la vulgui escoltar. La trilogia famosa del <em>Sapito Curur\u00fa<\/em>, personatge vene\u00e7ol\u00e0 que ja comen\u00e7a a sentir-se catal\u00e0. Contes, hist\u00f2ries, poemes, can\u00e7ons, ocurr\u00e8ncies\u00a0i alguns relats &#8220;arrencats de la vida mateixa&#8221;. <em>Com va venint, anem veient!<br \/>\n<\/em><em>Dia: Dimarts 19<br \/>\nHora: 20:00hrs<br \/>\nLloc: <\/em><a href=\"http:\/\/lastrolabi.blogspot.com\/\" target=\"_blank\">L\u2019ASTROLABI<\/a><a href=\"http:\/\/www.centreshg.net\/taxonera\" target=\"_blank\"><br \/>\n<\/a><a href=\"http:\/\/w20.bcn.cat\/Guiamap\/Default.aspx#x=29853.503&amp;y=83631.433&amp;z=5&amp;c=K014K015K001K002K003K011K013K006&amp;w=1057&amp;h=442&amp;p=29853.503,83631.433\" target=\"_blank\">\u00bfC\u00f3mo llegar?<\/a><br \/>\n<em><\/em><\/p>\n<p><em><span style=\"color: #ffffff;\">.<\/span><br \/>\n<\/em><\/p>\n<p><a href=\"\/2010\/wp-content\/uploads\/2010\/09\/Cecilia-por-Roland-Streuli_Agosto-2006.jpg\"><img decoding=\"async\" loading=\"lazy\" class=\"alignnone size-medium wp-image-292\" title=\"Cecilia por Roland Streuli_Agosto 2006\" src=\"\/2010\/wp-content\/uploads\/2010\/09\/Cecilia-por-Roland-Streuli_Agosto-2006-300x200.jpg\" alt=\"\" width=\"300\" height=\"200\" srcset=\"https:\/\/muntdemots.org\/2010\/wp-content\/uploads\/2010\/09\/Cecilia-por-Roland-Streuli_Agosto-2006-300x200.jpg 300w, https:\/\/muntdemots.org\/2010\/wp-content\/uploads\/2010\/09\/Cecilia-por-Roland-Streuli_Agosto-2006-1024x682.jpg 1024w, https:\/\/muntdemots.org\/2010\/wp-content\/uploads\/2010\/09\/Cecilia-por-Roland-Streuli_Agosto-2006.jpg 1051w\" sizes=\"(max-width: 300px) 100vw, 300px\" \/><\/a><\/p>\n","protected":false},"excerpt":{"rendered":"<p>Conta contes, cantant, actriu i locutora vene\u00e7olana. A Caracas, va fer incursions en teatre amb el professor Juan Carlos Gen\u00e9 i el seu Taller Actoral Permanente (GA 80). Va pert\u00e0nyer a l\u2019elenc del Grupo Teatral Rajatabla, sota la direcci\u00f3 de Carlos Gim\u00e9nez, i va participar en nombrosos festivals internacionals. Va treballar en teatre, cine i [&hellip;]<\/p>\n","protected":false},"author":1,"featured_media":0,"parent":0,"menu_order":0,"comment_status":"open","ping_status":"open","template":"","meta":[],"_links":{"self":[{"href":"http:\/\/muntdemots.org\/2010\/wp-json\/wp\/v2\/pages\/291"}],"collection":[{"href":"http:\/\/muntdemots.org\/2010\/wp-json\/wp\/v2\/pages"}],"about":[{"href":"http:\/\/muntdemots.org\/2010\/wp-json\/wp\/v2\/types\/page"}],"author":[{"embeddable":true,"href":"http:\/\/muntdemots.org\/2010\/wp-json\/wp\/v2\/users\/1"}],"replies":[{"embeddable":true,"href":"http:\/\/muntdemots.org\/2010\/wp-json\/wp\/v2\/comments?post=291"}],"version-history":[{"count":4,"href":"http:\/\/muntdemots.org\/2010\/wp-json\/wp\/v2\/pages\/291\/revisions"}],"predecessor-version":[{"id":1462,"href":"http:\/\/muntdemots.org\/2010\/wp-json\/wp\/v2\/pages\/291\/revisions\/1462"}],"wp:attachment":[{"href":"http:\/\/muntdemots.org\/2010\/wp-json\/wp\/v2\/media?parent=291"}],"curies":[{"name":"wp","href":"https:\/\/api.w.org\/{rel}","templated":true}]}}

Cecilia Bellorín

<p>Conta contes, cantant, actriu i locutora veneçolana. A Caracas, va fer incursions en teatre amb el professor Juan Carlos Gené i el seu <em>Taller Actoral Permanente (GA 80)</em>. Va pertànyer a l’elenc del <em>Grupo Teatral Rajatabla</em>, sota la direcció de Carlos Giménez, i va participar en nombrosos festivals internacionals. Va treballar en teatre, cine i televisió (Román Chalbaud, Juan Margallo, Paul Leduc). Viu a Barcelona des de 1991.</p>
<p><span style="color: #ffffff;">.</span></p>
<p><strong> </strong></p>
<p><strong>CECILIA CANTA Y CUENTA&#8230;</strong></p>
<p>Cecilia canta i conta&#8230; el que sigui i on sigui, a qui la vulgui escoltar. La trilogia famosa del <em>Sapito Cururú</em>, personatge veneçolà que ja comença a sentir-se català. Contes, històries, poemes, cançons, ocurrències i alguns relats &#8220;arrencats de la vida mateixa&#8221;. <em>Com va venint, anem veient!<br />
</em><em>Dia: Dimarts 19<br />
Hora: 20:00hrs<br />
Lloc: </em><a href="http://lastrolabi.blogspot.com/" target="_blank">L’ASTROLABI</a><a href="http://www.centreshg.net/taxonera" target="_blank"><br />
</a><a href="http://w20.bcn.cat/Guiamap/Default.aspx#x=29853.503&amp;y=83631.433&amp;z=5&amp;c=K014K015K001K002K003K011K013K006&amp;w=1057&amp;h=442&amp;p=29853.503,83631.433" target="_blank">¿Cómo llegar?</a><br />
<em></em></p>
<p><em><span style="color: #ffffff;">.</span><br />
</em></p>
<p><a href="/2010/wp-content/uploads/2010/09/Cecilia-por-Roland-Streuli_Agosto-2006.jpg"><img decoding="async" loading="lazy" class="alignnone size-medium wp-image-292" title="Cecilia por Roland Streuli_Agosto 2006" src="/2010/wp-content/uploads/2010/09/Cecilia-por-Roland-Streuli_Agosto-2006-300x200.jpg" alt="" width="300" height="200" srcset="https://muntdemots.org/2010/wp-content/uploads/2010/09/Cecilia-por-Roland-Streuli_Agosto-2006-300x200.jpg 300w, https://muntdemots.org/2010/wp-content/uploads/2010/09/Cecilia-por-Roland-Streuli_Agosto-2006-1024x682.jpg 1024w, https://muntdemots.org/2010/wp-content/uploads/2010/09/Cecilia-por-Roland-Streuli_Agosto-2006.jpg 1051w" sizes="(max-width: 300px) 100vw, 300px" /></a></p>

<p>Conta contes, cantant, actriu i locutora veneçolana. A Caracas, va fer incursions en teatre amb el professor Juan Carlos Gené i el seu Taller Actoral Permanente (GA 80). Va pertànyer a l’elenc del Grupo Teatral Rajatabla, sota la direcció de Carlos Giménez, i va participar en nombrosos festivals internacionals. Va treballar en teatre, cine i [&hellip;]</p>
