{"id":29,"date":"2010-09-03T16:12:33","date_gmt":"2010-09-03T16:12:33","guid":{"rendered":"http:\/\/www.muntdemots.org\/"},"modified":"2010-10-19T10:31:03","modified_gmt":"2010-10-19T10:31:03","slug":"dimarts-19-doctubre","status":"publish","type":"page","link":"http:\/\/muntdemots.org\/2010\/dimarts-19-doctubre\/","title":{"rendered":"Dimarts 19 d&#8217;octubre"},"content":{"rendered":"<p><span style=\"text-decoration: underline;\">17:30hrs<\/span><br \/>\nSESI\u00d3N FAMILIAR<br \/>\n<a href=\"\/2010\/soledad-felloza\" target=\"_blank\"><strong>DE TIN MAR\u00cdN<\/strong><\/a>,\u00a0 <em>SOLEDAD FELLOZA<\/em><br \/>\n<a href=\" http:\/\/www.bcn.cat\/cctrinitatvella\" target=\"_blank\"> C. C. TRINITAT VELLA<\/a><br \/>\nForadada, 36-38<br \/>\n08033 &#8211; Barcelona<br \/>\n933 457 016<br \/>\n<a href=\"http:\/\/w20.bcn.cat\/Guiamap\/Default.aspx#x=32537.834&amp;y=89413.102&amp;z=5&amp;c=K014K015K001K002K003K011K013K006&amp;w=1057&amp;h=442&amp;p=32537.834,89413.102\" target=\"_blank\">\u00bfC\u00f3mo llegar?<\/a><\/p>\n<p><span style=\"color: #ffffff;\">.<\/span><\/p>\n<p><span style=\"text-decoration: underline;\"> <\/span><\/p>\n<p><span style=\"text-decoration: underline;\">17:30hrs<\/span><br \/>\nSESI\u00d3N INFANTIL (+4)<br \/>\n<a href=\"\/2010\/alfredo-becker\" target=\"_blank\"><strong>\u2026Y SE LLAMABA MIGUEL<\/strong><\/a>, <em>ALFREDO BECKER<\/em><br \/>\n<a href=\"http:\/\/www.bcn.cat\/bibcanroses\" target=\"_blank\"> BIBLIOTECA CAN ROS\u00c9S<\/a><br \/>\nCarrer de D\u00e9u i Mata, 57<br \/>\n08029 \u2013Barcelona<br \/>\n934 191 929 <a href=\"http:\/\/www.bcn.cat\/bibcanroses\"><br \/>\n<\/a><a href=\"http:\/\/w20.bcn.cat\/Guiamap\/Default.aspx#x=27758.99&amp;y=82422.686&amp;z=5&amp;c=K014K015K001K002K003K011K013K006&amp;w=1057&amp;h=442&amp;p=27758.99,82422.686\" target=\"_blank\">\u00bfC\u00f3mo llegar?<\/a><\/p>\n<p><span style=\"color: #ffffff;\">.<\/span><\/p>\n<p><span style=\"text-decoration: underline;\">18:00hrs<\/span><br \/>\nSESI\u00d3N INFANTIL (+4)<br \/>\n<a href=\"\/2010\/albert-estengre\" target=\"_blank\"><strong>BRUIXES, RIALS I PLATGES<\/strong><\/a>, <em>ALBERT ESTENGRE<\/em><br \/>\n<a href=\" http:\/\/w3.bcn.es\/V51\/Home\/V51HomeLinkPl\/0,3989,526653874_528527126_2,00.html\" target=\"_blank\"> BIBLIOTECA SAGRADA FAM\u00ccLIA<\/a><br \/>\nC\/Proven\u00e7a, 480<br \/>\n08025 &#8211; Barcelona<br \/>\n93 450 87 33<br \/>\n<a href=\"http:\/\/w20.bcn.cat\/Guiamap\/Default.aspx#x=31251.628&amp;y=84333.813&amp;z=5&amp;c=K014K015K001K002K003K011K013K006&amp;w=1057&amp;h=442&amp;p=31251.628,84333.813\" target=\"_blank\">\u00bfC\u00f3mo llegar?<\/a><\/p>\n<p><span style=\"color: #ffffff;\">.<\/span><\/p>\n<p><span style=\"text-decoration: underline;\">18:00hrs<\/span><span style=\"color: #ff0000;\"><strong><br \/>\nMalauradament aquesta activitat ha sigut suspesa. Des de l\u2019organitzaci\u00f3 del Festival us <\/strong><strong>preguem <\/strong><strong>disculpes<\/strong><\/span><br \/>\nSESI\u00d3N INFANTIL\u00a0 (+3)<br \/>\n<a href=\"\/2010\/sherezade-bardaji-y-rebeca-luciani\" target=\"_blank\"><strong>EL SOMRIURE DE LA DANIELA<\/strong><\/a>, <em>SHEREZADE BARDAJI I REBECA LUCIANI<\/em><br \/>\n<a href=\"http:\/\/w3.bcn.es\/V51\/Home\/V51HomeLinkPl\/0,3989,171935332_173110308_2,00.html\" target=\"_blank\"> BIBLIOTECA SANT PAU- SANTA CREU<\/a><br \/>\nCarme, 47 \/ Hospital, 56<br \/>\n08001 &#8211; Barcelona<br \/>\n93 302 07<span style=\"text-decoration: underline;\"><br \/>\n<a href=\"http:\/\/w20.bcn.cat\/Guiamap\/Default.aspx#x=30606.382&amp;y=81645.275&amp;z=5&amp;c=K014K015K001K002K003K011K013K006&amp;w=1057&amp;h=442&amp;p=30606.382,81645.275\" target=\"_blank\">\u00bfC\u00f3mo llegar?<\/a><\/span><\/p>\n<p><span style=\"color: #ffffff;\">.<\/span><\/p>\n<p><span style=\"text-decoration: underline;\">19:00hrs<\/span><br \/>\n<strong>INAUGURACI\u00d3N DE LA EXPOSICI\u00d3N DE ILUSTRACIONES ORIGINALES<\/strong><strong><br \/>\n<a href=\"\/2010\/il\u00b7lustrat-tambe-conten\/\" target=\"_blank\">IL.LUSTRATS TAMB\u00c9 CONTEN<\/a><\/strong>, <em>ILUSTRADORES DE EDICIONES EKAR\u00c9, LIBROS DEL ZORRO ROJO, THULE EDITORES<\/em><br \/>\n<a href=\"http:\/\/www.cotxeresborrell.net\/\" target=\"_blank\"> CENTRE C\u00cdVIC COTXERES BORRELL<\/a><br \/>\nC\/Viladomat, 2-8<br \/>\n08015 &#8211; Barcelona<br \/>\n<a href=\"http:\/\/w20.bcn.cat\/Guiamap\/Default.aspx#x=30096.171&amp;y=80992.1&amp;z=5&amp;c=K014K015K001K002K003K011K013K006&amp;w=1057&amp;h=442&amp;p=30096.171,80992.1\" target=\"_blank\">\u00bfC\u00f3mo llegar?<\/a><\/p>\n<p><span style=\"color: #ffffff;\">.<\/span><\/p>\n<p><span style=\"color: #ffffff;\"> <\/span><span style=\"text-decoration: underline;\">19:00hrs<\/span><br \/>\nSESI\u00d3N ADULTOS<br \/>\n<a href=\"\/2010\/jose-luis-mellado\" target=\"_blank\"><strong>SONORO<\/strong> <strong>Y<\/strong> <strong>A<\/strong> <strong>COLOR<\/strong><\/a>,\u00a0 <em>JOSELUIS MELLADO<\/em><br \/>\n<a href=\"http:\/\/w3.bcn.es\/XMLServeis\/XMLHomeLinkPl\/0,4022,1013028920,00.html\" target=\"_blank\"> BIBLIOTECA G\u00d2TIC- ANDREU NIN<\/a><br \/>\nLa Rambla, 30-32<br \/>\n08002 &#8211; Barcelona<br \/>\n933 437 369<br \/>\n<a href=\"http:\/\/w20.bcn.cat\/Guiamap\/Default.aspx#x=31195.978&amp;y=81302.72&amp;z=5&amp;c=K014K015K001K002K003K011K013K006&amp;w=1057&amp;h=442&amp;p=31195.978,81302.72\" target=\"_blank\">\u00bfC\u00f3mo llegar?<\/a><\/p>\n<p><span style=\"color: #ffffff;\">.<\/span><\/p>\n<p><span style=\"text-decoration: underline;\">19:00hrs<\/span><br \/>\nCONFERENCIA<br \/>\n<a href=\"\/2010\/pablo-larraguibel\/\" target=\"_blank\"><strong>DE LA TRADICI\u00d3N ORAL AL LIBRO INFANTIL<\/strong><\/a>, <em>PABLO LAGARRIBEL<\/em><br \/>\n<a href=\"http:\/\/w3.bcn.es\/XMLServeis\/XMLHomeLinkPl\/0,4022,650920084_709536676_1,00.html\" target=\"_blank\">BIBLIOTECA VILA DE GR\u00c0CIA<\/a><br \/>\nTorrent de l&#8217;Olla, 104<br \/>\n08012 &#8211; Barcelona<br \/>\n93 284 77 90<br \/>\n<a href=\"http:\/\/w20.bcn.cat\/Guiamap\/Default.aspx#x=29729.58&amp;y=83871.468&amp;z=5&amp;c=K014K015K001K002K003K011K013K006&amp;w=1057&amp;h=442&amp;p=29729.58,83871.468\" target=\"_blank\">\u00bfC\u00f3mo llegar?<\/a><\/p>\n<p><span style=\"color: #ffffff;\">.<\/span><\/p>\n<p><span style=\"text-decoration: underline;\">19:00hrs<\/span><br \/>\n<strong>PRESENTACI\u00d3N DE LIBRO<br \/>\n<a href=\"\/2010\/ana-cristina-herreros\/\" target=\"_blank\">LA SORPRENET I VERITABLE HISTORIA D\u2019UN RATOL\u00cd ANOMENAT P\u00c9REZ<\/a><\/strong>, <em>ANA CRISTINA HERREROS<\/em><br \/>\n<a href=\" www.santosochoa.es\" target=\"_blank\"> <\/a><a href=\"http:\/\/www.santosochoa.es\" target=\"_blank\">LIBRER\u00cdA SANTOS OCHOA<\/a><br \/>\n<a href=\"http:\/\/w20.bcn.cat\/Guiamap\/Default.aspx#x=31455.899&amp;y=87037.379&amp;z=5&amp;c=K014K015K001K002K003K011K013K006&amp;w=1057&amp;h=442&amp;p=31455.899,87037.379\" target=\"_blank\"> <\/a>Pg. Fabra i Puig 165<br \/>\nBarcelona<br \/>\n<a href=\"http:\/\/w20.bcn.cat\/Guiamap\/Default.aspx#x=31455.899&amp;y=87037.379&amp;z=5&amp;c=K014K015K001K002K003K011K013K006&amp;w=1057&amp;h=442&amp;p=31455.899,87037.379\" target=\"_blank\">\u00bfC\u00f3mo llegar?<\/a><span style=\"color: #ffffff;\">.<\/span><\/p>\n<p><span style=\"color: #ffffff;\">.<\/span><\/p>\n<p><span style=\"text-decoration: underline;\">19:00hrs<\/span><br \/>\nCHARLA<br \/>\n<a href=\"\/2010\/encuentro-con\u2026-anin\/\" target=\"_blank\"><strong>ENCUENTRO CON\u2026<\/strong> <em>ANIN<\/em><\/a><br \/>\n<a href=\"  www.bcn.cat\/centrecivicpatillimona\" target=\"_blank\"> <\/a><a href=\"http:\/\/www.bcn.cat\/centrecivicpatillimona\" target=\"_blank\">C. C. PATI LL\u00cdMONA<\/a><br \/>\n<a href=\"http:\/\/w20.bcn.cat\/Guiamap\/Default.aspx#x=31446.088&amp;y=81641.358&amp;z=5&amp;c=K014K015K001K002K003K011K013K006&amp;w=1057&amp;h=442&amp;p=31446.088,81641.358\" target=\"_blank\"> <\/a>C\/ Regomir 3<br \/>\n08002 \u2013 Barcelona<br \/>\n932684700<br \/>\n<a href=\"http:\/\/w20.bcn.cat\/Guiamap\/Default.aspx#x=31446.088&amp;y=81641.358&amp;z=5&amp;c=K014K015K001K002K003K011K013K006&amp;w=1057&amp;h=442&amp;p=31446.088,81641.358\" target=\"_blank\">\u00bfC\u00f3mo llegar?<\/a><\/p>\n<p><span style=\"color: #ffffff;\">.<\/span><\/p>\n<p><span style=\"text-decoration: underline;\"> <\/span><\/p>\n<p><span style=\"text-decoration: underline;\">20:00hrs<\/span><br \/>\nSESI\u00d3N ADULTOS<br \/>\n<a href=\"\/2010\/narrin-narran\" target=\"_blank\"><strong>CONTES ER\u00d2TICS<\/strong><\/a>, <em>NARR\u00cdN NARR\u00c1N<\/em><br \/>\n<a href=\"http:\/\/www.farinera.org\" target=\"_blank\"> LA FARINERA DEL CLOT<\/a><br \/>\nGran V\u00eda Corts Catalanes, 837<br \/>\n08018 &#8211; Barcelona<br \/>\n932 918 080<br \/>\n<a href=\"http:\/\/w20.bcn.cat\/Guiamap\/Default.aspx#x=32260.124&amp;y=84230.16&amp;z=5&amp;c=K014K015K001K002K003K011K013K006&amp;w=1057&amp;h=442&amp;p=32260.124,84230.16\" target=\"_blank\">\u00bfC\u00f3mo llegar?<\/a><\/p>\n<p><span style=\"color: #ffffff;\">.<\/span><\/p>\n<p><span style=\"text-decoration: underline;\">20:00hrs<\/span><br \/>\nSESI\u00d3N ADULTOS<br \/>\n<a href=\"\/2010\/cecilia-bellorin\" target=\"_blank\"><strong>CECILIA CUENTA Y CANTA<\/strong><\/a>, <em>CECILIA BELLOR\u00cdN<\/em><br \/>\n<a href=\" http:\/\/lastrolabi.blogspot.com\" target=\"_blank\"> L\u2019ASTROLABI<\/a><br \/>\nC\/Mart\u00ednez de la Rosa, 14<br \/>\nBARCELONA<br \/>\n<a href=\"http:\/\/w20.bcn.cat\/Guiamap\/Default.aspx#x=29853.503&amp;y=83631.433&amp;z=5&amp;c=K014K015K001K002K003K011K013K006&amp;w=1057&amp;h=442&amp;p=29853.503,83631.433\" target=\"_blank\">\u00bfC\u00f3mo llegar?<\/a><\/p>\n<p><span style=\"color: #ffffff;\">.<\/span><\/p>\n<p><span style=\"text-decoration: underline;\">20:00hrs<\/span><br \/>\n<a href=\"\/2010\/raul-contel\" target=\"_blank\"><strong>PROYECCI\u00d3N DE LA PEL\u00cdCULA \u201cL&#8217;AMIC DE LA MORT\u201d<\/strong><\/a><br \/>\nDE <em>RA\u00dcL CONTEL<\/em><br \/>\n<a href=\" http:\/\/www.ccparcsandaru.cat\" target=\"_blank\"> C. C. PARC SANDARU<\/a><br \/>\nC\/ Buenaventura Mu\u00f1oz, 21<br \/>\n08018 &#8211; Barcelona<br \/>\n93 309 06 35<br \/>\n<a href=\"http:\/\/w20.bcn.cat\/Guiamap\/Default.aspx#x=31937.401&amp;y=82767.414&amp;z=5&amp;c=K014K015K001K002K003K011K013K006&amp;w=1057&amp;h=442&amp;p=31937.401,82767.414\" target=\"_blank\">\u00bfC\u00f3mo llegar?<\/a><\/p>\n<p><span style=\"color: #ffffff;\">.<\/span><\/p>\n<p><span style=\"text-decoration: underline;\">21:00hrs<\/span><br \/>\nSESION ADULTOS<br \/>\n<a href=\"\/2010\/tim-bowley\" target=\"_blank\"><strong>HILANDO<\/strong> <strong>CUENTOS<\/strong><\/a>, <em>TIM BOWLEY Y CHARO PITA<\/em><br \/>\n<a href=\" www.bcn.cat\/centrecivicpatillimona\" target=\"_blank\"> <\/a><a href=\"http:\/\/www.bcn.cat\/centrecivicpatillimona\" target=\"_blank\">C. C. PATI LL\u00cdMONA<\/a><br \/>\n<a href=\"http:\/\/w20.bcn.cat\/Guiamap\/Default.aspx#x=31446.088&amp;y=81641.358&amp;z=5&amp;c=K014K015K001K002K003K011K013K006&amp;w=1057&amp;h=442&amp;p=31446.088,81641.358\" target=\"_blank\"> <\/a>C\/ Regomir 3<br \/>\n08002 \u2013 Barcelona<br \/>\n932684700<a href=\"http:\/\/www.bcn.cat\/centrecivicpatillimona\"><br \/>\n<\/a> <a href=\"http:\/\/w20.bcn.cat\/Guiamap\/Default.aspx#x=31446.088&amp;y=81641.358&amp;z=5&amp;c=K014K015K001K002K003K011K013K006&amp;w=1057&amp;h=442&amp;p=31446.088,81641.358\" target=\"_blank\">\u00bfC\u00f3mo llegar?<\/a><\/p>\n<p><span style=\"color: #ffffff;\">.<\/span><\/p>\n<p><span style=\"text-decoration: underline;\">22:15hrs<\/span><br \/>\n<span style=\"color: #ff0000;\"><strong>Canvi d\u2019\u00faltim moment. Enlloc d\u2019actuar <a title=\"Kristinoshka Garc\u00eda\" href=\"..\/kristinoshka-garcia\/\">Kristinoshka Garc\u00eda<\/a> podreu gaudir de la narradora vene\u00e7olana M\u00f3nica Mart\u00ednez Paz aquesta nit al Bar Macondo. <\/strong><\/span><br \/>\nSESI\u00d3N ADULTOS<br \/>\n<a href=\"\/2010\/kristinoshka-garcia\" target=\"_blank\"><strong>PIES Y P\u00c1JAROS<\/strong><\/a>, <em>KRISTINOSHKA GARC\u00cdA<\/em><br \/>\n<a href=\"http:\/\/www.myspace.com\/barmacondo\" target=\"_blank\"> MACONDO BAR<\/a><br \/>\nC\/Conca, 21<br \/>\n08026 &#8211; Barcelona<br \/>\n<a href=\"http:\/\/w20.bcn.cat\/Guiamap\/Default.aspx#x=31563.246&amp;y=85197.07&amp;z=5&amp;c=K014K015K001K002K003K011K013K006&amp;w=1057&amp;h=442&amp;p=31563.246,85197.07\" target=\"_blank\">\u00bfC\u00f3mo llegar?<\/a><\/p>\n<div id=\"_mcePaste\" style=\"position: absolute; left: -10000px; top: 684px; width: 1px; height: 1px; overflow: hidden;\">\n<p class=\"MsoNormal\" style=\"margin: 0cm 0cm 0pt;\"><span style=\"text-decoration: underline;\"><span style=\"font-size: small;\"><span style=\"font-family: Times New Roman;\">19:00hrs<\/span><\/span><\/span><\/p>\n<p class=\"MsoNormal\" style=\"margin: 0cm 0cm 0pt;\"><strong><span style=\"font-size: small;\"><span style=\"font-family: Times New Roman;\">INAUGURACI\u00d3N DE LA EXPOSICI\u00d3N DE ILUSTRACIONES ORIGINALES<\/span><\/span><\/strong><\/p>\n<p class=\"MsoNormal\" style=\"margin: 0cm 0cm 0pt;\"><span style=\"font-size: small;\"><span style=\"font-family: Times New Roman;\"><strong>IL.LUSTRATS TAMB\u00c9 CONTEN<\/strong>, <em>ILUSTRADORES DE EDICIONES EKAR\u00c9, LIBROS DEL ZORRO ROJO, THULE EDITORES<\/em><\/span><\/span><\/p>\n<p class=\"MsoNormal\" style=\"margin: 0cm 0cm 0pt;\"><span style=\"font-size: small;\"><span style=\"font-family: Times New Roman;\">CENTRE C\u00cdVIC COTXERES BORRELL<\/span><\/span><\/p>\n<\/div>\n","protected":false},"excerpt":{"rendered":"<p>17:30hrs SESI\u00d3N FAMILIAR DE TIN MAR\u00cdN,\u00a0 SOLEDAD FELLOZA C. C. TRINITAT VELLA Foradada, 36-38 08033 &#8211; Barcelona 933 457 016 \u00bfC\u00f3mo llegar? . 17:30hrs SESI\u00d3N INFANTIL (+4) \u2026Y SE LLAMABA MIGUEL, ALFREDO BECKER BIBLIOTECA CAN ROS\u00c9S Carrer de D\u00e9u i Mata, 57 08029 \u2013Barcelona 934 191 929 \u00bfC\u00f3mo llegar? . 18:00hrs SESI\u00d3N INFANTIL (+4) BRUIXES, [&hellip;]<\/p>\n","protected":false},"author":1,"featured_media":0,"parent":0,"menu_order":0,"comment_status":"open","ping_status":"open","template":"","meta":[],"_links":{"self":[{"href":"http:\/\/muntdemots.org\/2010\/wp-json\/wp\/v2\/pages\/29"}],"collection":[{"href":"http:\/\/muntdemots.org\/2010\/wp-json\/wp\/v2\/pages"}],"about":[{"href":"http:\/\/muntdemots.org\/2010\/wp-json\/wp\/v2\/types\/page"}],"author":[{"embeddable":true,"href":"http:\/\/muntdemots.org\/2010\/wp-json\/wp\/v2\/users\/1"}],"replies":[{"embeddable":true,"href":"http:\/\/muntdemots.org\/2010\/wp-json\/wp\/v2\/comments?post=29"}],"version-history":[{"count":44,"href":"http:\/\/muntdemots.org\/2010\/wp-json\/wp\/v2\/pages\/29\/revisions"}],"predecessor-version":[{"id":2074,"href":"http:\/\/muntdemots.org\/2010\/wp-json\/wp\/v2\/pages\/29\/revisions\/2074"}],"wp:attachment":[{"href":"http:\/\/muntdemots.org\/2010\/wp-json\/wp\/v2\/media?parent=29"}],"curies":[{"name":"wp","href":"https:\/\/api.w.org\/{rel}","templated":true}]}}