{"id":284,"date":"2010-09-06T16:20:14","date_gmt":"2010-09-06T16:20:14","guid":{"rendered":"http:\/\/www.muntdemots.org\/"},"modified":"2010-09-25T14:37:25","modified_gmt":"2010-09-25T14:37:25","slug":"carolina-ortiz","status":"publish","type":"page","link":"http:\/\/muntdemots.org\/2010\/carolina-ortiz\/","title":{"rendered":"Carolina Ortiz"},"content":{"rendered":"<p>Pedagoga, actriu i narradora barcelonina. El 2001 ingressa a la Companyia de teatre Altosf Barcelona, i es dedica per complet al teatre. Des de l\u2019any 2002 \u00e9s professora del curs \u201cAtrapa la paraula\u201d a les Biblioteques de Barcelona. Basa els seus espectacles en la summa cura del contingut: <em>Pi\u00f1a Pinya<\/em>, <em>Multis\u00e1pida<\/em><em> y Compa\u00f1\u00eda, Cuinar \u00e9s un conte, Por amor, La Gran Merienda, De 6 a 106, Cuenta lo que se cuenta<\/em>&#8230;<\/p>\n<p><span style=\"color: #ffffff;\">.<\/span><\/p>\n<p><strong>CUENTA LO QUE SE CUENTA<\/strong><\/p>\n<p><strong>Narradora<\/strong>: Carolina Ortiz Garre<br \/>\n<strong>Guitarrista<\/strong>: Joaqu\u00edn Palac\u00edn<\/p>\n<p>Els ambients creats per la musicalitat de la paraula dita, i per la narraci\u00f3 que la guitarra desenvolupa, emboliquen l\u2019espectador (que no sap si est\u00e0 escoltant un concert, o un recital de can\u00e7ons o un conte sense paraules). En mig, di\u00e0legs directes entre cobles tradicionals, cantades per Carolina amb matem\u00e0tica desimboltura, invitant a preguntar-s\u2019hi, qu\u00e8 \u00e9s el que de veritat compta? Doncs, aix\u00f2: compta el que es conta&#8230;<br \/>\n<em>Dia: Dijous 21<br \/>\nHora: 20:00hrs<br \/>\nLloc: <\/em><a href=\"http:\/\/www.santosochoa.es\/\" target=\"_blank\">LIBRER\u00cdA SANTOS OCHOA<\/a><a href=\"http:\/\/www.centreshg.net\/taxonera\" target=\"_blank\"><br \/>\n<\/a><a href=\"http:\/\/w20.bcn.cat\/Guiamap\/Default.aspx#x=31455.899&amp;y=87037.379&amp;z=5&amp;c=K014K015K001K002K003K011K013K006&amp;w=1057&amp;h=442&amp;p=31455.899,87037.379\" target=\"_blank\">\u00bfC\u00f3mo llegar?<\/a><\/p>\n<p><span style=\"color: #ffffff;\">.<\/span><\/p>\n<p><strong>JOAQUIN PALAC\u00cdN<\/strong><\/p>\n<p>Neix a Barcelona. Obt\u00e9 el t\u00edtol de professor superior de\u00a0m\u00fasica, especialitat\u00a0guitarra, el 1989. Treballa com a professor de m\u00fasica d\u2019educaci\u00f3 media. Ha actuat als teatres Apolo, T\u00edvoli, Gran Teatre de Liceu&#8230; Actualment \u00e9s component de <em>Lad&#8217;Ars<\/em> amb qui actua en diferents punts de la pen\u00ednsula i estranger i amb qui acaba de gravar el seu segon CD.<\/p>\n<p><span style=\"color: #ffffff;\">.<\/span><\/p>\n<p><a href=\"\/2010\/wp-content\/uploads\/2010\/09\/CAROLINA-ORTIZ-Y-JOAGUIN-PALAC\u00cdN.jpg\"><img decoding=\"async\" loading=\"lazy\" class=\"alignnone size-full wp-image-286\" title=\"CAROLINA ORTIZ  Y JOAGUIN PALAC\u00cdN\" src=\"\/2010\/wp-content\/uploads\/2010\/09\/CAROLINA-ORTIZ-Y-JOAGUIN-PALAC\u00cdN.jpg\" alt=\"\" width=\"273\" height=\"163\" \/><\/a><\/p>\n","protected":false},"excerpt":{"rendered":"<p>Pedagoga, actriu i narradora barcelonina. El 2001 ingressa a la Companyia de teatre Altosf Barcelona, i es dedica per complet al teatre. Des de l\u2019any 2002 \u00e9s professora del curs \u201cAtrapa la paraula\u201d a les Biblioteques de Barcelona. Basa els seus espectacles en la summa cura del contingut: Pi\u00f1a Pinya, Multis\u00e1pida y Compa\u00f1\u00eda, Cuinar \u00e9s [&hellip;]<\/p>\n","protected":false},"author":1,"featured_media":0,"parent":0,"menu_order":0,"comment_status":"open","ping_status":"open","template":"","meta":[],"_links":{"self":[{"href":"http:\/\/muntdemots.org\/2010\/wp-json\/wp\/v2\/pages\/284"}],"collection":[{"href":"http:\/\/muntdemots.org\/2010\/wp-json\/wp\/v2\/pages"}],"about":[{"href":"http:\/\/muntdemots.org\/2010\/wp-json\/wp\/v2\/types\/page"}],"author":[{"embeddable":true,"href":"http:\/\/muntdemots.org\/2010\/wp-json\/wp\/v2\/users\/1"}],"replies":[{"embeddable":true,"href":"http:\/\/muntdemots.org\/2010\/wp-json\/wp\/v2\/comments?post=284"}],"version-history":[{"count":4,"href":"http:\/\/muntdemots.org\/2010\/wp-json\/wp\/v2\/pages\/284\/revisions"}],"predecessor-version":[{"id":1460,"href":"http:\/\/muntdemots.org\/2010\/wp-json\/wp\/v2\/pages\/284\/revisions\/1460"}],"wp:attachment":[{"href":"http:\/\/muntdemots.org\/2010\/wp-json\/wp\/v2\/media?parent=284"}],"curies":[{"name":"wp","href":"https:\/\/api.w.org\/{rel}","templated":true}]}}

<p>Pedagoga, actriu i narradora barcelonina. El 2001 ingressa a la Companyia de teatre Altosf Barcelona, i es dedica per complet al teatre. Des de l’any 2002 és professora del curs “Atrapa la paraula” a les Biblioteques de Barcelona. Basa els seus espectacles en la summa cura del contingut: <em>Piña Pinya</em>, <em>Multisápida</em><em> y Compañía, Cuinar és un conte, Por amor, La Gran Merienda, De 6 a 106, Cuenta lo que se cuenta</em>&#8230;</p>
<p><span style="color: #ffffff;">.</span></p>
<p><strong>CUENTA LO QUE SE CUENTA</strong></p>
<p><strong>Narradora</strong>: Carolina Ortiz Garre<br />
<strong>Guitarrista</strong>: Joaquín Palacín</p>
<p>Els ambients creats per la musicalitat de la paraula dita, i per la narració que la guitarra desenvolupa, emboliquen l’espectador (que no sap si està escoltant un concert, o un recital de cançons o un conte sense paraules). En mig, diàlegs directes entre cobles tradicionals, cantades per Carolina amb matemàtica desimboltura, invitant a preguntar-s’hi, què és el que de veritat compta? Doncs, això: compta el que es conta&#8230;<br />
<em>Dia: Dijous 21<br />
Hora: 20:00hrs<br />
Lloc: </em><a href="http://www.santosochoa.es/" target="_blank">LIBRERÍA SANTOS OCHOA</a><a href="http://www.centreshg.net/taxonera" target="_blank"><br />
</a><a href="http://w20.bcn.cat/Guiamap/Default.aspx#x=31455.899&amp;y=87037.379&amp;z=5&amp;c=K014K015K001K002K003K011K013K006&amp;w=1057&amp;h=442&amp;p=31455.899,87037.379" target="_blank">¿Cómo llegar?</a></p>
<p><span style="color: #ffffff;">.</span></p>
<p><strong>JOAQUIN PALACÍN</strong></p>
<p>Neix a Barcelona. Obté el títol de professor superior de música, especialitat guitarra, el 1989. Treballa com a professor de música d’educació media. Ha actuat als teatres Apolo, Tívoli, Gran Teatre de Liceu&#8230; Actualment és component de <em>Lad&#8217;Ars</em> amb qui actua en diferents punts de la península i estranger i amb qui acaba de gravar el seu segon CD.</p>
<p><span style="color: #ffffff;">.</span></p>
<p><a href="/2010/wp-content/uploads/2010/09/CAROLINA-ORTIZ-Y-JOAGUIN-PALACÍN.jpg"><img decoding="async" loading="lazy" class="alignnone size-full wp-image-286" title="CAROLINA ORTIZ  Y JOAGUIN PALACÍN" src="/2010/wp-content/uploads/2010/09/CAROLINA-ORTIZ-Y-JOAGUIN-PALACÍN.jpg" alt="" width="273" height="163" /></a></p>

<p>Pedagoga, actriu i narradora barcelonina. El 2001 ingressa a la Companyia de teatre Altosf Barcelona, i es dedica per complet al teatre. Des de l’any 2002 és professora del curs “Atrapa la paraula” a les Biblioteques de Barcelona. Basa els seus espectacles en la summa cura del contingut: Piña Pinya, Multisápida y Compañía, Cuinar és [&hellip;]</p>
