{"id":281,"date":"2010-09-06T16:18:38","date_gmt":"2010-09-06T16:18:38","guid":{"rendered":"http:\/\/www.muntdemots.org\/"},"modified":"2010-09-25T14:29:45","modified_gmt":"2010-09-25T14:29:45","slug":"arnau-vilardebo","status":"publish","type":"page","link":"http:\/\/muntdemots.org\/2010\/arnau-vilardebo\/","title":{"rendered":"Arnau Vilardeb\u00f2"},"content":{"rendered":"<p><a href=\"http:\/\/arnauvilardebo.wordpress.com\/\">http:\/\/arnauvilardebo.wordpress.com<\/a><\/p>\n<p>Artista esc\u00e8nic. Des del 1972, en qu\u00e8 debut\u00e0 professionalment al teatre, ha treballat amb directors com Joan Maria Gual, Albert Boadella, Ricard Salvat, Joan Oll\u00e9&#8230; Des de l\u2019any 1997 s\u2019ha concentrat en crear els seus propis espectacles basats en la mitologia grega, representats en diversos idiomes i pa\u00efsos: Fran\u00e7a, Regne Unit, Alemanya, Col\u00f2mbia, Per\u00fa, Cuba, Xile, Equador, Vene\u00e7uela, Brasil. El 1995 reb\u00e9 el premi Sebasti\u00e0 Gasch d\u2019Arts Parateatrals. Des del 1984 fins al 2008 ha codirigit la Marat\u00f3 de l\u2019Espectacle.<\/p>\n<p><span style=\"color: #ffffff;\">.<\/span><\/p>\n<p><strong>LA MAGRANA I LA<\/strong><strong> MIRRA<br \/>\nELS MITES I LES FORMES DE VERGE I BALAN\u00c7A.<\/strong><\/p>\n<p>Hist\u00f2ries m\u00edtiques en el llibre de les estrelles que poden resumir tot un car\u00e0cter. A m\u00e9s: el 17 d\u2019octubre, est\u00e0 sota la influ\u00e8ncia de Balan\u00e7a? O de Verge? Saps qui era Hiparc de Nicea? Saps el que \u00e9s la precessi\u00f3 dels equinoccis?.<br \/>\n<em>Dia: Diumenge 17<br \/>\nHora: 19:00hrs<br \/>\nLloc: <\/em><a href=\"http:\/\/www.facebook.com\/bemba.barcelona\" target=\"_blank\">BAR BEMBA<\/a><a href=\"http:\/\/www.centreshg.net\/taxonera\" target=\"_blank\"><br \/>\n<\/a><a href=\"http:\/\/w20.bcn.cat\/Guiamap\/Default.aspx#x=30109.788&amp;y=80868.613&amp;z=5&amp;c=K014K015K001K002K003K011K013K006&amp;w=1057&amp;h=442&amp;p=30109.788,80868.613\" target=\"_blank\">\u00bfC\u00f3mo llegar?<\/a><\/p>\n<p><span style=\"color: #ffffff;\">.<\/span><\/p>\n<p><strong>88\u221e (88INFINITS)<br \/>\nFORMES I MITES DE LES CONSTEL\u00b7LACIONS DEL CEL.<\/strong><\/p>\n<p><strong> <\/strong><\/p>\n<p>Dels dibuixos que podem imaginar en el cel nocturn n&#8217;hem determinat 88 que s\u00f3n les constel\u00b7lacions acceptades per l\u2019astronomia moderna. Moltes fan refer\u00e8ncia a hist\u00f2ries mitol\u00f2giques: Ori\u00f3, Perseu i Andr\u00f2meda, H\u00e8rcules i el lle\u00f3 de Nemea\u2026 Hist\u00f2ries de superherois del passat que han inspirat els del present. Un espectacle per comen\u00e7ar a entendre les formes al cel i algunes hist\u00f2ries que s\u2019hi amaguen.<\/p>\n<p>Durada: 45 minuts (versi\u00f3 p\u00fablic familiar)<br \/>\n1:30h (versi\u00f3 p\u00fablic adult)<br \/>\n<em>Dia: Diumenge 17<br \/>\nHora: 17:00hrs<br \/>\nLloc: <\/em><a href=\"http:\/\/obrasocial.lacaixa.es\/nuestroscentros\/caixaforumbarcelona\/elcentro_es.html\" target=\"_blank\">CAIXA FORUM (CALLE MODERNISTA)<\/a><a href=\"http:\/\/www.centreshg.net\/taxonera\" target=\"_blank\"><br \/>\n<\/a><a href=\"http:\/\/w20.bcn.cat\/Guiamap\/Default.aspx#x=28974.653&amp;y=80528.805&amp;z=5&amp;c=K014K015K001K002K003K011K013K006&amp;w=1057&amp;h=442&amp;p=28974.653,80528.805\" target=\"_blank\">\u00bfC\u00f3mo llegar?<\/a><\/p>\n<p><span style=\"color: #ffffff;\">.<\/span><\/p>\n<p><a href=\"\/2010\/wp-content\/uploads\/2010\/09\/Arnau-Vilardeb\u00f2...jpg\"><img decoding=\"async\" loading=\"lazy\" class=\"alignnone size-medium wp-image-282\" title=\"Arnau Vilardeb\u00f2..\" src=\"\/2010\/wp-content\/uploads\/2010\/09\/Arnau-Vilardeb\u00f2..-300x240.jpg\" alt=\"\" width=\"300\" height=\"240\" srcset=\"https:\/\/muntdemots.org\/2010\/wp-content\/uploads\/2010\/09\/Arnau-Vilardeb\u00f2..-300x240.jpg 300w, https:\/\/muntdemots.org\/2010\/wp-content\/uploads\/2010\/09\/Arnau-Vilardeb\u00f2...jpg 600w\" sizes=\"(max-width: 300px) 100vw, 300px\" \/><\/a><\/p>\n","protected":false},"excerpt":{"rendered":"<p>http:\/\/arnauvilardebo.wordpress.com Artista esc\u00e8nic. Des del 1972, en qu\u00e8 debut\u00e0 professionalment al teatre, ha treballat amb directors com Joan Maria Gual, Albert Boadella, Ricard Salvat, Joan Oll\u00e9&#8230; Des de l\u2019any 1997 s\u2019ha concentrat en crear els seus propis espectacles basats en la mitologia grega, representats en diversos idiomes i pa\u00efsos: Fran\u00e7a, Regne Unit, Alemanya, Col\u00f2mbia, Per\u00fa, [&hellip;]<\/p>\n","protected":false},"author":1,"featured_media":0,"parent":0,"menu_order":0,"comment_status":"open","ping_status":"open","template":"","meta":[],"_links":{"self":[{"href":"http:\/\/muntdemots.org\/2010\/wp-json\/wp\/v2\/pages\/281"}],"collection":[{"href":"http:\/\/muntdemots.org\/2010\/wp-json\/wp\/v2\/pages"}],"about":[{"href":"http:\/\/muntdemots.org\/2010\/wp-json\/wp\/v2\/types\/page"}],"author":[{"embeddable":true,"href":"http:\/\/muntdemots.org\/2010\/wp-json\/wp\/v2\/users\/1"}],"replies":[{"embeddable":true,"href":"http:\/\/muntdemots.org\/2010\/wp-json\/wp\/v2\/comments?post=281"}],"version-history":[{"count":5,"href":"http:\/\/muntdemots.org\/2010\/wp-json\/wp\/v2\/pages\/281\/revisions"}],"predecessor-version":[{"id":1455,"href":"http:\/\/muntdemots.org\/2010\/wp-json\/wp\/v2\/pages\/281\/revisions\/1455"}],"wp:attachment":[{"href":"http:\/\/muntdemots.org\/2010\/wp-json\/wp\/v2\/media?parent=281"}],"curies":[{"name":"wp","href":"https:\/\/api.w.org\/{rel}","templated":true}]}}

Arnau Vilardebò

<p><a href="http://arnauvilardebo.wordpress.com/">http://arnauvilardebo.wordpress.com</a></p>
<p>Artista escènic. Des del 1972, en què debutà professionalment al teatre, ha treballat amb directors com Joan Maria Gual, Albert Boadella, Ricard Salvat, Joan Ollé&#8230; Des de l’any 1997 s’ha concentrat en crear els seus propis espectacles basats en la mitologia grega, representats en diversos idiomes i països: França, Regne Unit, Alemanya, Colòmbia, Perú, Cuba, Xile, Equador, Veneçuela, Brasil. El 1995 rebé el premi Sebastià Gasch d’Arts Parateatrals. Des del 1984 fins al 2008 ha codirigit la Marató de l’Espectacle.</p>
<p><span style="color: #ffffff;">.</span></p>
<p><strong>LA MAGRANA I LA</strong><strong> MIRRA<br />
ELS MITES I LES FORMES DE VERGE I BALANÇA.</strong></p>
<p>Històries mítiques en el llibre de les estrelles que poden resumir tot un caràcter. A més: el 17 d’octubre, està sota la influència de Balança? O de Verge? Saps qui era Hiparc de Nicea? Saps el que és la precessió dels equinoccis?.<br />
<em>Dia: Diumenge 17<br />
Hora: 19:00hrs<br />
Lloc: </em><a href="http://www.facebook.com/bemba.barcelona" target="_blank">BAR BEMBA</a><a href="http://www.centreshg.net/taxonera" target="_blank"><br />
</a><a href="http://w20.bcn.cat/Guiamap/Default.aspx#x=30109.788&amp;y=80868.613&amp;z=5&amp;c=K014K015K001K002K003K011K013K006&amp;w=1057&amp;h=442&amp;p=30109.788,80868.613" target="_blank">¿Cómo llegar?</a></p>
<p><span style="color: #ffffff;">.</span></p>
<p><strong>88∞ (88INFINITS)<br />
FORMES I MITES DE LES CONSTEL·LACIONS DEL CEL.</strong></p>
<p><strong> </strong></p>
<p>Dels dibuixos que podem imaginar en el cel nocturn n&#8217;hem determinat 88 que són les constel·lacions acceptades per l’astronomia moderna. Moltes fan referència a històries mitològiques: Orió, Perseu i Andròmeda, Hèrcules i el lleó de Nemea… Històries de superherois del passat que han inspirat els del present. Un espectacle per començar a entendre les formes al cel i algunes històries que s’hi amaguen.</p>
<p>Durada: 45 minuts (versió públic familiar)<br />
1:30h (versió públic adult)<br />
<em>Dia: Diumenge 17<br />
Hora: 17:00hrs<br />
Lloc: </em><a href="http://obrasocial.lacaixa.es/nuestroscentros/caixaforumbarcelona/elcentro_es.html" target="_blank">CAIXA FORUM (CALLE MODERNISTA)</a><a href="http://www.centreshg.net/taxonera" target="_blank"><br />
</a><a href="http://w20.bcn.cat/Guiamap/Default.aspx#x=28974.653&amp;y=80528.805&amp;z=5&amp;c=K014K015K001K002K003K011K013K006&amp;w=1057&amp;h=442&amp;p=28974.653,80528.805" target="_blank">¿Cómo llegar?</a></p>
<p><span style="color: #ffffff;">.</span></p>
<p><a href="/2010/wp-content/uploads/2010/09/Arnau-Vilardebò...jpg"><img decoding="async" loading="lazy" class="alignnone size-medium wp-image-282" title="Arnau Vilardebò.." src="/2010/wp-content/uploads/2010/09/Arnau-Vilardebò..-300x240.jpg" alt="" width="300" height="240" srcset="https://muntdemots.org/2010/wp-content/uploads/2010/09/Arnau-Vilardebò..-300x240.jpg 300w, https://muntdemots.org/2010/wp-content/uploads/2010/09/Arnau-Vilardebò...jpg 600w" sizes="(max-width: 300px) 100vw, 300px" /></a></p>

<p>http://arnauvilardebo.wordpress.com Artista escènic. Des del 1972, en què debutà professionalment al teatre, ha treballat amb directors com Joan Maria Gual, Albert Boadella, Ricard Salvat, Joan Ollé&#8230; Des de l’any 1997 s’ha concentrat en crear els seus propis espectacles basats en la mitologia grega, representats en diversos idiomes i països: França, Regne Unit, Alemanya, Colòmbia, Perú, [&hellip;]</p>
