{"id":274,"date":"2010-09-06T16:15:38","date_gmt":"2010-09-06T16:15:38","guid":{"rendered":"http:\/\/www.muntdemots.org\/"},"modified":"2010-09-24T15:31:56","modified_gmt":"2010-09-24T15:31:56","slug":"ana-cristina-herreros","status":"publish","type":"page","link":"http:\/\/muntdemots.org\/2010\/ana-cristina-herreros\/","title":{"rendered":"Ana Cristina Herreros"},"content":{"rendered":"<p><a href=\"http:\/\/www.myspace.com\/anacristinaherreros\">http:\/\/www.myspace.com\/anacristinaherreros<\/a><\/p>\n<p>Va n\u00e9ixer a Lle\u00f3, 1965, \u00e9s fil\u00f2loga i especialista en literatura tradicional. Autora d\u2019una antologia de roman\u00e7os i de diversos articles sobre animaci\u00f3 a la lectura i t\u00e8cniques narratives. Compagina el seu treball com a editora amb el seu ofici de narradora (amb el nom d\u2019Ana Griott) a biblioteques, teatres, caf\u00e8s, presons, escoles o parcs p\u00fablics des del 1992.<\/p>\n<p><span style=\"color: #ffffff;\">.<\/span><\/p>\n<p><strong>NARRADORAS DE LA NOCHE<\/strong><\/p>\n<p>Per tot arreu, les dones conten. I \u00e9s que elles conten molt. Conten per la nit, assegudes a la fresca a la porta de casa seva a l\u2019estiu, o a la calor de la cuina a l\u2019hivern, que el dia \u00e9s el moment del treball i no de contes. En definitiva, conten on els hi d\u00f3na la gana, que elles no necessiten ni teatres ni res per explicar, nom\u00e9s necessiten unes orelles quietes, \u00e0vides d\u2019hist\u00f2ries. Les teves, potser?.<br \/>\n<em>Dia: Dijous 21<br \/>\nHora: 20:30hrs<br \/>\nLloc: <\/em><a href=\"http:\/\/w3.bcn.es\/XMLServeis\/XMLHomeLinkPl\/0,4022,339754497,00.html\" target=\"_blank\">C. C. VIL.LA FLORIDA<\/a><a href=\"http:\/\/www.centreshg.net\/taxonera\" target=\"_blank\"><br \/>\n<\/a><a href=\"http:\/\/w20.bcn.cat\/Guiamap\/Default.aspx#x=27817.752&amp;y=84319.658&amp;z=5&amp;c=K014K015K001K002K003K011K013K006&amp;w=1057&amp;h=442&amp;p=27817.752,84319.658\" target=\"_blank\">\u00bfC\u00f3mo llegar?<\/a><\/p>\n<p><span style=\"color: #ffffff;\">.<\/span><\/p>\n<p><strong>CONFERENCIA: LA  ORALIDAD TRADICIONAL<\/strong><\/p>\n<p><strong> <\/strong><\/p>\n<p>S\u00f3n hist\u00f2ries transmeses des de temps que no podem recordar, perqu\u00e8 expliquen alguna cosa fonamental sense la qual no podr\u00edem viure: que en qualsevol assumpte preval la just\u00edcia. Si la traiem dels contes, com l\u2019exigirem en la vida? D\u2019aquesta necessitat de restituir al terme <em>tradicional<\/em> el seu significat fonamental i \ufeffdesposseir-lo d\u2019aquell vern\u00eds nyeu-nyeu amb el qual se l\u2019ha revestit \u00faltimament \u00e9s d\u2019on sorgeix aquesta xerrada.<br \/>\n<em>Dia: Dimecres 20<br \/>\nHora: 19:00hrs<br \/>\nLloc: <\/em><a href=\"http:\/\/w3.bcn.es\/XMLServeis\/XMLHomeLinkPl\/0,4022,650920084_709536676_1,00.html\" target=\"_blank\">BIBLIOTECA VILA DE GR\u00c0CIA<\/a><a href=\"http:\/\/www.centreshg.net\/taxonera\" target=\"_blank\"><br \/>\n<\/a><a href=\"http:\/\/w20.bcn.cat\/Guiamap\/Default.aspx#x=29729.58&amp;y=83871.468&amp;z=5&amp;c=K014K015K001K002K003K011K013K006&amp;w=1057&amp;h=442&amp;p=29729.58,83871.468\" target=\"_blank\">\u00bfC\u00f3mo llegar?<\/a><\/p>\n<p><span style=\"color: #ffffff;\">.<\/span><\/p>\n<p><span style=\"color: #ffffff;\"> <\/span><strong>PRESENTACI\u00d3N DEL LIBRO<br \/>\n<em>La asombrosa y verdadera historia de<\/em><br \/>\n<em>un rat\u00f3n llamado p\u00e9rez<\/em><\/strong><br \/>\nEditorial Siruela<br \/>\nde Ana Cristina Herreros<br \/>\ncon ilustraciones de Violeta L\u00f3piz<br \/>\nColecci\u00f3n Las Tres Edades, Cuentos Ilustrados n\u00ba 5<br \/>\n48 p\u00e1gs.<\/p>\n<p>\u00bfQu\u00e9 hace Rat\u00f3n P\u00e9rez con los dientes que recoge por la noche?<br \/>\n\u00bfSabes d\u00f3nde vive? \u00bfPor qu\u00e9 se apellida as\u00ed y no L\u00f3pez o Mart\u00ednez? \u00bfSab\u00edas que en otros pa\u00edses quien se ocupa de este trabajo es una hormiga o un hada? A todas estas preguntas hallar\u00e1s respuesta en este libro.<br \/>\n<em>Dia: Dimarts 19<br \/>\nHora: 19:00hrs<br \/>\nLloc: <\/em><a href=\"http:\/\/www.santosochoa.es\/\" target=\"_blank\">LIBRER\u00cdA SANTOS OCHOA<\/a><a href=\"http:\/\/www.centreshg.net\/taxonera\" target=\"_blank\"><br \/>\n<\/a><a href=\"http:\/\/w20.bcn.cat\/Guiamap\/Default.aspx#x=31455.899&amp;y=87037.379&amp;z=5&amp;c=K014K015K001K002K003K011K013K006&amp;w=1057&amp;h=442&amp;p=31455.899,87037.379\" target=\"_blank\">\u00bfC\u00f3mo llegar?<\/a><\/p>\n<p><span style=\"color: #ffffff;\">.<\/span><\/p>\n<p><strong> <\/strong><\/p>\n<p><strong>Ana Cristina Herreros<\/strong> (Le\u00f3n, 1965), fil\u00f3loga y especialista en literatura tradicional, compagina su trabajo como editora con su oficio de narradora (con el nombre de Ana Griott) desde 1992. En Siruela ha publicado tambi\u00e9n <em>Cuentos populares del Mediterr\u00e1neo<\/em> y<em> Libro de Monstruos espa\u00f1oles<\/em>, obra premiada por el Ministerio de Cultura como el libro mejor editado en la categor\u00eda de Libros Infantiles y Juveniles de 2008.<\/p>\n<p><span style=\"color: #ffffff;\">.<\/span><\/p>\n<p><strong> <\/strong><\/p>\n<p><strong>Violeta L\u00f3piz<\/strong> (Ibiza, 1980) estudi\u00f3 Magisterio musical y despu\u00e9s ilustraci\u00f3n. Trabaja con diferentes editoriales as\u00ed como con diarios portugueses y espa\u00f1oles.<\/p>\n<p><span style=\"color: #ffffff;\">.<\/span><\/p>\n<p><a href=\"\/2010\/wp-content\/uploads\/2010\/09\/Ana-Cristina-Herreros.jpg\"><img decoding=\"async\" loading=\"lazy\" class=\"alignnone size-full wp-image-275\" title=\"Ana Cristina Herreros\" src=\"\/2010\/wp-content\/uploads\/2010\/09\/Ana-Cristina-Herreros.jpg\" alt=\"\" width=\"150\" height=\"176\" \/><\/a><\/p>\n","protected":false},"excerpt":{"rendered":"<p>http:\/\/www.myspace.com\/anacristinaherreros Va n\u00e9ixer a Lle\u00f3, 1965, \u00e9s fil\u00f2loga i especialista en literatura tradicional. Autora d\u2019una antologia de roman\u00e7os i de diversos articles sobre animaci\u00f3 a la lectura i t\u00e8cniques narratives. Compagina el seu treball com a editora amb el seu ofici de narradora (amb el nom d\u2019Ana Griott) a biblioteques, teatres, caf\u00e8s, presons, escoles o [&hellip;]<\/p>\n","protected":false},"author":1,"featured_media":0,"parent":0,"menu_order":0,"comment_status":"open","ping_status":"open","template":"","meta":[],"_links":{"self":[{"href":"http:\/\/muntdemots.org\/2010\/wp-json\/wp\/v2\/pages\/274"}],"collection":[{"href":"http:\/\/muntdemots.org\/2010\/wp-json\/wp\/v2\/pages"}],"about":[{"href":"http:\/\/muntdemots.org\/2010\/wp-json\/wp\/v2\/types\/page"}],"author":[{"embeddable":true,"href":"http:\/\/muntdemots.org\/2010\/wp-json\/wp\/v2\/users\/1"}],"replies":[{"embeddable":true,"href":"http:\/\/muntdemots.org\/2010\/wp-json\/wp\/v2\/comments?post=274"}],"version-history":[{"count":8,"href":"http:\/\/muntdemots.org\/2010\/wp-json\/wp\/v2\/pages\/274\/revisions"}],"predecessor-version":[{"id":680,"href":"http:\/\/muntdemots.org\/2010\/wp-json\/wp\/v2\/pages\/274\/revisions\/680"}],"wp:attachment":[{"href":"http:\/\/muntdemots.org\/2010\/wp-json\/wp\/v2\/media?parent=274"}],"curies":[{"name":"wp","href":"https:\/\/api.w.org\/{rel}","templated":true}]}}

<p><a href="http://www.myspace.com/anacristinaherreros">http://www.myspace.com/anacristinaherreros</a></p>
<p>Va néixer a Lleó, 1965, és filòloga i especialista en literatura tradicional. Autora d’una antologia de romanços i de diversos articles sobre animació a la lectura i tècniques narratives. Compagina el seu treball com a editora amb el seu ofici de narradora (amb el nom d’Ana Griott) a biblioteques, teatres, cafès, presons, escoles o parcs públics des del 1992.</p>
<p><span style="color: #ffffff;">.</span></p>
<p><strong>NARRADORAS DE LA NOCHE</strong></p>
<p>Per tot arreu, les dones conten. I és que elles conten molt. Conten per la nit, assegudes a la fresca a la porta de casa seva a l’estiu, o a la calor de la cuina a l’hivern, que el dia és el moment del treball i no de contes. En definitiva, conten on els hi dóna la gana, que elles no necessiten ni teatres ni res per explicar, només necessiten unes orelles quietes, àvides d’històries. Les teves, potser?.<br />
<em>Dia: Dijous 21<br />
Hora: 20:30hrs<br />
Lloc: </em><a href="http://w3.bcn.es/XMLServeis/XMLHomeLinkPl/0,4022,339754497,00.html" target="_blank">C. C. VIL.LA FLORIDA</a><a href="http://www.centreshg.net/taxonera" target="_blank"><br />
</a><a href="http://w20.bcn.cat/Guiamap/Default.aspx#x=27817.752&amp;y=84319.658&amp;z=5&amp;c=K014K015K001K002K003K011K013K006&amp;w=1057&amp;h=442&amp;p=27817.752,84319.658" target="_blank">¿Cómo llegar?</a></p>
<p><span style="color: #ffffff;">.</span></p>
<p><strong>CONFERENCIA: LA  ORALIDAD TRADICIONAL</strong></p>
<p><strong> </strong></p>
<p>Són històries transmeses des de temps que no podem recordar, perquè expliquen alguna cosa fonamental sense la qual no podríem viure: que en qualsevol assumpte preval la justícia. Si la traiem dels contes, com l’exigirem en la vida? D’aquesta necessitat de restituir al terme <em>tradicional</em> el seu significat fonamental i ﻿desposseir-lo d’aquell vernís nyeu-nyeu amb el qual se l’ha revestit últimament és d’on sorgeix aquesta xerrada.<br />
<em>Dia: Dimecres 20<br />
Hora: 19:00hrs<br />
Lloc: </em><a href="http://w3.bcn.es/XMLServeis/XMLHomeLinkPl/0,4022,650920084_709536676_1,00.html" target="_blank">BIBLIOTECA VILA DE GRÀCIA</a><a href="http://www.centreshg.net/taxonera" target="_blank"><br />
</a><a href="http://w20.bcn.cat/Guiamap/Default.aspx#x=29729.58&amp;y=83871.468&amp;z=5&amp;c=K014K015K001K002K003K011K013K006&amp;w=1057&amp;h=442&amp;p=29729.58,83871.468" target="_blank">¿Cómo llegar?</a></p>
<p><span style="color: #ffffff;">.</span></p>
<p><span style="color: #ffffff;"> </span><strong>PRESENTACIÓN DEL LIBRO<br />
<em>La asombrosa y verdadera historia de</em><br />
<em>un ratón llamado pérez</em></strong><br />
Editorial Siruela<br />
de Ana Cristina Herreros<br />
con ilustraciones de Violeta Lópiz<br />
Colección Las Tres Edades, Cuentos Ilustrados nº 5<br />
48 págs.</p>
<p>¿Qué hace Ratón Pérez con los dientes que recoge por la noche?<br />
¿Sabes dónde vive? ¿Por qué se apellida así y no López o Martínez? ¿Sabías que en otros países quien se ocupa de este trabajo es una hormiga o un hada? A todas estas preguntas hallarás respuesta en este libro.<br />
<em>Dia: Dimarts 19<br />
Hora: 19:00hrs<br />
Lloc: </em><a href="http://www.santosochoa.es/" target="_blank">LIBRERÍA SANTOS OCHOA</a><a href="http://www.centreshg.net/taxonera" target="_blank"><br />
</a><a href="http://w20.bcn.cat/Guiamap/Default.aspx#x=31455.899&amp;y=87037.379&amp;z=5&amp;c=K014K015K001K002K003K011K013K006&amp;w=1057&amp;h=442&amp;p=31455.899,87037.379" target="_blank">¿Cómo llegar?</a></p>
<p><span style="color: #ffffff;">.</span></p>
<p><strong> </strong></p>
<p><strong>Ana Cristina Herreros</strong> (León, 1965), filóloga y especialista en literatura tradicional, compagina su trabajo como editora con su oficio de narradora (con el nombre de Ana Griott) desde 1992. En Siruela ha publicado también <em>Cuentos populares del Mediterráneo</em> y<em> Libro de Monstruos españoles</em>, obra premiada por el Ministerio de Cultura como el libro mejor editado en la categoría de Libros Infantiles y Juveniles de 2008.</p>
<p><span style="color: #ffffff;">.</span></p>
<p><strong> </strong></p>
<p><strong>Violeta Lópiz</strong> (Ibiza, 1980) estudió Magisterio musical y después ilustración. Trabaja con diferentes editoriales así como con diarios portugueses y españoles.</p>
<p><span style="color: #ffffff;">.</span></p>
<p><a href="/2010/wp-content/uploads/2010/09/Ana-Cristina-Herreros.jpg"><img decoding="async" loading="lazy" class="alignnone size-full wp-image-275" title="Ana Cristina Herreros" src="/2010/wp-content/uploads/2010/09/Ana-Cristina-Herreros.jpg" alt="" width="150" height="176" /></a></p>

<p>http://www.myspace.com/anacristinaherreros Va néixer a Lleó, 1965, és filòloga i especialista en literatura tradicional. Autora d’una antologia de romanços i de diversos articles sobre animació a la lectura i tècniques narratives. Compagina el seu treball com a editora amb el seu ofici de narradora (amb el nom d’Ana Griott) a biblioteques, teatres, cafès, presons, escoles o [&hellip;]</p>
