{"id":271,"date":"2010-09-06T16:14:26","date_gmt":"2010-09-06T16:14:26","guid":{"rendered":"http:\/\/www.muntdemots.org\/"},"modified":"2010-09-25T19:02:19","modified_gmt":"2010-09-25T19:02:19","slug":"alfredo-becker","status":"publish","type":"page","link":"http:\/\/muntdemots.org\/2010\/alfredo-becker\/","title":{"rendered":"Alfredo Becker"},"content":{"rendered":"<p><a href=\"http:\/\/www.zaguan.cl\/\">http:\/\/www.zaguan.cl<\/a><\/p>\n<p>Conta contes, cantautor i actor xil\u00e8 amb m\u00e9s de quinze anys d\u2019ofici (i 20 de claus i martells). Director del festival <em>Cuenteando<\/em> de Santiago de Xile. El seu art i la seva m\u00fasica s\u2019han passejat per quasi un centenar d\u2019esdeveniments a Espanya i Sud-am\u00e8rica, encantant a nens i adults amb les seves hist\u00f2ries en forma de can\u00e7ons, contes, programes de TV, obres de teatre, titelles i alguna que altra coseta m\u00e9s.<\/p>\n<p><span style=\"color: #ffffff;\">.<\/span><\/p>\n<p><strong>&#8220;CUENTOS DE AQU\u00cd&#8230; \u00bfO DE ALL\u00c1?&#8221;<\/strong><\/p>\n<p>El juglar chileno Alfredo Becker nos habla sobre aventureros, vagabundos, bohemios, caminantes y patiperros&#8230; igual que \u00e9l.iajeros que parten en busca de sue\u00f1os (que muchas veces no encuentran) y, a veces, vuelven en busca de su vieja realidad ( que tampoco encuentran).<br \/>\nCaminantes que crecen en el camino y nos hacen crecer con sus historias.<br \/>\n<a href=\"http:\/\/lamardecuentosnostromo.blogspot.com\" target=\"_blank\"><\/a><em>Dia: Diumenge 17<br \/>\nHora: 20:30hrs<br \/>\nLloc: <\/em><a href=\"http:\/\/lamardecuentosnostromo.blogspot.com\/\" target=\"_blank\">NOSTROMO BAR<\/a><a href=\"http:\/\/www.centreshg.net\/taxonera\" target=\"_blank\"><br \/>\n<\/a><a href=\"http:\/\/w20.bcn.cat\/Guiamap\/Default.aspx#x=31149.596&amp;y=82067.129&amp;z=5&amp;c=K014K015K001K002K003K011K013K006&amp;w=1057&amp;h=442&amp;p=31149.596,82067.129\" target=\"_blank\">\u00bfC\u00f3mo llegar?<\/a><\/p>\n<p><span style=\"color: #ffffff;\">.<\/span><\/p>\n<p><strong>&#8230;Y SE LLAMABA MIGUEL<\/strong><\/p>\n<p>La  vida y obra del gran Miguel Hern\u00e1ndez contada por Alfredo Becker y una  vieja cabra, antigua amiga de Miguel desde su \u00e9poca juvenil en\u00a0\u00a0que el  poeta era pastor. El Cuento y\u00a0\u00a0el canto nos demuestran que la poes\u00eda es  un juego de ni\u00f1os.<br \/>\n<em>Dia: Dilluns 18<br \/>\nHora: 18:00hrs<br \/>\nLloc: <\/em><a href=\"http:\/\/www.bcn.cat\/bibbonpastor\" target=\"_blank\">BIBLIOTECA BON PASTOR<\/a><a href=\"http:\/\/www.centreshg.net\/taxonera\" target=\"_blank\"><br \/>\n<\/a><a href=\"http:\/\/w20.bcn.cat\/Guiamap\/Default.aspx#x=33646.344&amp;y=87575.817&amp;z=5&amp;c=K014K015K001K002K003K011K013K006&amp;w=1057&amp;h=442&amp;p=33646.344,87575.817\" target=\"_blank\">\u00bfC\u00f3mo llegar?<\/a><\/p>\n<p><span style=\"color: #ffffff;\">.<\/span><\/p>\n<p><em>Dia: Dimarts 19<br \/>\nHora: 17:30hrs<br \/>\nLloc: <\/em><a href=\"http:\/\/www.bcn.cat\/bibcanroses\" target=\"_blank\">BIBLIOTECA CAN ROS\u00c9S<\/a><a href=\"http:\/\/www.centreshg.net\/taxonera\" target=\"_blank\"><br \/>\n<\/a><a href=\"http:\/\/w20.bcn.cat\/Guiamap\/Default.aspx#x=27758.99&amp;y=82422.686&amp;z=5&amp;c=K014K015K001K002K003K011K013K006&amp;w=1057&amp;h=442&amp;p=27758.99,82422.686\" target=\"_blank\">\u00bfC\u00f3mo llegar?<\/a><\/p>\n<p><span style=\"color: #ffffff;\">.<\/span><\/p>\n<p><span style=\"color: #ffffff;\">.<\/span><\/p>\n<p><a href=\"\/2010\/wp-content\/uploads\/2010\/09\/Alfredo-Becker-3.jpg\"><img decoding=\"async\" loading=\"lazy\" class=\"alignnone size-medium wp-image-272\" title=\"Alfredo Becker 3\" src=\"\/2010\/wp-content\/uploads\/2010\/09\/Alfredo-Becker-3-268x300.jpg\" alt=\"\" width=\"268\" height=\"300\" srcset=\"https:\/\/muntdemots.org\/2010\/wp-content\/uploads\/2010\/09\/Alfredo-Becker-3-268x300.jpg 268w, https:\/\/muntdemots.org\/2010\/wp-content\/uploads\/2010\/09\/Alfredo-Becker-3.jpg 283w\" sizes=\"(max-width: 268px) 100vw, 268px\" \/><\/a><\/p>\n<p><strong> <\/strong><\/p>\n","protected":false},"excerpt":{"rendered":"<p>http:\/\/www.zaguan.cl Conta contes, cantautor i actor xil\u00e8 amb m\u00e9s de quinze anys d\u2019ofici (i 20 de claus i martells). Director del festival Cuenteando de Santiago de Xile. El seu art i la seva m\u00fasica s\u2019han passejat per quasi un centenar d\u2019esdeveniments a Espanya i Sud-am\u00e8rica, encantant a nens i adults amb les seves hist\u00f2ries en [&hellip;]<\/p>\n","protected":false},"author":1,"featured_media":0,"parent":0,"menu_order":0,"comment_status":"open","ping_status":"open","template":"","meta":[],"_links":{"self":[{"href":"http:\/\/muntdemots.org\/2010\/wp-json\/wp\/v2\/pages\/271"}],"collection":[{"href":"http:\/\/muntdemots.org\/2010\/wp-json\/wp\/v2\/pages"}],"about":[{"href":"http:\/\/muntdemots.org\/2010\/wp-json\/wp\/v2\/types\/page"}],"author":[{"embeddable":true,"href":"http:\/\/muntdemots.org\/2010\/wp-json\/wp\/v2\/users\/1"}],"replies":[{"embeddable":true,"href":"http:\/\/muntdemots.org\/2010\/wp-json\/wp\/v2\/comments?post=271"}],"version-history":[{"count":16,"href":"http:\/\/muntdemots.org\/2010\/wp-json\/wp\/v2\/pages\/271\/revisions"}],"predecessor-version":[{"id":1575,"href":"http:\/\/muntdemots.org\/2010\/wp-json\/wp\/v2\/pages\/271\/revisions\/1575"}],"wp:attachment":[{"href":"http:\/\/muntdemots.org\/2010\/wp-json\/wp\/v2\/media?parent=271"}],"curies":[{"name":"wp","href":"https:\/\/api.w.org\/{rel}","templated":true}]}}

<p><a href="http://www.zaguan.cl/">http://www.zaguan.cl</a></p>
<p>Conta contes, cantautor i actor xilè amb més de quinze anys d’ofici (i 20 de claus i martells). Director del festival <em>Cuenteando</em> de Santiago de Xile. El seu art i la seva música s’han passejat per quasi un centenar d’esdeveniments a Espanya i Sud-amèrica, encantant a nens i adults amb les seves històries en forma de cançons, contes, programes de TV, obres de teatre, titelles i alguna que altra coseta més.</p>
<p><span style="color: #ffffff;">.</span></p>
<p><strong>&#8220;CUENTOS DE AQUÍ&#8230; ¿O DE ALLÁ?&#8221;</strong></p>
<p>El juglar chileno Alfredo Becker nos habla sobre aventureros, vagabundos, bohemios, caminantes y patiperros&#8230; igual que él.iajeros que parten en busca de sueños (que muchas veces no encuentran) y, a veces, vuelven en busca de su vieja realidad ( que tampoco encuentran).<br />
Caminantes que crecen en el camino y nos hacen crecer con sus historias.<br />
<a href="http://lamardecuentosnostromo.blogspot.com" target="_blank"></a><em>Dia: Diumenge 17<br />
Hora: 20:30hrs<br />
Lloc: </em><a href="http://lamardecuentosnostromo.blogspot.com/" target="_blank">NOSTROMO BAR</a><a href="http://www.centreshg.net/taxonera" target="_blank"><br />
</a><a href="http://w20.bcn.cat/Guiamap/Default.aspx#x=31149.596&amp;y=82067.129&amp;z=5&amp;c=K014K015K001K002K003K011K013K006&amp;w=1057&amp;h=442&amp;p=31149.596,82067.129" target="_blank">¿Cómo llegar?</a></p>
<p><span style="color: #ffffff;">.</span></p>
<p><strong>&#8230;Y SE LLAMABA MIGUEL</strong></p>
<p>La  vida y obra del gran Miguel Hernández contada por Alfredo Becker y una  vieja cabra, antigua amiga de Miguel desde su época juvenil en  que el  poeta era pastor. El Cuento y  el canto nos demuestran que la poesía es  un juego de niños.<br />
<em>Dia: Dilluns 18<br />
Hora: 18:00hrs<br />
Lloc: </em><a href="http://www.bcn.cat/bibbonpastor" target="_blank">BIBLIOTECA BON PASTOR</a><a href="http://www.centreshg.net/taxonera" target="_blank"><br />
</a><a href="http://w20.bcn.cat/Guiamap/Default.aspx#x=33646.344&amp;y=87575.817&amp;z=5&amp;c=K014K015K001K002K003K011K013K006&amp;w=1057&amp;h=442&amp;p=33646.344,87575.817" target="_blank">¿Cómo llegar?</a></p>
<p><span style="color: #ffffff;">.</span></p>
<p><em>Dia: Dimarts 19<br />
Hora: 17:30hrs<br />
Lloc: </em><a href="http://www.bcn.cat/bibcanroses" target="_blank">BIBLIOTECA CAN ROSÉS</a><a href="http://www.centreshg.net/taxonera" target="_blank"><br />
</a><a href="http://w20.bcn.cat/Guiamap/Default.aspx#x=27758.99&amp;y=82422.686&amp;z=5&amp;c=K014K015K001K002K003K011K013K006&amp;w=1057&amp;h=442&amp;p=27758.99,82422.686" target="_blank">¿Cómo llegar?</a></p>
<p><span style="color: #ffffff;">.</span></p>
<p><span style="color: #ffffff;">.</span></p>
<p><a href="/2010/wp-content/uploads/2010/09/Alfredo-Becker-3.jpg"><img decoding="async" loading="lazy" class="alignnone size-medium wp-image-272" title="Alfredo Becker 3" src="/2010/wp-content/uploads/2010/09/Alfredo-Becker-3-268x300.jpg" alt="" width="268" height="300" srcset="https://muntdemots.org/2010/wp-content/uploads/2010/09/Alfredo-Becker-3-268x300.jpg 268w, https://muntdemots.org/2010/wp-content/uploads/2010/09/Alfredo-Becker-3.jpg 283w" sizes="(max-width: 268px) 100vw, 268px" /></a></p>
<p><strong> </strong></p>

<p>http://www.zaguan.cl Conta contes, cantautor i actor xilè amb més de quinze anys d’ofici (i 20 de claus i martells). Director del festival Cuenteando de Santiago de Xile. El seu art i la seva música s’han passejat per quasi un centenar d’esdeveniments a Espanya i Sud-amèrica, encantant a nens i adults amb les seves històries en [&hellip;]</p>
