{"id":267,"date":"2010-09-06T16:13:20","date_gmt":"2010-09-06T16:13:20","guid":{"rendered":"http:\/\/www.muntdemots.org\/"},"modified":"2010-09-24T15:16:55","modified_gmt":"2010-09-24T15:16:55","slug":"alekos-alexis-forrero","status":"publish","type":"page","link":"http:\/\/muntdemots.org\/2010\/alekos-alexis-forrero\/","title":{"rendered":"Alekos (Alexis Forrero)"},"content":{"rendered":"<p><a href=\"http:\/\/www.cuentacuentos.eu\/narradores\/coordinadores\/Alekos.htm\">http:\/\/www.cuentacuentos.eu\/narradores\/coordinadores\/Alekos.htm<\/a><\/p>\n<p>Conta contes colombi\u00e0, \u00e9s Coordinador de la <em>Red Internacional<\/em><em> de Cuentacuentos<\/em> i fa recitals als quals s\u2019integren Paraula, m\u00fasica i imatge. Treballa amb el Teatre dels Sentits. Artista pl\u00e0stic, ha exposat individualment i col\u00b7lectiva a Am\u00e8rica i Europa. \u00c9s il\u00b7lustrador de nombroses publicacions i autor de cinc llibres. Integrant d\u2019un duet de can\u00e7ons de despit: <em>Malmarido i 4copas.<\/em><\/p>\n<p style=\"text-align: justify;\"><em><span style=\"color: #ffffff;\">.<\/span><br \/>\n<\/em><\/p>\n<p><em><strong>JOROBAILO<\/strong><\/em><\/p>\n<p><em><strong> <\/strong><\/em><\/p>\n<p>Profunda hist\u00f2ria d\u2019amor que acaba tan b\u00e9 que no es mengen les perdius. Un mite contat amb estris sonors i can\u00e7ons gracioses.<br \/>\n<em>Dia: Dissabte 16<br \/>\nHora: 12:00hs<br \/>\nLloc: <\/em><a href=\"http:\/\/www.santosochoa.es\/\" target=\"_blank\">LIBRER\u00cdA SANTOS OCHOA<\/a><a href=\"http:\/\/www.centreshg.net\/taxonera\" target=\"_blank\"><br \/>\n<\/a><a href=\"http:\/\/w20.bcn.cat\/Guiamap\/Default.aspx#x=31455.899&amp;y=87037.379&amp;z=5&amp;c=K014K015K001K002K003K011K013K006&amp;w=1057&amp;h=442&amp;p=31455.899,87037.379\" target=\"_blank\">\u00bfC\u00f3mo llegar?<\/a><\/p>\n<p><span style=\"color: #ffffff;\">.<\/span><\/p>\n<p><strong>HISTORIAS SIN FRONTERAS<\/strong><br \/>\n<strong>COLOMBIA Y VENEZUELA.<br \/>\nIsabela M\u00e9ndez y Alekos <\/strong><strong> <\/strong><\/p>\n<p>Sabies que la l\u00ednia que tra\u00e7a la frontera entre els nostres pa\u00efsos no \u00e9s m\u00e9s que un fil llarg i resistent?<br \/>\nAmb tant de fil hem teixit un \u201c<em>bon grapat<\/em> <em>d\u2019hist\u00f2ries\u201d<\/em> i cants. T\u2019esperem per poder-les brodar.<br \/>\n<em>Dia: Dissabte 16<br \/>\nHora: 20:30hs<br \/>\nLloc:<\/em><a href=\"http:\/\/www.harlemjazzclub.es\/\" target=\"_blank\"> HARLEM JAZZ CLUB<\/a><em><a href=\"http:\/\/www.centreshg.net\/taxonera\" target=\"_blank\"><br \/>\n<\/a><\/em><a href=\"http:\/\/w20.bcn.cat\/Guiamap\/Default.aspx#x=31396.225&amp;y=81598.878&amp;z=5&amp;c=K014K015K001K002K003K011K013K006&amp;w=1057&amp;h=442&amp;p=31396.225,81598.878\" target=\"_blank\"><\/a><a href=\"http:\/\/w20.bcn.cat\/Guiamap\/Default.aspx#x=31396.225&amp;y=81598.878&amp;z=5&amp;c=K014K015K001K002K003K011K013K006&amp;w=1057&amp;h=442&amp;p=31396.225,81598.878\" target=\"_blank\">\u00bfC\u00f3mo llegar?<\/a><\/p>\n<p><span style=\"color: #ffffff;\">.<\/span><\/p>\n<p><strong>INUTENSILIOS\u00a0 EXPOSICI\u00d3N DE MICRO-ESCULTURAS<\/strong><\/p>\n<p>El vell objecte, el rebutjat, en la seva aparent inutilitat, guarda una saviesa. Qui \u00e9s perspica\u00e7 la troba, la recupera i la gaudeix; en un proc\u00e9s de purificaci\u00f3 neix l\u2019<em>inutensilio<\/em>. Es tracta de deu microescultures creades amb material de reciclatge, que en el seu conjunt fan un poblet: <em>Quien-sabe-d\u00f3nde;<\/em> all\u00ed n\u2019hi ha personatges, un \u00e0mbit geogr\u00e0fic i un relat que expliquen ells mateixos.<\/p>\n<p>Visites guiades amb inscripci\u00f3 pr\u00e8via, per a majors de 10 anys. En  jornades que triguen, aproximadament, tres hores, entren cinc persones  cada quinze minuts.<br \/>\n<em>Dia: Dijous 21, Divendres 22 i Dissabte 23.<br \/>\nHora: <\/em>18:00hrs \u2013 21:00hrs \/ (17:00hrs \u2013 19:00hrs) (22:00hrs \u2013 23:00hrs) (23:30hrs \u2013 00:30hrs) \/ (15:00hrs \u2013 16:30hrs) (18:00hrs \u2013 21:00hrs)<br \/>\n<em> Lloc: <\/em><a href=\"http:\/\/www.teatrodelossentidos.com\/\" target=\"_blank\">EL POLVOR\u00cdN DE MONTJU\u00cfC<\/a><a href=\"http:\/\/www.centreshg.net\/taxonera\" target=\"_blank\"><br \/>\n<\/a><a href=\"http:\/\/www.teatrodelossentidos.com\/eo\/noticiadetall.php?idn=23\" target=\"_blank\">\u00bfC\u00f3mo llegar?<\/a><\/p>\n<p><span style=\"color: #ffffff;\">.<\/span><\/p>\n<p><a href=\"\/2010\/wp-content\/uploads\/2010\/09\/INUTENSILIOS-1.jpg\"><img decoding=\"async\" loading=\"lazy\" class=\"alignnone size-medium wp-image-269\" title=\"INUTENSILIOS 1\" src=\"\/2010\/wp-content\/uploads\/2010\/09\/INUTENSILIOS-1-300x200.jpg\" alt=\"\" width=\"300\" height=\"200\" srcset=\"https:\/\/muntdemots.org\/2010\/wp-content\/uploads\/2010\/09\/INUTENSILIOS-1-300x200.jpg 300w, https:\/\/muntdemots.org\/2010\/wp-content\/uploads\/2010\/09\/INUTENSILIOS-1.jpg 646w\" sizes=\"(max-width: 300px) 100vw, 300px\" \/><\/a><\/p>\n<p><span style=\"color: #ffffff;\">.<\/span><\/p>\n<p><strong>EXPOSICI\u00d3N LA PALABRA PINTADA<br \/>\n<\/strong><\/p>\n<p><strong> <\/strong><\/p>\n<p>El reconocido ilustrador colombiano Alexis Forrero, <em>Alekos<\/em>, expondr\u00e1 su obra\u00a0 <em>La Palabra Pintada<\/em> en los paredones y espacios abiertos del Pati Llimona.<br \/>\nSe  trata de 20 telones de 5 metros de altura por casi 2 metros de ancho,  presentada antes en Bogot\u00e1, Santiago de Cuba , Madrid. y ahora en  Barcelona.<br \/>\nLos telones contienen fragmentos de la obra de varios  de los\/as escritores\/as y poetas m\u00e1s reconocidos de Latinoam\u00e9rica,  ilustrados hermosamente por Alekos.<br \/>\n<em>Dia: Dissabte 16<br \/>\nHora: 19:00hs<br \/>\nLloc: <\/em><a href=\"http:\/\/www.bcn.cat\/centrecivicpatillimona\" target=\"_blank\">C. C. PATI LL\u00cdMONA<\/a><a href=\"http:\/\/www.centreshg.net\/taxonera\" target=\"_blank\"><br \/>\n<\/a><a href=\"http:\/\/w20.bcn.cat\/Guiamap\/Default.aspx#x=31446.088&amp;y=81641.358&amp;z=5&amp;c=K014K015K001K002K003K011K013K006&amp;w=1057&amp;h=442&amp;p=31446.088,81641.358\" target=\"_blank\">\u00bfC\u00f3mo llegar?<\/a><\/p>\n<p><span style=\"color: #ffffff;\">.<\/span><\/p>\n<p><a href=\"\/2010\/wp-content\/uploads\/2010\/09\/Alekos.jpg\"><img decoding=\"async\" loading=\"lazy\" class=\"alignnone size-medium wp-image-268\" title=\"Alekos\" src=\"\/2010\/wp-content\/uploads\/2010\/09\/Alekos-300x225.jpg\" alt=\"\" width=\"300\" height=\"225\" srcset=\"https:\/\/muntdemots.org\/2010\/wp-content\/uploads\/2010\/09\/Alekos-300x225.jpg 300w, https:\/\/muntdemots.org\/2010\/wp-content\/uploads\/2010\/09\/Alekos.jpg 800w\" sizes=\"(max-width: 300px) 100vw, 300px\" \/><\/a><\/p>\n","protected":false},"excerpt":{"rendered":"<p>http:\/\/www.cuentacuentos.eu\/narradores\/coordinadores\/Alekos.htm Conta contes colombi\u00e0, \u00e9s Coordinador de la Red Internacional de Cuentacuentos i fa recitals als quals s\u2019integren Paraula, m\u00fasica i imatge. Treballa amb el Teatre dels Sentits. Artista pl\u00e0stic, ha exposat individualment i col\u00b7lectiva a Am\u00e8rica i Europa. \u00c9s il\u00b7lustrador de nombroses publicacions i autor de cinc llibres. Integrant d\u2019un duet de can\u00e7ons de [&hellip;]<\/p>\n","protected":false},"author":1,"featured_media":0,"parent":0,"menu_order":0,"comment_status":"open","ping_status":"open","template":"","meta":[],"_links":{"self":[{"href":"http:\/\/muntdemots.org\/2010\/wp-json\/wp\/v2\/pages\/267"}],"collection":[{"href":"http:\/\/muntdemots.org\/2010\/wp-json\/wp\/v2\/pages"}],"about":[{"href":"http:\/\/muntdemots.org\/2010\/wp-json\/wp\/v2\/types\/page"}],"author":[{"embeddable":true,"href":"http:\/\/muntdemots.org\/2010\/wp-json\/wp\/v2\/users\/1"}],"replies":[{"embeddable":true,"href":"http:\/\/muntdemots.org\/2010\/wp-json\/wp\/v2\/comments?post=267"}],"version-history":[{"count":13,"href":"http:\/\/muntdemots.org\/2010\/wp-json\/wp\/v2\/pages\/267\/revisions"}],"predecessor-version":[{"id":1429,"href":"http:\/\/muntdemots.org\/2010\/wp-json\/wp\/v2\/pages\/267\/revisions\/1429"}],"wp:attachment":[{"href":"http:\/\/muntdemots.org\/2010\/wp-json\/wp\/v2\/media?parent=267"}],"curies":[{"name":"wp","href":"https:\/\/api.w.org\/{rel}","templated":true}]}}

<p><a href="http://www.cuentacuentos.eu/narradores/coordinadores/Alekos.htm">http://www.cuentacuentos.eu/narradores/coordinadores/Alekos.htm</a></p>
<p>Conta contes colombià, és Coordinador de la <em>Red Internacional</em><em> de Cuentacuentos</em> i fa recitals als quals s’integren Paraula, música i imatge. Treballa amb el Teatre dels Sentits. Artista plàstic, ha exposat individualment i col·lectiva a Amèrica i Europa. És il·lustrador de nombroses publicacions i autor de cinc llibres. Integrant d’un duet de cançons de despit: <em>Malmarido i 4copas.</em></p>
<p style="text-align: justify;"><em><span style="color: #ffffff;">.</span><br />
</em></p>
<p><em><strong>JOROBAILO</strong></em></p>
<p><em><strong> </strong></em></p>
<p>Profunda història d’amor que acaba tan bé que no es mengen les perdius. Un mite contat amb estris sonors i cançons gracioses.<br />
<em>Dia: Dissabte 16<br />
Hora: 12:00hs<br />
Lloc: </em><a href="http://www.santosochoa.es/" target="_blank">LIBRERÍA SANTOS OCHOA</a><a href="http://www.centreshg.net/taxonera" target="_blank"><br />
</a><a href="http://w20.bcn.cat/Guiamap/Default.aspx#x=31455.899&amp;y=87037.379&amp;z=5&amp;c=K014K015K001K002K003K011K013K006&amp;w=1057&amp;h=442&amp;p=31455.899,87037.379" target="_blank">¿Cómo llegar?</a></p>
<p><span style="color: #ffffff;">.</span></p>
<p><strong>HISTORIAS SIN FRONTERAS</strong><br />
<strong>COLOMBIA Y VENEZUELA.<br />
Isabela Méndez y Alekos </strong><strong> </strong></p>
<p>Sabies que la línia que traça la frontera entre els nostres països no és més que un fil llarg i resistent?<br />
Amb tant de fil hem teixit un “<em>bon grapat</em> <em>d’històries”</em> i cants. T’esperem per poder-les brodar.<br />
<em>Dia: Dissabte 16<br />
Hora: 20:30hs<br />
Lloc:</em><a href="http://www.harlemjazzclub.es/" target="_blank"> HARLEM JAZZ CLUB</a><em><a href="http://www.centreshg.net/taxonera" target="_blank"><br />
</a></em><a href="http://w20.bcn.cat/Guiamap/Default.aspx#x=31396.225&amp;y=81598.878&amp;z=5&amp;c=K014K015K001K002K003K011K013K006&amp;w=1057&amp;h=442&amp;p=31396.225,81598.878" target="_blank"></a><a href="http://w20.bcn.cat/Guiamap/Default.aspx#x=31396.225&amp;y=81598.878&amp;z=5&amp;c=K014K015K001K002K003K011K013K006&amp;w=1057&amp;h=442&amp;p=31396.225,81598.878" target="_blank">¿Cómo llegar?</a></p>
<p><span style="color: #ffffff;">.</span></p>
<p><strong>INUTENSILIOS  EXPOSICIÓN DE MICRO-ESCULTURAS</strong></p>
<p>El vell objecte, el rebutjat, en la seva aparent inutilitat, guarda una saviesa. Qui és perspicaç la troba, la recupera i la gaudeix; en un procés de purificació neix l’<em>inutensilio</em>. Es tracta de deu microescultures creades amb material de reciclatge, que en el seu conjunt fan un poblet: <em>Quien-sabe-dónde;</em> allí n’hi ha personatges, un àmbit geogràfic i un relat que expliquen ells mateixos.</p>
<p>Visites guiades amb inscripció prèvia, per a majors de 10 anys. En  jornades que triguen, aproximadament, tres hores, entren cinc persones  cada quinze minuts.<br />
<em>Dia: Dijous 21, Divendres 22 i Dissabte 23.<br />
Hora: </em>18:00hrs – 21:00hrs / (17:00hrs – 19:00hrs) (22:00hrs – 23:00hrs) (23:30hrs – 00:30hrs) / (15:00hrs – 16:30hrs) (18:00hrs – 21:00hrs)<br />
<em> Lloc: </em><a href="http://www.teatrodelossentidos.com/" target="_blank">EL POLVORÍN DE MONTJUÏC</a><a href="http://www.centreshg.net/taxonera" target="_blank"><br />
</a><a href="http://www.teatrodelossentidos.com/eo/noticiadetall.php?idn=23" target="_blank">¿Cómo llegar?</a></p>
<p><span style="color: #ffffff;">.</span></p>
<p><a href="/2010/wp-content/uploads/2010/09/INUTENSILIOS-1.jpg"><img decoding="async" loading="lazy" class="alignnone size-medium wp-image-269" title="INUTENSILIOS 1" src="/2010/wp-content/uploads/2010/09/INUTENSILIOS-1-300x200.jpg" alt="" width="300" height="200" srcset="https://muntdemots.org/2010/wp-content/uploads/2010/09/INUTENSILIOS-1-300x200.jpg 300w, https://muntdemots.org/2010/wp-content/uploads/2010/09/INUTENSILIOS-1.jpg 646w" sizes="(max-width: 300px) 100vw, 300px" /></a></p>
<p><span style="color: #ffffff;">.</span></p>
<p><strong>EXPOSICIÓN LA PALABRA PINTADA<br />
</strong></p>
<p><strong> </strong></p>
<p>El reconocido ilustrador colombiano Alexis Forrero, <em>Alekos</em>, expondrá su obra  <em>La Palabra Pintada</em> en los paredones y espacios abiertos del Pati Llimona.<br />
Se  trata de 20 telones de 5 metros de altura por casi 2 metros de ancho,  presentada antes en Bogotá, Santiago de Cuba , Madrid. y ahora en  Barcelona.<br />
Los telones contienen fragmentos de la obra de varios  de los/as escritores/as y poetas más reconocidos de Latinoamérica,  ilustrados hermosamente por Alekos.<br />
<em>Dia: Dissabte 16<br />
Hora: 19:00hs<br />
Lloc: </em><a href="http://www.bcn.cat/centrecivicpatillimona" target="_blank">C. C. PATI LLÍMONA</a><a href="http://www.centreshg.net/taxonera" target="_blank"><br />
</a><a href="http://w20.bcn.cat/Guiamap/Default.aspx#x=31446.088&amp;y=81641.358&amp;z=5&amp;c=K014K015K001K002K003K011K013K006&amp;w=1057&amp;h=442&amp;p=31446.088,81641.358" target="_blank">¿Cómo llegar?</a></p>
<p><span style="color: #ffffff;">.</span></p>
<p><a href="/2010/wp-content/uploads/2010/09/Alekos.jpg"><img decoding="async" loading="lazy" class="alignnone size-medium wp-image-268" title="Alekos" src="/2010/wp-content/uploads/2010/09/Alekos-300x225.jpg" alt="" width="300" height="225" srcset="https://muntdemots.org/2010/wp-content/uploads/2010/09/Alekos-300x225.jpg 300w, https://muntdemots.org/2010/wp-content/uploads/2010/09/Alekos.jpg 800w" sizes="(max-width: 300px) 100vw, 300px" /></a></p>

<p>http://www.cuentacuentos.eu/narradores/coordinadores/Alekos.htm Conta contes colombià, és Coordinador de la Red Internacional de Cuentacuentos i fa recitals als quals s’integren Paraula, música i imatge. Treballa amb el Teatre dels Sentits. Artista plàstic, ha exposat individualment i col·lectiva a Amèrica i Europa. És il·lustrador de nombroses publicacions i autor de cinc llibres. Integrant d’un duet de cançons de [&hellip;]</p>
