{"id":259,"date":"2010-09-06T16:08:29","date_gmt":"2010-09-06T16:08:29","guid":{"rendered":"http:\/\/www.muntdemots.org\/"},"modified":"2010-09-24T15:03:22","modified_gmt":"2010-09-24T15:03:22","slug":"aldo-mendez","status":"publish","type":"page","link":"http:\/\/muntdemots.org\/2010\/aldo-mendez\/","title":{"rendered":"Aldo M\u00e9ndez"},"content":{"rendered":"<p><a href=\"http:\/\/ctlcuento.blogspot.com\">http:\/\/ctlcuento.blogspot.com<\/a><\/p>\n<p><a href=\"http:\/\/aldomendezcuentero.blogspot.com\"> http:\/\/aldomendezcuentero.blogspot.com<\/a><\/p>\n<p>Va n\u00e9ixer a Cuba. \u00c9s llicenciat en Filosofia. Es dedica des del 1991  a l\u2019Animaci\u00f3 Sociocultural i a la Promoci\u00f3 Cultural en diferents \u00e0mbits. Ha impartit nombrosos cursos, tallers i seminaris. Des de l\u2019any 1994 es dedica a la Narraci\u00f3 Oral. Treballa per a la xarxa de Biblioteques de les Comunitats d\u2019Arag\u00f3, Castella La Manxa, Madrid i Andalusia. Presenta els seus espectacles en Festivals d\u2019Oralitat de tota Espanya.<\/p>\n<p><span style=\"color: #ffffff;\">.<\/span><\/p>\n<p><strong>DONDE DIJE&#8230;\u00a1DIGO!<\/strong><\/p>\n<p><strong><em> <\/em><\/strong><\/p>\n<p>Ja el m\u00f3n caminava pel seu propi peu i tot estava dit; per\u00f2 el temps juga a treure i posar, a endre\u00e7ar i a tor\u00e7ar. Qu\u00e8 \u00e9s all\u00f2 dret i qu\u00e8 \u00e9s all\u00f2 tor\u00e7at? On es tor\u00e7a l\u2019amor i on hi crea les seves ales de fundar? Proposo una visi\u00f3 pr\u00f2pia del m\u00f3n i els seus camins amb paraules alienes, aquelles de tota la vida, les de mites i llegendes, les d\u2019antuvi que s\u00f3n les de sempre.<br \/>\n<a href=\"http:\/\/w20.bcn.cat\/Guiamap\/Default.aspx#x=32184.155&amp;y=84437.486&amp;z=5&amp;c=K014K015K001K002K003K011K013K006&amp;w=1057&amp;h=442&amp;p=32184.155,84437.486\" target=\"_blank\"><\/a><em>Dia: Divendres 22<br \/>\nHora: 19:00hs<br \/>\nLloc: <\/em><a href=\"http:\/\/www.toniguida.org\/\" target=\"_blank\">C. CULTURAL TON I GUIDA<\/a><em><a href=\"http:\/\/www.centreshg.net\/taxonera\" target=\"_blank\"><br \/>\n<\/a><\/em><a href=\"http:\/\/w20.bcn.cat\/Guiamap\/Default.aspx#x=31189.212&amp;y=88847.898&amp;z=5&amp;c=&amp;w=1057&amp;h=442&amp;p=31189.212,88847.898\" target=\"_blank\">\u00bfC\u00f3mo llegar?<\/a><\/p>\n<p><span style=\"color: #ffffff;\">.<\/span><\/p>\n<p><a href=\"\/2010\/wp-content\/uploads\/2010\/09\/Aldo-M\u00e9ndez.jpg\"><img decoding=\"async\" loading=\"lazy\" class=\"alignnone size-full wp-image-261\" title=\"Aldo M\u00e9ndez\" src=\"\/2010\/wp-content\/uploads\/2010\/09\/Aldo-M\u00e9ndez.jpg\" alt=\"\" width=\"263\" height=\"350\" srcset=\"https:\/\/muntdemots.org\/2010\/wp-content\/uploads\/2010\/09\/Aldo-M\u00e9ndez.jpg 263w, https:\/\/muntdemots.org\/2010\/wp-content\/uploads\/2010\/09\/Aldo-M\u00e9ndez-225x300.jpg 225w\" sizes=\"(max-width: 263px) 100vw, 263px\" \/><\/a><\/p>\n","protected":false},"excerpt":{"rendered":"<p>http:\/\/ctlcuento.blogspot.com http:\/\/aldomendezcuentero.blogspot.com Va n\u00e9ixer a Cuba. \u00c9s llicenciat en Filosofia. Es dedica des del 1991 a l\u2019Animaci\u00f3 Sociocultural i a la Promoci\u00f3 Cultural en diferents \u00e0mbits. Ha impartit nombrosos cursos, tallers i seminaris. Des de l\u2019any 1994 es dedica a la Narraci\u00f3 Oral. Treballa per a la xarxa de Biblioteques de les Comunitats d\u2019Arag\u00f3, Castella [&hellip;]<\/p>\n","protected":false},"author":1,"featured_media":0,"parent":0,"menu_order":0,"comment_status":"open","ping_status":"open","template":"","meta":[],"_links":{"self":[{"href":"http:\/\/muntdemots.org\/2010\/wp-json\/wp\/v2\/pages\/259"}],"collection":[{"href":"http:\/\/muntdemots.org\/2010\/wp-json\/wp\/v2\/pages"}],"about":[{"href":"http:\/\/muntdemots.org\/2010\/wp-json\/wp\/v2\/types\/page"}],"author":[{"embeddable":true,"href":"http:\/\/muntdemots.org\/2010\/wp-json\/wp\/v2\/users\/1"}],"replies":[{"embeddable":true,"href":"http:\/\/muntdemots.org\/2010\/wp-json\/wp\/v2\/comments?post=259"}],"version-history":[{"count":8,"href":"http:\/\/muntdemots.org\/2010\/wp-json\/wp\/v2\/pages\/259\/revisions"}],"predecessor-version":[{"id":262,"href":"http:\/\/muntdemots.org\/2010\/wp-json\/wp\/v2\/pages\/259\/revisions\/262"}],"wp:attachment":[{"href":"http:\/\/muntdemots.org\/2010\/wp-json\/wp\/v2\/media?parent=259"}],"curies":[{"name":"wp","href":"https:\/\/api.w.org\/{rel}","templated":true}]}}

Aldo Méndez

<p><a href="http://ctlcuento.blogspot.com">http://ctlcuento.blogspot.com</a></p>
<p><a href="http://aldomendezcuentero.blogspot.com"> http://aldomendezcuentero.blogspot.com</a></p>
<p>Va néixer a Cuba. És llicenciat en Filosofia. Es dedica des del 1991  a l’Animació Sociocultural i a la Promoció Cultural en diferents àmbits. Ha impartit nombrosos cursos, tallers i seminaris. Des de l’any 1994 es dedica a la Narració Oral. Treballa per a la xarxa de Biblioteques de les Comunitats d’Aragó, Castella La Manxa, Madrid i Andalusia. Presenta els seus espectacles en Festivals d’Oralitat de tota Espanya.</p>
<p><span style="color: #ffffff;">.</span></p>
<p><strong>DONDE DIJE&#8230;¡DIGO!</strong></p>
<p><strong><em> </em></strong></p>
<p>Ja el món caminava pel seu propi peu i tot estava dit; però el temps juga a treure i posar, a endreçar i a torçar. Què és allò dret i què és allò torçat? On es torça l’amor i on hi crea les seves ales de fundar? Proposo una visió pròpia del món i els seus camins amb paraules alienes, aquelles de tota la vida, les de mites i llegendes, les d’antuvi que són les de sempre.<br />
<a href="http://w20.bcn.cat/Guiamap/Default.aspx#x=32184.155&amp;y=84437.486&amp;z=5&amp;c=K014K015K001K002K003K011K013K006&amp;w=1057&amp;h=442&amp;p=32184.155,84437.486" target="_blank"></a><em>Dia: Divendres 22<br />
Hora: 19:00hs<br />
Lloc: </em><a href="http://www.toniguida.org/" target="_blank">C. CULTURAL TON I GUIDA</a><em><a href="http://www.centreshg.net/taxonera" target="_blank"><br />
</a></em><a href="http://w20.bcn.cat/Guiamap/Default.aspx#x=31189.212&amp;y=88847.898&amp;z=5&amp;c=&amp;w=1057&amp;h=442&amp;p=31189.212,88847.898" target="_blank">¿Cómo llegar?</a></p>
<p><span style="color: #ffffff;">.</span></p>
<p><a href="/2010/wp-content/uploads/2010/09/Aldo-Méndez.jpg"><img decoding="async" loading="lazy" class="alignnone size-full wp-image-261" title="Aldo Méndez" src="/2010/wp-content/uploads/2010/09/Aldo-Méndez.jpg" alt="" width="263" height="350" srcset="https://muntdemots.org/2010/wp-content/uploads/2010/09/Aldo-Méndez.jpg 263w, https://muntdemots.org/2010/wp-content/uploads/2010/09/Aldo-Méndez-225x300.jpg 225w" sizes="(max-width: 263px) 100vw, 263px" /></a></p>

<p>http://ctlcuento.blogspot.com http://aldomendezcuentero.blogspot.com Va néixer a Cuba. És llicenciat en Filosofia. Es dedica des del 1991 a l’Animació Sociocultural i a la Promoció Cultural en diferents àmbits. Ha impartit nombrosos cursos, tallers i seminaris. Des de l’any 1994 es dedica a la Narració Oral. Treballa per a la xarxa de Biblioteques de les Comunitats d’Aragó, Castella [&hellip;]</p>
