{"id":25,"date":"2010-09-03T16:10:40","date_gmt":"2010-09-03T16:10:40","guid":{"rendered":"http:\/\/www.muntdemots.org\/"},"modified":"2010-09-25T19:04:08","modified_gmt":"2010-09-25T19:04:08","slug":"diumenge-17-doctubre","status":"publish","type":"page","link":"http:\/\/muntdemots.org\/2010\/diumenge-17-doctubre\/","title":{"rendered":"Diumenge 17 d&#8217;octubre"},"content":{"rendered":"<p><span style=\"text-decoration: underline;\">10:00 \u2013 14:00hrs y 15:00 \u2013 18:00hrs<\/span><br \/>\n<strong> <a href=\"..\/tim-bowley\" target=\"_blank\">TALLER<\/a><\/strong><a href=\"..\/tim-bowley\" target=\"_blank\"> <strong>EL ARTE DE CONTAR CUENTOS<\/strong><\/a>, <em>TIM BOWLEY<\/em><br \/>\n<em>TIM BOWLEY<\/em><br \/>\n<a href=\" www.almazen.net\" target=\"_blank\"> <\/a><a href=\"http:\/\/www.almazen.net\" target=\"_blank\">EL ALMAZEN<\/a><br \/>\n<a href=\"http:\/\/w20.bcn.cat\/Guiamap\/Default.aspx#x=30387.38&amp;y=81637.054&amp;z=5&amp;c=K014K015K001K002K003K011K013K006&amp;w=1057&amp;h=442&amp;p=30387.38,81637.054\" target=\"_blank\"> <\/a>C\/ Guifr\u00e9 9, baixos<br \/>\n08001 &#8211; Barcelona<br \/>\n934426215<a href=\"http:\/\/www.almazen.net\/\" target=\"_blank\"><br \/>\n<\/a>Costo 150\u20ac. Interesados llamar a Mar 664277579<br \/>\n<a href=\"http:\/\/w20.bcn.cat\/Guiamap\/Default.aspx#x=30387.38&amp;y=81637.054&amp;z=5&amp;c=K014K015K001K002K003K011K013K006&amp;w=1057&amp;h=442&amp;p=30387.38,81637.054\" target=\"_blank\">\u00bfC\u00f3mo llegar?<\/a><\/p>\n<p><span style=\"color: #ffffff;\">.<\/span><\/p>\n<p><span style=\"text-decoration: underline;\">10:00- 14:00hrs<\/span><br \/>\n<a href=\"\/2010\/taller-de-gestion-de-las-emociones-para-cuentacuentos\/\" target=\"_blank\"><strong>TALLER DE GESTI\u00d3N DE EMOCIONES PARA CUENTACUENTOS<\/strong><\/a>, <em>FLAVIA PIAZZA<br \/>\n<\/em><a href=\"http:\/\/www.espaiale.cat\/\" target=\"_blank\">ESPAI AL\u00c8<\/a><br \/>\nPg. Sant Joan, 196, 1\u00ba-2\u00aa<br \/>\n08012 Barcelona<br \/>\nPlazas limitadas, 15 participantes. Costo 30\u20ac<br \/>\nInscripciones abiertas desde el d\u00eda 4 de octubre<br \/>\nLlamar al Espai Al\u00e8 en las tardes al 605453114<br \/>\n<a href=\"http:\/\/w20.bcn.cat\/Guiamap\/Default.aspx#x=30210.78&amp;y=84146.618&amp;z=5&amp;c=K014K015K001K002K003K011K013K006&amp;w=1057&amp;h=458&amp;p=30210.78,84146.618\" target=\"_blank\">\u00bfC\u00f3mo llegar?<\/a><\/p>\n<p><span style=\"color: #ffffff;\">.<\/span><\/p>\n<p><span style=\"text-decoration: underline;\">12:00hrs<\/span><br \/>\nSESI\u00d3N INFANTIL<br \/>\n<a href=\"\/2010\/fanny-fuguet\" target=\"_blank\"><strong>JUGUE<\/strong>\u2026 <strong>CONTE<\/strong>\u2026 <strong>CANTEMOS<\/strong>!<\/a>, <em>FANNY FUGUET<\/em><br \/>\n<a href=\"http:\/\/www.bcn.cat\/cclescorts\" target=\"_blank\"> C. C. LES CORTS \u2013 \u00a0AUSPICIA: CONSEJO DE IGUALDAD DE LA MUJER<\/a><br \/>\nC\/ Dolors Masferrer i Bosch, 33-35<br \/>\n08028 Barcelona<br \/>\n932916462<br \/>\n<a href=\"http:\/\/w20.bcn.cat\/Guiamap\/Default.aspx#x=27198.875&amp;y=82062.49&amp;z=5&amp;c=K014K015K001K002K003K011K013K006&amp;w=1057&amp;h=458&amp;p=27198.875,82062.49\" target=\"_blank\">\u00bfC\u00f3mo llegar?<\/a><\/p>\n<p><span style=\"color: #ffffff;\">.<\/span><\/p>\n<p><span style=\"text-decoration: underline;\">12:00hrs<\/span><br \/>\nSESI\u00d3N INFANTIL<br \/>\n<a href=\"\/2010\/patricia-mac-gill\" target=\"_blank\"><strong>TOCAT DE RETOC<\/strong><\/a>, <em>PATRICIA MACGILL<\/em><br \/>\n<a href=\"http:\/\/www.museupicasso.bcn.es\/\" target=\"_blank\"> MUSEO PICASSO<\/a><br \/>\nc\/ Montcada 15-23<br \/>\n08003 Barcelona<br \/>\n93 256 30 00<br \/>\n<a href=\"http:\/\/w20.bcn.cat\/Guiamap\/Default.aspx#x=31603.364&amp;y=82042.116&amp;z=5&amp;c=K014K015K001K002K003K011K013K006&amp;w=1057&amp;h=458&amp;p=31603.364,82042.116\" target=\"_blank\">\u00bfC\u00f3mo llegar?<\/a><\/p>\n<p><span style=\"color: #ffffff;\">.<\/span><\/p>\n<p><span style=\"text-decoration: underline;\">12:00hrs<\/span><br \/>\nSESI\u00d3N INFANTIL<br \/>\n<a href=\"\/2010\/monica-martinez-paz\" target=\"_blank\"><strong>CONTES D\u2019AQU\u00cd, D\u2019ALL\u00c0 I D\u2019ACULL\u00c0<\/strong><\/a>, \u00a0<em>M\u00d3NICA MART\u00cdNEZ<\/em><em> PAZ<br \/>\n<\/em><a href=\"http:\/\/www.centreshg.net\/taxonera\" target=\"_blank\">C. C. TAXONERA<\/a><br \/>\nC Arenys, 75<br \/>\n08035 \u2013 Barcelona<br \/>\n932563388<br \/>\n<a href=\"http:\/\/w20.bcn.cat\/Guiamap\/Default.aspx#x=28616.746&amp;y=86219.774&amp;z=5&amp;c=K014K015K001K002K003K011K013K006&amp;w=1057&amp;h=442&amp;p=28616.746,86219.774\" target=\"_blank\">\u00bfC\u00f3mo llegar?<\/a><\/p>\n<p><span style=\"color: #ffffff;\">.<\/span><\/p>\n<p><span style=\"text-decoration: underline;\">12:00hrs<\/span><br \/>\nSESI\u00d3N INFANTIL\u00a0 (+5)<strong><br \/>\n<a href=\"\/2010\/esther-pozo\" target=\"_blank\">CASTANYES I CONTES AMB BANYES<\/a><\/strong>, <em>ESTHER POZO<\/em><br \/>\n<a href=\" http:\/\/w3.bcn.es\/V51\/Home\/V51HomeLinkPl\/0,3989,526634255,00.html\" target=\"_blank\"> BIBLIOTECA EL CARMEL- JUAN MARS\u00c9<\/a><br \/>\nC\/ Murtra, 135-145<br \/>\n08032 Barcelona<br \/>\n934 072 870<br \/>\n<a href=\"http:\/\/w20.bcn.cat\/Guiamap\/Default.aspx#x=29490.304&amp;y=86042.169&amp;z=5&amp;c=K014K015K001K002K003K011K013K006&amp;w=1057&amp;h=442&amp;p=29490.304,86042.169\" target=\"_blank\">\u00bfC\u00f3mo llegar?<\/a><\/p>\n<p><span style=\"color: #ffffff;\">.<\/span><\/p>\n<p><span style=\"text-decoration: underline;\">17:00hrs<\/span><br \/>\nSESI\u00d3N ADULTOS<br \/>\n<a href=\"\/2010\/arnau-vilardebo\" target=\"_blank\"><strong>88 INFINITS<\/strong><\/a>, <em>ARNAU VILARDEB\u00d2<\/em><br \/>\n<a href=\"http:\/\/obrasocial.lacaixa.es\/nuestroscentros\/caixaforumbarcelona\/elcentro_es.html\" target=\"_blank\"> CAIXA FORUM (CALLE MODERNISTA)<\/a><br \/>\nAv. Francesc Ferrer i Gu\u00e0rdia, 6-8<br \/>\n08038 &#8211; Barcelona<br \/>\n93 476 86  00<br \/>\n<a href=\"http:\/\/w20.bcn.cat\/Guiamap\/Default.aspx#x=28974.653&amp;y=80528.805&amp;z=5&amp;c=K014K015K001K002K003K011K013K006&amp;w=1057&amp;h=442&amp;p=28974.653,80528.805\" target=\"_blank\"> \u00bfC\u00f3mo llegar?<\/a><\/p>\n<p><span style=\"color: #ffffff;\">.<\/span><\/p>\n<p><span style=\"text-decoration: underline;\">19:00hrs<\/span><br \/>\nSESI\u00d3N ADULTOS<strong><br \/>\n<a href=\"\/2010\/arnau-vilardebo\" target=\"_blank\">LA MAGRANA I LA MIRRA<\/a><\/strong>, <em>ARNAU VILARDEB\u00d2<br \/>\n<\/em><a href=\"http:\/\/www.facebook.com\/bemba.barcelona\" target=\"_blank\">BAR BEMBA<\/a><br \/>\nC\/ Blasco de Garay 8<br \/>\n08004 \u2013 Barcelona<br \/>\n933 248 300<br \/>\n<a href=\"http:\/\/w20.bcn.cat\/Guiamap\/Default.aspx#x=30109.788&amp;y=80868.613&amp;z=5&amp;c=K014K015K001K002K003K011K013K006&amp;w=1057&amp;h=442&amp;p=30109.788,80868.613\" target=\"_blank\">\u00bfC\u00f3mo llegar?<\/a><\/p>\n<p><span style=\"color: #ffffff;\">.<\/span><\/p>\n<p><span style=\"text-decoration: underline;\">20:00hrs<\/span><br \/>\nSESI\u00d3N ADULTOS<br \/>\n<a href=\"\/2010\/monica-torra\" target=\"_blank\"><strong>D\u2019AQUELLS BOLEROS, AQUESTS CONTES<\/strong><\/a>, <em>M\u00d2NICA TORRA<\/em><br \/>\n<a href=\"http:\/\/w3.bcn.es\/V62\/Home\/V62XMLHomeLinkPl\/0,4388,285254511_285742177_1,00.html\" target=\"_blank\"> MUSEU DE LA M\u00d9SICA<\/a><br \/>\nL&#8217;Auditori. C\/ Lepant, 150<br \/>\n08013 &#8211; Barcelona<br \/>\n93 256 36 50<br \/>\n<a href=\"http:\/\/w20.bcn.cat\/Guiamap\/Default.aspx#x=31954.352&amp;y=83505.968&amp;z=5&amp;c=K014K015K001K002K003K011K013K006&amp;w=1057&amp;h=442&amp;p=31954.352,83505.968\" target=\"_blank\">\u00bfC\u00f3mo llegar?<\/a><\/p>\n<p><span style=\"color: #ffffff;\">.<\/span><\/p>\n<p><span style=\"text-decoration: underline;\">20:30hrs<\/span><br \/>\nSESI\u00d3N ADULTOS<strong><a href=\"\/2010\/alfredo-becker\" target=\"_blank\"><br \/>\nCUENTOS DE AQU\u00cd&#8230;\u00bfO DE ALL\u00c1?<\/a>,<\/strong> ALFREDO BECKER<br \/>\n<a href=\"http:\/\/lamardecuentosnostromo.blogspot.com\/\" target=\"_blank\"> NOSTROMO BAR<\/a><br \/>\nC\/Ripoll, 16<br \/>\n08002 &#8211; Barcelona<a href=\"http:\/\/www.barcelona-on-line.es\/nostromo\/\" target=\"_blank\"><br \/>\n<\/a>934122455<br \/>\n<a href=\"http:\/\/w20.bcn.cat\/Guiamap\/Default.aspx#x=31149.596&amp;y=82067.129&amp;z=5&amp;c=K014K015K001K002K003K011K013K006&amp;w=1057&amp;h=442&amp;p=31149.596,82067.129\" target=\"_blank\">\u00bfC\u00f3mo llegar?<\/a><\/p>\n","protected":false},"excerpt":{"rendered":"<p>10:00 \u2013 14:00hrs y 15:00 \u2013 18:00hrs TALLER EL ARTE DE CONTAR CUENTOS, TIM BOWLEY TIM BOWLEY EL ALMAZEN C\/ Guifr\u00e9 9, baixos 08001 &#8211; Barcelona 934426215 Costo 150\u20ac. Interesados llamar a Mar 664277579 \u00bfC\u00f3mo llegar? . 10:00- 14:00hrs TALLER DE GESTI\u00d3N DE EMOCIONES PARA CUENTACUENTOS, FLAVIA PIAZZA ESPAI AL\u00c8 Pg. Sant Joan, 196, 1\u00ba-2\u00aa [&hellip;]<\/p>\n","protected":false},"author":1,"featured_media":0,"parent":0,"menu_order":0,"comment_status":"open","ping_status":"open","template":"","meta":[],"_links":{"self":[{"href":"http:\/\/muntdemots.org\/2010\/wp-json\/wp\/v2\/pages\/25"}],"collection":[{"href":"http:\/\/muntdemots.org\/2010\/wp-json\/wp\/v2\/pages"}],"about":[{"href":"http:\/\/muntdemots.org\/2010\/wp-json\/wp\/v2\/types\/page"}],"author":[{"embeddable":true,"href":"http:\/\/muntdemots.org\/2010\/wp-json\/wp\/v2\/users\/1"}],"replies":[{"embeddable":true,"href":"http:\/\/muntdemots.org\/2010\/wp-json\/wp\/v2\/comments?post=25"}],"version-history":[{"count":53,"href":"http:\/\/muntdemots.org\/2010\/wp-json\/wp\/v2\/pages\/25\/revisions"}],"predecessor-version":[{"id":41,"href":"http:\/\/muntdemots.org\/2010\/wp-json\/wp\/v2\/pages\/25\/revisions\/41"}],"wp:attachment":[{"href":"http:\/\/muntdemots.org\/2010\/wp-json\/wp\/v2\/media?parent=25"}],"curies":[{"name":"wp","href":"https:\/\/api.w.org\/{rel}","templated":true}]}}

<p><span style="text-decoration: underline;">10:00 – 14:00hrs y 15:00 – 18:00hrs</span><br />
<strong> <a href="../tim-bowley" target="_blank">TALLER</a></strong><a href="../tim-bowley" target="_blank"> <strong>EL ARTE DE CONTAR CUENTOS</strong></a>, <em>TIM BOWLEY</em><br />
<em>TIM BOWLEY</em><br />
<a href=" www.almazen.net" target="_blank"> </a><a href="http://www.almazen.net" target="_blank">EL ALMAZEN</a><br />
<a href="http://w20.bcn.cat/Guiamap/Default.aspx#x=30387.38&amp;y=81637.054&amp;z=5&amp;c=K014K015K001K002K003K011K013K006&amp;w=1057&amp;h=442&amp;p=30387.38,81637.054" target="_blank"> </a>C/ Guifré 9, baixos<br />
08001 &#8211; Barcelona<br />
934426215<a href="http://www.almazen.net/" target="_blank"><br />
</a>Costo 150€. Interesados llamar a Mar 664277579<br />
<a href="http://w20.bcn.cat/Guiamap/Default.aspx#x=30387.38&amp;y=81637.054&amp;z=5&amp;c=K014K015K001K002K003K011K013K006&amp;w=1057&amp;h=442&amp;p=30387.38,81637.054" target="_blank">¿Cómo llegar?</a></p>
<p><span style="color: #ffffff;">.</span></p>
<p><span style="text-decoration: underline;">10:00- 14:00hrs</span><br />
<a href="/2010/taller-de-gestion-de-las-emociones-para-cuentacuentos/" target="_blank"><strong>TALLER DE GESTIÓN DE EMOCIONES PARA CUENTACUENTOS</strong></a>, <em>FLAVIA PIAZZA<br />
</em><a href="http://www.espaiale.cat/" target="_blank">ESPAI ALÈ</a><br />
Pg. Sant Joan, 196, 1º-2ª<br />
08012 Barcelona<br />
Plazas limitadas, 15 participantes. Costo 30€<br />
Inscripciones abiertas desde el día 4 de octubre<br />
Llamar al Espai Alè en las tardes al 605453114<br />
<a href="http://w20.bcn.cat/Guiamap/Default.aspx#x=30210.78&amp;y=84146.618&amp;z=5&amp;c=K014K015K001K002K003K011K013K006&amp;w=1057&amp;h=458&amp;p=30210.78,84146.618" target="_blank">¿Cómo llegar?</a></p>
<p><span style="color: #ffffff;">.</span></p>
<p><span style="text-decoration: underline;">12:00hrs</span><br />
SESIÓN INFANTIL<br />
<a href="/2010/fanny-fuguet" target="_blank"><strong>JUGUE</strong>… <strong>CONTE</strong>… <strong>CANTEMOS</strong>!</a>, <em>FANNY FUGUET</em><br />
<a href="http://www.bcn.cat/cclescorts" target="_blank"> C. C. LES CORTS –  AUSPICIA: CONSEJO DE IGUALDAD DE LA MUJER</a><br />
C/ Dolors Masferrer i Bosch, 33-35<br />
08028 Barcelona<br />
932916462<br />
<a href="http://w20.bcn.cat/Guiamap/Default.aspx#x=27198.875&amp;y=82062.49&amp;z=5&amp;c=K014K015K001K002K003K011K013K006&amp;w=1057&amp;h=458&amp;p=27198.875,82062.49" target="_blank">¿Cómo llegar?</a></p>
<p><span style="color: #ffffff;">.</span></p>
<p><span style="text-decoration: underline;">12:00hrs</span><br />
SESIÓN INFANTIL<br />
<a href="/2010/patricia-mac-gill" target="_blank"><strong>TOCAT DE RETOC</strong></a>, <em>PATRICIA MACGILL</em><br />
<a href="http://www.museupicasso.bcn.es/" target="_blank"> MUSEO PICASSO</a><br />
c/ Montcada 15-23<br />
08003 Barcelona<br />
93 256 30 00<br />
<a href="http://w20.bcn.cat/Guiamap/Default.aspx#x=31603.364&amp;y=82042.116&amp;z=5&amp;c=K014K015K001K002K003K011K013K006&amp;w=1057&amp;h=458&amp;p=31603.364,82042.116" target="_blank">¿Cómo llegar?</a></p>
<p><span style="color: #ffffff;">.</span></p>
<p><span style="text-decoration: underline;">12:00hrs</span><br />
SESIÓN INFANTIL<br />
<a href="/2010/monica-martinez-paz" target="_blank"><strong>CONTES D’AQUÍ, D’ALLÀ I D’ACULLÀ</strong></a>,  <em>MÓNICA MARTÍNEZ</em><em> PAZ<br />
</em><a href="http://www.centreshg.net/taxonera" target="_blank">C. C. TAXONERA</a><br />
C Arenys, 75<br />
08035 – Barcelona<br />
932563388<br />
<a href="http://w20.bcn.cat/Guiamap/Default.aspx#x=28616.746&amp;y=86219.774&amp;z=5&amp;c=K014K015K001K002K003K011K013K006&amp;w=1057&amp;h=442&amp;p=28616.746,86219.774" target="_blank">¿Cómo llegar?</a></p>
<p><span style="color: #ffffff;">.</span></p>
<p><span style="text-decoration: underline;">12:00hrs</span><br />
SESIÓN INFANTIL  (+5)<strong><br />
<a href="/2010/esther-pozo" target="_blank">CASTANYES I CONTES AMB BANYES</a></strong>, <em>ESTHER POZO</em><br />
<a href=" http://w3.bcn.es/V51/Home/V51HomeLinkPl/0,3989,526634255,00.html" target="_blank"> BIBLIOTECA EL CARMEL- JUAN MARSÉ</a><br />
C/ Murtra, 135-145<br />
08032 Barcelona<br />
934 072 870<br />
<a href="http://w20.bcn.cat/Guiamap/Default.aspx#x=29490.304&amp;y=86042.169&amp;z=5&amp;c=K014K015K001K002K003K011K013K006&amp;w=1057&amp;h=442&amp;p=29490.304,86042.169" target="_blank">¿Cómo llegar?</a></p>
<p><span style="color: #ffffff;">.</span></p>
<p><span style="text-decoration: underline;">17:00hrs</span><br />
SESIÓN ADULTOS<br />
<a href="/2010/arnau-vilardebo" target="_blank"><strong>88 INFINITS</strong></a>, <em>ARNAU VILARDEBÒ</em><br />
<a href="http://obrasocial.lacaixa.es/nuestroscentros/caixaforumbarcelona/elcentro_es.html" target="_blank"> CAIXA FORUM (CALLE MODERNISTA)</a><br />
Av. Francesc Ferrer i Guàrdia, 6-8<br />
08038 &#8211; Barcelona<br />
93 476 86  00<br />
<a href="http://w20.bcn.cat/Guiamap/Default.aspx#x=28974.653&amp;y=80528.805&amp;z=5&amp;c=K014K015K001K002K003K011K013K006&amp;w=1057&amp;h=442&amp;p=28974.653,80528.805" target="_blank"> ¿Cómo llegar?</a></p>
<p><span style="color: #ffffff;">.</span></p>
<p><span style="text-decoration: underline;">19:00hrs</span><br />
SESIÓN ADULTOS<strong><br />
<a href="/2010/arnau-vilardebo" target="_blank">LA MAGRANA I LA MIRRA</a></strong>, <em>ARNAU VILARDEBÒ<br />
</em><a href="http://www.facebook.com/bemba.barcelona" target="_blank">BAR BEMBA</a><br />
C/ Blasco de Garay 8<br />
08004 – Barcelona<br />
933 248 300<br />
<a href="http://w20.bcn.cat/Guiamap/Default.aspx#x=30109.788&amp;y=80868.613&amp;z=5&amp;c=K014K015K001K002K003K011K013K006&amp;w=1057&amp;h=442&amp;p=30109.788,80868.613" target="_blank">¿Cómo llegar?</a></p>
<p><span style="color: #ffffff;">.</span></p>
<p><span style="text-decoration: underline;">20:00hrs</span><br />
SESIÓN ADULTOS<br />
<a href="/2010/monica-torra" target="_blank"><strong>D’AQUELLS BOLEROS, AQUESTS CONTES</strong></a>, <em>MÒNICA TORRA</em><br />
<a href="http://w3.bcn.es/V62/Home/V62XMLHomeLinkPl/0,4388,285254511_285742177_1,00.html" target="_blank"> MUSEU DE LA MÙSICA</a><br />
L&#8217;Auditori. C/ Lepant, 150<br />
08013 &#8211; Barcelona<br />
93 256 36 50<br />
<a href="http://w20.bcn.cat/Guiamap/Default.aspx#x=31954.352&amp;y=83505.968&amp;z=5&amp;c=K014K015K001K002K003K011K013K006&amp;w=1057&amp;h=442&amp;p=31954.352,83505.968" target="_blank">¿Cómo llegar?</a></p>
<p><span style="color: #ffffff;">.</span></p>
<p><span style="text-decoration: underline;">20:30hrs</span><br />
SESIÓN ADULTOS<strong><a href="/2010/alfredo-becker" target="_blank"><br />
CUENTOS DE AQUÍ&#8230;¿O DE ALLÁ?</a>,</strong> ALFREDO BECKER<br />
<a href="http://lamardecuentosnostromo.blogspot.com/" target="_blank"> NOSTROMO BAR</a><br />
C/Ripoll, 16<br />
08002 &#8211; Barcelona<a href="http://www.barcelona-on-line.es/nostromo/" target="_blank"><br />
</a>934122455<br />
<a href="http://w20.bcn.cat/Guiamap/Default.aspx#x=31149.596&amp;y=82067.129&amp;z=5&amp;c=K014K015K001K002K003K011K013K006&amp;w=1057&amp;h=442&amp;p=31149.596,82067.129" target="_blank">¿Cómo llegar?</a></p>

<p>10:00 – 14:00hrs y 15:00 – 18:00hrs TALLER EL ARTE DE CONTAR CUENTOS, TIM BOWLEY TIM BOWLEY EL ALMAZEN C/ Guifré 9, baixos 08001 &#8211; Barcelona 934426215 Costo 150€. Interesados llamar a Mar 664277579 ¿Cómo llegar? . 10:00- 14:00hrs TALLER DE GESTIÓN DE EMOCIONES PARA CUENTACUENTOS, FLAVIA PIAZZA ESPAI ALÈ Pg. Sant Joan, 196, 1º-2ª [&hellip;]</p>
