{"id":1599,"date":"2010-09-28T13:52:22","date_gmt":"2010-09-28T13:52:22","guid":{"rendered":"http:\/\/www.muntdemots.org\/"},"modified":"2010-09-28T13:53:40","modified_gmt":"2010-09-28T13:53:40","slug":"un-pati-de-llibres","status":"publish","type":"page","link":"http:\/\/muntdemots.org\/2010\/un-pati-de-llibres\/","title":{"rendered":"UN PATI DE LLIBRES"},"content":{"rendered":"<p><strong><span style=\"color: #ffffff; font-size: x-small;\"><span style=\"color: #ffffff; font-size: x-small;\"><span style=\"color: #ffffff; font-size: x-small;\"><span style=\"color: #000000;\">23 D\u2019OCTUBRE<\/span><\/span><\/span><\/span><\/strong><\/p>\n<p><span style=\"color: #000000;\"><strong>De 10.30 a 14.30 h i de 17 a 20 h<\/strong><\/span><\/p>\n<p><span style=\"font-size: x-small;\"><span style=\"font-size: x-small;\"><strong>Exhibici\u00f3 i venta de llibres<\/strong><\/span><\/span><\/p>\n<p><span style=\"font-size: x-large;\"><span style=\"font-size: x-large;\"><strong> <\/strong><\/span><\/span><span style=\"font-size: x-small;\"><span style=\"font-size: x-small;\"> <\/span><\/span><\/p>\n<p><strong>Durant el dia al pati del centre c\u00edvic trobareu un espai en el que els infants podran mirar i llegar una pila de llibres il\u00b7lustrats que les editaorials Ekar\u00e9, Thule i el Zorro Rojo han editat pensant en elles i ells. Tamb\u00e9 estaran en aquesta exhibici\u00f3 llibres escrits per molts dels narradors i narradores catalans i de la resta de l\u2019Estat que han estat p\u00fablicats per l\u2019editorial Palabras del Candil.<\/strong><\/p>\n<p><strong><a href=\"http:\/\/www.ekare.es\/\" target=\"_blank\">www.ekare.es<\/a><\/strong><\/p>\n<p><span style=\"color: #000000;\"><strong><a href=\"http:\/\/www.thule.com\/\" target=\"_blank\">www.thule.com<\/a><\/strong><\/span><\/p>\n<p><span style=\"color: #000000;\"><strong><a href=\"http:\/\/www.librosdelzorrorojo.com\/\" target=\"_blank\">www.librosdelzorrorojo.com<\/a><\/strong><\/span><\/p>\n<p><span style=\"color: #000000;\"><strong><a href=\"http:\/\/www.palabrasdelcandil.com\/\" target=\"_blank\">www.palabrasdelcandil.com<\/a><\/strong><\/span><strong> <\/strong><\/p>\n","protected":false},"excerpt":{"rendered":"<p>23 D\u2019OCTUBRE De 10.30 a 14.30 h i de 17 a 20 h Exhibici\u00f3 i venta de llibres Durant el dia al pati del centre c\u00edvic trobareu un espai en el que els infants podran mirar i llegar una pila de llibres il\u00b7lustrats que les editaorials Ekar\u00e9, Thule i el Zorro Rojo han editat pensant [&hellip;]<\/p>\n","protected":false},"author":1,"featured_media":0,"parent":0,"menu_order":0,"comment_status":"open","ping_status":"open","template":"","meta":[],"_links":{"self":[{"href":"http:\/\/muntdemots.org\/2010\/wp-json\/wp\/v2\/pages\/1599"}],"collection":[{"href":"http:\/\/muntdemots.org\/2010\/wp-json\/wp\/v2\/pages"}],"about":[{"href":"http:\/\/muntdemots.org\/2010\/wp-json\/wp\/v2\/types\/page"}],"author":[{"embeddable":true,"href":"http:\/\/muntdemots.org\/2010\/wp-json\/wp\/v2\/users\/1"}],"replies":[{"embeddable":true,"href":"http:\/\/muntdemots.org\/2010\/wp-json\/wp\/v2\/comments?post=1599"}],"version-history":[{"count":4,"href":"http:\/\/muntdemots.org\/2010\/wp-json\/wp\/v2\/pages\/1599\/revisions"}],"predecessor-version":[{"id":1603,"href":"http:\/\/muntdemots.org\/2010\/wp-json\/wp\/v2\/pages\/1599\/revisions\/1603"}],"wp:attachment":[{"href":"http:\/\/muntdemots.org\/2010\/wp-json\/wp\/v2\/media?parent=1599"}],"curies":[{"name":"wp","href":"https:\/\/api.w.org\/{rel}","templated":true}]}}

<p><strong><span style="color: #ffffff; font-size: x-small;"><span style="color: #ffffff; font-size: x-small;"><span style="color: #ffffff; font-size: x-small;"><span style="color: #000000;">23 D’OCTUBRE</span></span></span></span></strong></p>
<p><span style="color: #000000;"><strong>De 10.30 a 14.30 h i de 17 a 20 h</strong></span></p>
<p><span style="font-size: x-small;"><span style="font-size: x-small;"><strong>Exhibició i venta de llibres</strong></span></span></p>
<p><span style="font-size: x-large;"><span style="font-size: x-large;"><strong> </strong></span></span><span style="font-size: x-small;"><span style="font-size: x-small;"> </span></span></p>
<p><strong>Durant el dia al pati del centre cívic trobareu un espai en el que els infants podran mirar i llegar una pila de llibres il·lustrats que les editaorials Ekaré, Thule i el Zorro Rojo han editat pensant en elles i ells. També estaran en aquesta exhibició llibres escrits per molts dels narradors i narradores catalans i de la resta de l’Estat que han estat públicats per l’editorial Palabras del Candil.</strong></p>
<p><strong><a href="http://www.ekare.es/" target="_blank">www.ekare.es</a></strong></p>
<p><span style="color: #000000;"><strong><a href="http://www.thule.com/" target="_blank">www.thule.com</a></strong></span></p>
<p><span style="color: #000000;"><strong><a href="http://www.librosdelzorrorojo.com/" target="_blank">www.librosdelzorrorojo.com</a></strong></span></p>
<p><span style="color: #000000;"><strong><a href="http://www.palabrasdelcandil.com/" target="_blank">www.palabrasdelcandil.com</a></strong></span><strong> </strong></p>

<p>23 D’OCTUBRE De 10.30 a 14.30 h i de 17 a 20 h Exhibició i venta de llibres Durant el dia al pati del centre cívic trobareu un espai en el que els infants podran mirar i llegar una pila de llibres il·lustrats que les editaorials Ekaré, Thule i el Zorro Rojo han editat pensant [&hellip;]</p>
