{"id":1352,"date":"2010-09-22T22:53:12","date_gmt":"2010-09-22T22:53:12","guid":{"rendered":"http:\/\/www.muntdemots.org\/"},"modified":"2010-09-25T18:21:45","modified_gmt":"2010-09-25T18:21:45","slug":"alicia-molina","status":"publish","type":"page","link":"http:\/\/muntdemots.org\/2010\/alicia-molina\/","title":{"rendered":"Alicia Molina"},"content":{"rendered":"<p>Explica contes des de 1986 quan els amors la porten a fer de follet a la muntanya i li regalen un fill a cada cant\u00f3 del coix\u00ed. Des d\u2019aleshores ha explicat en biblioteques, bars i places, en maratons, escoles i cases, llibreries i platges. Contes llargs i curts. Amb m\u00fasica o la veu i prou. Contes de tradici\u00f3, d\u2019autor o creats per a l\u2019ocasi\u00f3. Contes per a grans i petits per fer somiar, per tastar l\u2019infinit.<\/p>\n<p><span style=\"color: #ffffff;\"> .<\/span><\/p>\n<p><strong>UNIVERSOS CONC\u00c8NTRICS<\/strong><\/p>\n<p>Ens pensem que l\u2019univers \u00e9s gran i inabastable, que podem transitar-hi sentint-nos especials i \u00fanics, per\u00f2 ens\u00a0 adonem que tots ens movem a trav\u00e9s de l\u2019amor, el desig, la necessitat de sentir-nos acompanyats&#8230; i si alg\u00fa no s\u2019ho creu que passi, miri, escolti&#8230; Us explicar\u00e9 hist\u00f2ries per sentir, per somriure, per mirar al del costat, per mirar-nos per dintre&#8230;<br \/>\n<em>Dia: Dijous 21<br \/>\nHora: 22:15hrs<br \/>\nLloc: <\/em><a href=\"http:\/\/www.myspace.com\/barmacondo\" target=\"_blank\">MACONDO BAR<\/a><a href=\"http:\/\/www.centreshg.net\/taxonera\" target=\"_blank\"><br \/>\n<\/a><a href=\"http:\/\/w20.bcn.cat\/Guiamap\/Default.aspx#x=31563.246&amp;y=85197.07&amp;z=5&amp;c=K014K015K001K002K003K011K013K006&amp;w=1057&amp;h=442&amp;p=31563.246,85197.07\" target=\"_blank\">\u00bfC\u00f3mo llegar?<\/a><\/p>\n<p><span style=\"color: #ffffff;\">.<\/span><\/p>\n<p><a href=\"\/2010\/wp-content\/uploads\/2010\/09\/ALICIA-MOLINA1.jpg\"><img decoding=\"async\" loading=\"lazy\" class=\"alignnone size-medium wp-image-1357\" title=\"ALICIA MOLINA\" src=\"\/2010\/wp-content\/uploads\/2010\/09\/ALICIA-MOLINA1-225x300.jpg\" alt=\"\" width=\"225\" height=\"300\" srcset=\"https:\/\/muntdemots.org\/2010\/wp-content\/uploads\/2010\/09\/ALICIA-MOLINA1-225x300.jpg 225w, https:\/\/muntdemots.org\/2010\/wp-content\/uploads\/2010\/09\/ALICIA-MOLINA1-768x1024.jpg 768w, https:\/\/muntdemots.org\/2010\/wp-content\/uploads\/2010\/09\/ALICIA-MOLINA1.jpg 1944w\" sizes=\"(max-width: 225px) 100vw, 225px\" \/><\/a><\/p>\n","protected":false},"excerpt":{"rendered":"<p>Explica contes des de 1986 quan els amors la porten a fer de follet a la muntanya i li regalen un fill a cada cant\u00f3 del coix\u00ed. Des d\u2019aleshores ha explicat en biblioteques, bars i places, en maratons, escoles i cases, llibreries i platges. Contes llargs i curts. Amb m\u00fasica o la veu i prou. [&hellip;]<\/p>\n","protected":false},"author":1,"featured_media":0,"parent":0,"menu_order":0,"comment_status":"open","ping_status":"open","template":"","meta":[],"_links":{"self":[{"href":"http:\/\/muntdemots.org\/2010\/wp-json\/wp\/v2\/pages\/1352"}],"collection":[{"href":"http:\/\/muntdemots.org\/2010\/wp-json\/wp\/v2\/pages"}],"about":[{"href":"http:\/\/muntdemots.org\/2010\/wp-json\/wp\/v2\/types\/page"}],"author":[{"embeddable":true,"href":"http:\/\/muntdemots.org\/2010\/wp-json\/wp\/v2\/users\/1"}],"replies":[{"embeddable":true,"href":"http:\/\/muntdemots.org\/2010\/wp-json\/wp\/v2\/comments?post=1352"}],"version-history":[{"count":4,"href":"http:\/\/muntdemots.org\/2010\/wp-json\/wp\/v2\/pages\/1352\/revisions"}],"predecessor-version":[{"id":1433,"href":"http:\/\/muntdemots.org\/2010\/wp-json\/wp\/v2\/pages\/1352\/revisions\/1433"}],"wp:attachment":[{"href":"http:\/\/muntdemots.org\/2010\/wp-json\/wp\/v2\/media?parent=1352"}],"curies":[{"name":"wp","href":"https:\/\/api.w.org\/{rel}","templated":true}]}}

<p>Explica contes des de 1986 quan els amors la porten a fer de follet a la muntanya i li regalen un fill a cada cantó del coixí. Des d’aleshores ha explicat en biblioteques, bars i places, en maratons, escoles i cases, llibreries i platges. Contes llargs i curts. Amb música o la veu i prou. Contes de tradició, d’autor o creats per a l’ocasió. Contes per a grans i petits per fer somiar, per tastar l’infinit.</p>
<p><span style="color: #ffffff;"> .</span></p>
<p><strong>UNIVERSOS CONCÈNTRICS</strong></p>
<p>Ens pensem que l’univers és gran i inabastable, que podem transitar-hi sentint-nos especials i únics, però ens  adonem que tots ens movem a través de l’amor, el desig, la necessitat de sentir-nos acompanyats&#8230; i si algú no s’ho creu que passi, miri, escolti&#8230; Us explicaré històries per sentir, per somriure, per mirar al del costat, per mirar-nos per dintre&#8230;<br />
<em>Dia: Dijous 21<br />
Hora: 22:15hrs<br />
Lloc: </em><a href="http://www.myspace.com/barmacondo" target="_blank">MACONDO BAR</a><a href="http://www.centreshg.net/taxonera" target="_blank"><br />
</a><a href="http://w20.bcn.cat/Guiamap/Default.aspx#x=31563.246&amp;y=85197.07&amp;z=5&amp;c=K014K015K001K002K003K011K013K006&amp;w=1057&amp;h=442&amp;p=31563.246,85197.07" target="_blank">¿Cómo llegar?</a></p>
<p><span style="color: #ffffff;">.</span></p>
<p><a href="/2010/wp-content/uploads/2010/09/ALICIA-MOLINA1.jpg"><img decoding="async" loading="lazy" class="alignnone size-medium wp-image-1357" title="ALICIA MOLINA" src="/2010/wp-content/uploads/2010/09/ALICIA-MOLINA1-225x300.jpg" alt="" width="225" height="300" srcset="https://muntdemots.org/2010/wp-content/uploads/2010/09/ALICIA-MOLINA1-225x300.jpg 225w, https://muntdemots.org/2010/wp-content/uploads/2010/09/ALICIA-MOLINA1-768x1024.jpg 768w, https://muntdemots.org/2010/wp-content/uploads/2010/09/ALICIA-MOLINA1.jpg 1944w" sizes="(max-width: 225px) 100vw, 225px" /></a></p>

<p>Explica contes des de 1986 quan els amors la porten a fer de follet a la muntanya i li regalen un fill a cada cantó del coixí. Des d’aleshores ha explicat en biblioteques, bars i places, en maratons, escoles i cases, llibreries i platges. Contes llargs i curts. Amb música o la veu i prou. [&hellip;]</p>
