{"id":1258,"date":"2010-09-21T13:29:53","date_gmt":"2010-09-21T13:29:53","guid":{"rendered":"http:\/\/www.muntdemots.org\/"},"modified":"2010-09-21T13:30:32","modified_gmt":"2010-09-21T13:30:32","slug":"encuentro-con%e2%80%a6-red-internacional-de-cuentacuentos-y-associacio-de-narradors-professionals","status":"publish","type":"page","link":"http:\/\/muntdemots.org\/2010\/encuentro-con%e2%80%a6-red-internacional-de-cuentacuentos-y-associacio-de-narradors-professionals\/","title":{"rendered":"Encuentro con\u2026 Red Internacional De Cuentacuentos Y Associaci\u00f3 De Narradors Professionals"},"content":{"rendered":"<p>La serie de reuniones <em>Encuentro Con\u2026<\/em> servir\u00e1 para conocer de cerca a algunas de las personas e instituciones que trabajan y promueven la narraci\u00f3n oral en Catalu\u00f1a y Espa\u00f1a.<br \/>\n<br \/>\nLa  Red Internacional de Cuentacuentos (RIC) es una plataforma de difusi\u00f3n e interconexi\u00f3n de narradores orales y escritores de todo el mundo, que cuenta con m\u00e1s de 700 cuentacuentos inscritos y m\u00e1s de 4.000 seguidores en Facebook.<br \/>\n<a href=\"http:\/\/www.cuentacuentos.eu\/\">http:\/\/www.cuentacuentos.eu\/<\/a><br \/>\n<br \/>\n\u201cA l&#8217;Associaci\u00f3 de Narradors Professionals apleguem i volem aplegar totes aquelles persones que hem fet de l&#8217;art de narrar el nostre ofici\u201d.<\/p>\n<p><a href=\"http:\/\/www.associaciodenarradors.com\/\">http:\/\/www.associaciodenarradors.com\/<\/a><\/p>\n","protected":false},"excerpt":{"rendered":"<p>La serie de reuniones Encuentro Con\u2026 servir\u00e1 para conocer de cerca a algunas de las personas e instituciones que trabajan y promueven la narraci\u00f3n oral en Catalu\u00f1a y Espa\u00f1a. La Red Internacional de Cuentacuentos (RIC) es una plataforma de difusi\u00f3n e interconexi\u00f3n de narradores orales y escritores de todo el mundo, que cuenta con m\u00e1s [&hellip;]<\/p>\n","protected":false},"author":1,"featured_media":0,"parent":0,"menu_order":0,"comment_status":"open","ping_status":"open","template":"","meta":[],"_links":{"self":[{"href":"http:\/\/muntdemots.org\/2010\/wp-json\/wp\/v2\/pages\/1258"}],"collection":[{"href":"http:\/\/muntdemots.org\/2010\/wp-json\/wp\/v2\/pages"}],"about":[{"href":"http:\/\/muntdemots.org\/2010\/wp-json\/wp\/v2\/types\/page"}],"author":[{"embeddable":true,"href":"http:\/\/muntdemots.org\/2010\/wp-json\/wp\/v2\/users\/1"}],"replies":[{"embeddable":true,"href":"http:\/\/muntdemots.org\/2010\/wp-json\/wp\/v2\/comments?post=1258"}],"version-history":[{"count":3,"href":"http:\/\/muntdemots.org\/2010\/wp-json\/wp\/v2\/pages\/1258\/revisions"}],"predecessor-version":[{"id":1261,"href":"http:\/\/muntdemots.org\/2010\/wp-json\/wp\/v2\/pages\/1258\/revisions\/1261"}],"wp:attachment":[{"href":"http:\/\/muntdemots.org\/2010\/wp-json\/wp\/v2\/media?parent=1258"}],"curies":[{"name":"wp","href":"https:\/\/api.w.org\/{rel}","templated":true}]}}

Encuentro con… Red Internacional De Cuentacuentos Y Associació De Narradors Professionals

<p>La serie de reuniones <em>Encuentro Con…</em> servirá para conocer de cerca a algunas de las personas e instituciones que trabajan y promueven la narración oral en Cataluña y España.<br />
<br />
La  Red Internacional de Cuentacuentos (RIC) es una plataforma de difusión e interconexión de narradores orales y escritores de todo el mundo, que cuenta con más de 700 cuentacuentos inscritos y más de 4.000 seguidores en Facebook.<br />
<a href="http://www.cuentacuentos.eu/">http://www.cuentacuentos.eu/</a><br />
<br />
“A l&#8217;Associació de Narradors Professionals apleguem i volem aplegar totes aquelles persones que hem fet de l&#8217;art de narrar el nostre ofici”.</p>
<p><a href="http://www.associaciodenarradors.com/">http://www.associaciodenarradors.com/</a></p>

<p>La serie de reuniones Encuentro Con… servirá para conocer de cerca a algunas de las personas e instituciones que trabajan y promueven la narración oral en Cataluña y España. La Red Internacional de Cuentacuentos (RIC) es una plataforma de difusión e interconexión de narradores orales y escritores de todo el mundo, que cuenta con más [&hellip;]</p>
