{"id":1252,"date":"2010-09-21T13:26:15","date_gmt":"2010-09-21T13:26:15","guid":{"rendered":"http:\/\/www.muntdemots.org\/"},"modified":"2010-09-27T16:57:33","modified_gmt":"2010-09-27T16:57:33","slug":"roser-ros","status":"publish","type":"page","link":"http:\/\/muntdemots.org\/2010\/roser-ros\/","title":{"rendered":"Roser Ros"},"content":{"rendered":"<p>Narradora oral, escriptora i doctora en pedagogia per la Universitat de Barcelona amb la tesi <em>Les rondalles d&#8217;animals: el cas del cicle de la guineu i el llop<\/em>. \u00c9s fundadora d&#8217;ANIN (Associaci\u00f3 de Narradores i Narradors) i de la seva revista <em>N<\/em>, i presidenta de <em>Tant\u00e0gora<\/em>, fundadora i directora de la revista <em>Tant\u00e0gora<\/em>, dedicada al conte, al narrador y a la narraci\u00f3 oral. El 2010 ha rebut el premi de Cultura Popular atorgat pel CoNCA.<\/p>\n<p><span style=\"color: #ffffff;\">.<\/span><\/p>\n<p>CONFER\u00c8NCIA<br \/>\n<strong>LES TRES VELLETES D\u2019ORALITAT: L\u2019ESCOLTA, LA MEM\u00d2RIA I LA VEU<\/strong><strong><\/strong><\/p>\n<p>Dins les fronteres de la Geografia Fant\u00e0stica hi ha una comarca f\u00e8rtil anomenada Oralitat, una terra entre la realitat i la imaginaci\u00f3. Terra de fruits abundants, la componen dos elements: Realitat i Imaginaci\u00f3. Tres velletes tan arrugadetes que el nassos els toquen a les barbetes anomenades O\u00efda, Veu i Mem\u00f2ria en s\u00f3n les amfitriones. Viatgen constantment d\u2019un cap a l\u2019altre d\u2019aquesta comarca f\u00e8rtil i ho fan cavalcant tres cavalls m\u00e9s r\u00e0pids que el pensament, mentre transporten imatges, sentiments, m\u00f3ns imaginaris en format verbal.<\/p>\n<p>Gr\u00e0cies a elles tres ens permetrem el luxe de parlar de l\u2019oralitat mitjan\u00e7ant la met\u00e0fora, aquesta figura liter\u00e0ria que serveix per il\u00b7lustrar les temes o q\u00fcestions que, sense el seu ajut, serien dif\u00edcilment explicables.<br \/>\n<em>Dia: Divendres 22<br \/>\nHora: 19:00hrs<br \/>\nLloc: <\/em><a href=\"http:\/\/w3.bcn.es\/XMLServeis\/XMLHomeLinkPl\/0,4022,650920084_709536676_1,00.html\" target=\"_blank\">BIBLIOTECA VILA DE GR\u00c0CIA<\/a><a href=\"http:\/\/www.centreshg.net\/taxonera\" target=\"_blank\"><br \/>\n<\/a><a href=\"http:\/\/w20.bcn.cat\/Guiamap\/Default.aspx#x=29729.58&amp;y=83871.468&amp;z=5&amp;c=K014K015K001K002K003K011K013K006&amp;w=1057&amp;h=442&amp;p=29729.58,83871.468\" target=\"_blank\">\u00bfC\u00f3mo llegar?<\/a><\/p>\n<p><span style=\"color: #ffffff;\">.<\/span><\/p>\n<p><a href=\"\/2010\/wp-content\/uploads\/2010\/09\/roser.jpg\"><img decoding=\"async\" loading=\"lazy\" class=\"size-medium wp-image-1589 alignleft\" title=\"roser\" src=\"\/2010\/wp-content\/uploads\/2010\/09\/roser-300x200.jpg\" alt=\"\" width=\"300\" height=\"200\" srcset=\"https:\/\/muntdemots.org\/2010\/wp-content\/uploads\/2010\/09\/roser-300x200.jpg 300w, https:\/\/muntdemots.org\/2010\/wp-content\/uploads\/2010\/09\/roser.jpg 1024w\" sizes=\"(max-width: 300px) 100vw, 300px\" \/><\/a><\/p>\n","protected":false},"excerpt":{"rendered":"<p>Narradora oral, escriptora i doctora en pedagogia per la Universitat de Barcelona amb la tesi Les rondalles d&#8217;animals: el cas del cicle de la guineu i el llop. \u00c9s fundadora d&#8217;ANIN (Associaci\u00f3 de Narradores i Narradors) i de la seva revista N, i presidenta de Tant\u00e0gora, fundadora i directora de la revista Tant\u00e0gora, dedicada al [&hellip;]<\/p>\n","protected":false},"author":1,"featured_media":0,"parent":0,"menu_order":0,"comment_status":"open","ping_status":"open","template":"","meta":[],"_links":{"self":[{"href":"http:\/\/muntdemots.org\/2010\/wp-json\/wp\/v2\/pages\/1252"}],"collection":[{"href":"http:\/\/muntdemots.org\/2010\/wp-json\/wp\/v2\/pages"}],"about":[{"href":"http:\/\/muntdemots.org\/2010\/wp-json\/wp\/v2\/types\/page"}],"author":[{"embeddable":true,"href":"http:\/\/muntdemots.org\/2010\/wp-json\/wp\/v2\/users\/1"}],"replies":[{"embeddable":true,"href":"http:\/\/muntdemots.org\/2010\/wp-json\/wp\/v2\/comments?post=1252"}],"version-history":[{"count":8,"href":"http:\/\/muntdemots.org\/2010\/wp-json\/wp\/v2\/pages\/1252\/revisions"}],"predecessor-version":[{"id":1303,"href":"http:\/\/muntdemots.org\/2010\/wp-json\/wp\/v2\/pages\/1252\/revisions\/1303"}],"wp:attachment":[{"href":"http:\/\/muntdemots.org\/2010\/wp-json\/wp\/v2\/media?parent=1252"}],"curies":[{"name":"wp","href":"https:\/\/api.w.org\/{rel}","templated":true}]}}

<p>Narradora oral, escriptora i doctora en pedagogia per la Universitat de Barcelona amb la tesi <em>Les rondalles d&#8217;animals: el cas del cicle de la guineu i el llop</em>. És fundadora d&#8217;ANIN (Associació de Narradores i Narradors) i de la seva revista <em>N</em>, i presidenta de <em>Tantàgora</em>, fundadora i directora de la revista <em>Tantàgora</em>, dedicada al conte, al narrador y a la narració oral. El 2010 ha rebut el premi de Cultura Popular atorgat pel CoNCA.</p>
<p><span style="color: #ffffff;">.</span></p>
<p>CONFERÈNCIA<br />
<strong>LES TRES VELLETES D’ORALITAT: L’ESCOLTA, LA MEMÒRIA I LA VEU</strong><strong></strong></p>
<p>Dins les fronteres de la Geografia Fantàstica hi ha una comarca fèrtil anomenada Oralitat, una terra entre la realitat i la imaginació. Terra de fruits abundants, la componen dos elements: Realitat i Imaginació. Tres velletes tan arrugadetes que el nassos els toquen a les barbetes anomenades Oïda, Veu i Memòria en són les amfitriones. Viatgen constantment d’un cap a l’altre d’aquesta comarca fèrtil i ho fan cavalcant tres cavalls més ràpids que el pensament, mentre transporten imatges, sentiments, móns imaginaris en format verbal.</p>
<p>Gràcies a elles tres ens permetrem el luxe de parlar de l’oralitat mitjançant la metàfora, aquesta figura literària que serveix per il·lustrar les temes o qüestions que, sense el seu ajut, serien difícilment explicables.<br />
<em>Dia: Divendres 22<br />
Hora: 19:00hrs<br />
Lloc: </em><a href="http://w3.bcn.es/XMLServeis/XMLHomeLinkPl/0,4022,650920084_709536676_1,00.html" target="_blank">BIBLIOTECA VILA DE GRÀCIA</a><a href="http://www.centreshg.net/taxonera" target="_blank"><br />
</a><a href="http://w20.bcn.cat/Guiamap/Default.aspx#x=29729.58&amp;y=83871.468&amp;z=5&amp;c=K014K015K001K002K003K011K013K006&amp;w=1057&amp;h=442&amp;p=29729.58,83871.468" target="_blank">¿Cómo llegar?</a></p>
<p><span style="color: #ffffff;">.</span></p>
<p><a href="/2010/wp-content/uploads/2010/09/roser.jpg"><img decoding="async" loading="lazy" class="size-medium wp-image-1589 alignleft" title="roser" src="/2010/wp-content/uploads/2010/09/roser-300x200.jpg" alt="" width="300" height="200" srcset="https://muntdemots.org/2010/wp-content/uploads/2010/09/roser-300x200.jpg 300w, https://muntdemots.org/2010/wp-content/uploads/2010/09/roser.jpg 1024w" sizes="(max-width: 300px) 100vw, 300px" /></a></p>

<p>Narradora oral, escriptora i doctora en pedagogia per la Universitat de Barcelona amb la tesi Les rondalles d&#8217;animals: el cas del cicle de la guineu i el llop. És fundadora d&#8217;ANIN (Associació de Narradores i Narradors) i de la seva revista N, i presidenta de Tantàgora, fundadora i directora de la revista Tantàgora, dedicada al [&hellip;]</p>
